{"id":1686,"date":"2023-06-21T15:04:29","date_gmt":"2023-06-21T12:04:29","guid":{"rendered":"https:\/\/blog.edu.turku.fi\/monikulttuurinenopetus\/?page_id=1686"},"modified":"2023-12-01T11:48:01","modified_gmt":"2023-12-01T09:48:01","slug":"kun-oppilas-siirtyy-perusopetukseen-myohaisessa-vaiheessa-lukuvuotta","status":"publish","type":"page","link":"https:\/\/blog.edu.turku.fi\/monikulttuurinenopetus\/kun-oppilas-siirtyy-perusopetukseen-myohaisessa-vaiheessa-lukuvuotta\/","title":{"rendered":"Kun oppilas siirtyy perusopetukseen my\u00f6h\u00e4isess\u00e4 vaiheessa lukukautta tai -vuotta"},"content":{"rendered":"<p><a href=\"https:\/\/blog.edu.turku.fi\/monikulttuurinenopetus\/files\/2023\/12\/Kun-oppilas-siirtyy-valmistavasta-opetuksesta-myohaisessa-vaiheessa-lukukautta-tai-lukuvuotta-arviointi.pdf\">Kun oppilas siirtyy valmistavasta opetuksesta my\u00f6h\u00e4isess\u00e4 vaiheessa lukukautta tai lukuvuotta &#8211; arviointi<\/a><\/p>\n<p><a href=\"https:\/\/blog.edu.turku.fi\/monikulttuurinenopetus\/files\/2023\/12\/Liite_myohaisessa-vaiheessa-lukukautta-tai-lukuvuotta.docx\">Liite_my\u00f6h\u00e4isess\u00e4 vaiheessa lukukautta tai lukuvuotta<\/a><\/p>\n","protected":false},"excerpt":{"rendered":"<p>Kun oppilas siirtyy valmistavasta opetuksesta my\u00f6h\u00e4isess\u00e4 vaiheessa lukukautta tai lukuvuotta &#8211; arviointi Liite_my\u00f6h\u00e4isess\u00e4 vaiheessa lukukautta tai lukuvuotta<\/p>\n","protected":false},"author":3328,"featured_media":0,"parent":0,"menu_order":0,"comment_status":"closed","ping_status":"closed","template":"","meta":{"footnotes":""},"class_list":["post-1686","page","type-page","status-publish","hentry"],"_links":{"self":[{"href":"https:\/\/blog.edu.turku.fi\/monikulttuurinenopetus\/wp-json\/wp\/v2\/pages\/1686","targetHints":{"allow":["GET"]}}],"collection":[{"href":"https:\/\/blog.edu.turku.fi\/monikulttuurinenopetus\/wp-json\/wp\/v2\/pages"}],"about":[{"href":"https:\/\/blog.edu.turku.fi\/monikulttuurinenopetus\/wp-json\/wp\/v2\/types\/page"}],"author":[{"embeddable":true,"href":"https:\/\/blog.edu.turku.fi\/monikulttuurinenopetus\/wp-json\/wp\/v2\/users\/3328"}],"replies":[{"embeddable":true,"href":"https:\/\/blog.edu.turku.fi\/monikulttuurinenopetus\/wp-json\/wp\/v2\/comments?post=1686"}],"version-history":[{"count":3,"href":"https:\/\/blog.edu.turku.fi\/monikulttuurinenopetus\/wp-json\/wp\/v2\/pages\/1686\/revisions"}],"predecessor-version":[{"id":2011,"href":"https:\/\/blog.edu.turku.fi\/monikulttuurinenopetus\/wp-json\/wp\/v2\/pages\/1686\/revisions\/2011"}],"wp:attachment":[{"href":"https:\/\/blog.edu.turku.fi\/monikulttuurinenopetus\/wp-json\/wp\/v2\/media?parent=1686"}],"curies":[{"name":"wp","href":"https:\/\/api.w.org\/{rel}","templated":true}]}}