{"id":1647,"date":"2023-06-21T13:36:39","date_gmt":"2023-06-21T10:36:39","guid":{"rendered":"https:\/\/blog.edu.turku.fi\/monikulttuurinenopetus\/?page_id=1647"},"modified":"2023-11-14T15:39:29","modified_gmt":"2023-11-14T13:39:29","slug":"alakoulusta-ylakouluun","status":"publish","type":"page","link":"https:\/\/blog.edu.turku.fi\/monikulttuurinenopetus\/alakoulusta-ylakouluun\/","title":{"rendered":"Alakoulusta yl\u00e4kouluun"},"content":{"rendered":"<p><a href=\"https:\/\/blog.edu.turku.fi\/monikulttuurinenopetus\/files\/2023\/11\/Monikielinen-oppilas-6.-7.luokan-nivelessa.pdf\">Monikielinen oppilas 6. &#8211; 7.luokan niveless\u00e4<\/a><\/p>\n<p>Ohjeessa kuvataan, mit\u00e4 asioita alakoulusta yl\u00e4kouluun siirrytt\u00e4ess\u00e4 on hyv\u00e4 huomioida suomen kielen oppim\u00e4\u00e4r\u00e4\u00e4n, tuen tasoon ja huoltajayhteisty\u00f6h\u00f6n liittyen.<\/p>\n","protected":false},"excerpt":{"rendered":"<p>Monikielinen oppilas 6. &#8211; 7.luokan niveless\u00e4 Ohjeessa kuvataan, mit\u00e4 asioita alakoulusta yl\u00e4kouluun siirrytt\u00e4ess\u00e4 on hyv\u00e4 huomioida suomen kielen oppim\u00e4\u00e4r\u00e4\u00e4n, tuen tasoon ja huoltajayhteisty\u00f6h\u00f6n liittyen.<\/p>\n","protected":false},"author":1827,"featured_media":0,"parent":0,"menu_order":0,"comment_status":"closed","ping_status":"closed","template":"","meta":{"footnotes":""},"class_list":["post-1647","page","type-page","status-publish","hentry"],"_links":{"self":[{"href":"https:\/\/blog.edu.turku.fi\/monikulttuurinenopetus\/wp-json\/wp\/v2\/pages\/1647","targetHints":{"allow":["GET"]}}],"collection":[{"href":"https:\/\/blog.edu.turku.fi\/monikulttuurinenopetus\/wp-json\/wp\/v2\/pages"}],"about":[{"href":"https:\/\/blog.edu.turku.fi\/monikulttuurinenopetus\/wp-json\/wp\/v2\/types\/page"}],"author":[{"embeddable":true,"href":"https:\/\/blog.edu.turku.fi\/monikulttuurinenopetus\/wp-json\/wp\/v2\/users\/1827"}],"replies":[{"embeddable":true,"href":"https:\/\/blog.edu.turku.fi\/monikulttuurinenopetus\/wp-json\/wp\/v2\/comments?post=1647"}],"version-history":[{"count":5,"href":"https:\/\/blog.edu.turku.fi\/monikulttuurinenopetus\/wp-json\/wp\/v2\/pages\/1647\/revisions"}],"predecessor-version":[{"id":1970,"href":"https:\/\/blog.edu.turku.fi\/monikulttuurinenopetus\/wp-json\/wp\/v2\/pages\/1647\/revisions\/1970"}],"wp:attachment":[{"href":"https:\/\/blog.edu.turku.fi\/monikulttuurinenopetus\/wp-json\/wp\/v2\/media?parent=1647"}],"curies":[{"name":"wp","href":"https:\/\/api.w.org\/{rel}","templated":true}]}}