{"id":1520,"date":"2023-05-03T12:56:01","date_gmt":"2023-05-03T09:56:01","guid":{"rendered":"https:\/\/blog.edu.turku.fi\/monikulttuurinenopetus\/?page_id=1520"},"modified":"2023-09-27T13:17:12","modified_gmt":"2023-09-27T10:17:12","slug":"nivelvaiheet","status":"publish","type":"page","link":"https:\/\/blog.edu.turku.fi\/monikulttuurinenopetus\/ohjet-ja-linjaukset\/nivelvaiheet\/","title":{"rendered":"Nivelvaiheet"},"content":{"rendered":"<p><a href=\"https:\/\/blog.edu.turku.fi\/monikulttuurinenopetus\/files\/2023\/06\/VALMOsta-siirtyminen-perusopetukseen.pdf\">VALMOsta siirtyminen perusopetukseen<\/a><\/p>\n<p><a href=\"https:\/\/blog.edu.turku.fi\/monikulttuurinenopetus\/files\/2023\/06\/Kun-opetusryhmaani-tulee-monikielinen-oppilas.pdf\">Kun opetusryhm\u00e4\u00e4ni tulee monikielinen oppilas<\/a><\/p>\n<p><a href=\"https:\/\/blog.edu.turku.fi\/monikulttuurinenopetus\/files\/2020\/08\/Flerspr\u00e5kig-elev-i-undervisningsgruppen.pdf\">Flerspr\u00e5kig elev i undervisningsgruppen<\/a><\/p>\n<p><a href=\"https:\/\/blog.edu.turku.fi\/monikulttuurinenopetus\/files\/2023\/06\/Aikuisten-perusopetukseen-jatkava-oppilas.docx\">Aikuisten perusopetukseen jatkava oppilas<\/a><\/p>\n<p>&nbsp;<\/p>\n<p>&nbsp;<\/p>\n<p>&nbsp;<\/p>\n","protected":false},"excerpt":{"rendered":"<p>VALMOsta siirtyminen perusopetukseen Kun opetusryhm\u00e4\u00e4ni tulee monikielinen oppilas Flerspr\u00e5kig elev i undervisningsgruppen Aikuisten perusopetukseen jatkava oppilas &nbsp; &nbsp; &nbsp;<\/p>\n","protected":false},"author":3328,"featured_media":0,"parent":1507,"menu_order":0,"comment_status":"closed","ping_status":"closed","template":"","meta":{"footnotes":""},"class_list":["post-1520","page","type-page","status-publish","hentry"],"_links":{"self":[{"href":"https:\/\/blog.edu.turku.fi\/monikulttuurinenopetus\/wp-json\/wp\/v2\/pages\/1520","targetHints":{"allow":["GET"]}}],"collection":[{"href":"https:\/\/blog.edu.turku.fi\/monikulttuurinenopetus\/wp-json\/wp\/v2\/pages"}],"about":[{"href":"https:\/\/blog.edu.turku.fi\/monikulttuurinenopetus\/wp-json\/wp\/v2\/types\/page"}],"author":[{"embeddable":true,"href":"https:\/\/blog.edu.turku.fi\/monikulttuurinenopetus\/wp-json\/wp\/v2\/users\/3328"}],"replies":[{"embeddable":true,"href":"https:\/\/blog.edu.turku.fi\/monikulttuurinenopetus\/wp-json\/wp\/v2\/comments?post=1520"}],"version-history":[{"count":5,"href":"https:\/\/blog.edu.turku.fi\/monikulttuurinenopetus\/wp-json\/wp\/v2\/pages\/1520\/revisions"}],"predecessor-version":[{"id":1946,"href":"https:\/\/blog.edu.turku.fi\/monikulttuurinenopetus\/wp-json\/wp\/v2\/pages\/1520\/revisions\/1946"}],"up":[{"embeddable":true,"href":"https:\/\/blog.edu.turku.fi\/monikulttuurinenopetus\/wp-json\/wp\/v2\/pages\/1507"}],"wp:attachment":[{"href":"https:\/\/blog.edu.turku.fi\/monikulttuurinenopetus\/wp-json\/wp\/v2\/media?parent=1520"}],"curies":[{"name":"wp","href":"https:\/\/api.w.org\/{rel}","templated":true}]}}