{"id":150,"date":"2016-06-09T15:33:09","date_gmt":"2016-06-09T12:33:09","guid":{"rendered":"https:\/\/blog.edu.turku.fi\/monikulttuurinenopetus\/?page_id=150"},"modified":"2023-06-21T15:25:26","modified_gmt":"2023-06-21T12:25:26","slug":"linkkeja-3","status":"publish","type":"page","link":"https:\/\/blog.edu.turku.fi\/monikulttuurinenopetus\/linkkeja-3\/","title":{"rendered":"Linkkej\u00e4"},"content":{"rendered":"<p align=\"left\">Linkit l\u00f6ytyv\u00e4t Ajankohtaista- sivulta kohdasta &#8221;kaikille tarkoitut linkit&#8221;. T\u00e4ss\u00e4 my\u00f6s muutama hy\u00f6dyllinen vinkki:<\/p>\n<p><a href=\"http:\/\/sanapaja.edu.fi\/\" target=\"_blank\" rel=\"noopener\"><u>Sanapaja<\/u><\/a> on palvelu, joka tukee opiskelua suomen kielell\u00e4. Sanapajaan ker\u00e4t\u00e4\u00e4n valikoidusti eri oppiaineissa esiintyvi\u00e4 vaikeita sanoja ja k\u00e4sitteit\u00e4, jotka on selitetty ja osin my\u00f6s havainnollistettu. Sanoista on saatavilla k\u00e4\u00e4nn\u00f6ksi\u00e4 usealla eri kielell\u00e4 ja valikoima t\u00e4ydentyy koko ajan. Huom! Sanapajan ohjevideo l\u00f6ytyy apinan kravatin kysymysmerkist\u00e4.<\/p>\n<p><a href=\"http:\/\/www.suomenvuosisata.fi\">Monikielinen video suomalaisen yhteiskunnan kehityksest\u00e4<\/a>:\u00a0Hyvinvointia rakentamassa: Suomen ja Virtasten vuosisata-niminen monikielinen opetusvideo valaisee suomalaisen yhteiskunnan kehittymist\u00e4 ja avaa sen taustoja. Sen on tarkoitus auttaa maahanmuuttajaa hahmottamaan joitakin kriittisi\u00e4 menestystekij\u00f6it\u00e4, jotka ovat vaikuttaneet Suomen kehittymiseen perifeerisest\u00e4 ja k\u00f6yh\u00e4st\u00e4 agraaritaloudesta nykyiseksi moderniksi hyvinvointivaltioksi. Videossa kerrotaan Suomen historian keskeisimmist\u00e4 vaiheista 1900-luvun alusta nykyp\u00e4iv\u00e4\u00e4n. Lis\u00e4ksi siin\u00e4 kuvataan muun muassa seuraavien asioiden kehittyminen Suomessa: yleinen oppivelvollisuus ja peruskoulu, yleinen \u00e4\u00e4nioikeus, sukupuolten tasa-arvo sek\u00e4 \u00e4itien ja lasten terveydenhoito. Aihepiiri\u00e4 l\u00e4hestyt\u00e4\u00e4n kuvitteellisen Virtasen suvun kautta. <strong>Video on toteutettu selkosuomeksi sek\u00e4 englanniksi, ven\u00e4j\u00e4ksi, thaiksi, arabiaksi, somaliksi, soraniksi ja farsiksi puhuttuna.\u00a0<\/strong><\/p>\n<p>Videon on tuottanut Uudenmaan ELY-keskuksen Kotona Suomessa-hanke (ESR) ja sen on toteuttanut Wacky Tie Films Oy. Se on osa Suomen satavuotisjuhlavuoden ohjelmaa.<\/p>\n<p>&nbsp;<\/p>\n<p>&nbsp;<\/p>\n<p>&nbsp;<\/p>\n<p><span style=\"color: #212121;font-family: 'Calibri',sans-serif;font-size: 11pt\"><em><span style=\"font-family: 'Calibri',sans-serif;font-style: normal\">\u00a0<\/span><\/em><\/span><\/p>\n","protected":false},"excerpt":{"rendered":"<p>Linkit l\u00f6ytyv\u00e4t Ajankohtaista- sivulta kohdasta &#8221;kaikille tarkoitut linkit&#8221;. T\u00e4ss\u00e4 my\u00f6s muutama hy\u00f6dyllinen vinkki: Sanapaja on palvelu, joka tukee opiskelua suomen kielell\u00e4. Sanapajaan ker\u00e4t\u00e4\u00e4n valikoidusti eri oppiaineissa esiintyvi\u00e4 vaikeita sanoja ja k\u00e4sitteit\u00e4, jotka on selitetty ja osin my\u00f6s havainnollistettu. Sanoista on saatavilla k\u00e4\u00e4nn\u00f6ksi\u00e4 usealla eri kielell\u00e4 ja valikoima t\u00e4ydentyy koko ajan. Huom! Sanapajan ohjevideo l\u00f6ytyy apinan &hellip; <a href=\"https:\/\/blog.edu.turku.fi\/monikulttuurinenopetus\/linkkeja-3\/\" class=\"more-link\">Jatka lukemista<span class=\"screen-reader-text\"> &#8221;Linkkej\u00e4&#8221;<\/span><\/a><\/p>\n","protected":false},"author":1827,"featured_media":0,"parent":0,"menu_order":0,"comment_status":"closed","ping_status":"closed","template":"","meta":{"footnotes":""},"class_list":["post-150","page","type-page","status-publish","hentry"],"_links":{"self":[{"href":"https:\/\/blog.edu.turku.fi\/monikulttuurinenopetus\/wp-json\/wp\/v2\/pages\/150","targetHints":{"allow":["GET"]}}],"collection":[{"href":"https:\/\/blog.edu.turku.fi\/monikulttuurinenopetus\/wp-json\/wp\/v2\/pages"}],"about":[{"href":"https:\/\/blog.edu.turku.fi\/monikulttuurinenopetus\/wp-json\/wp\/v2\/types\/page"}],"author":[{"embeddable":true,"href":"https:\/\/blog.edu.turku.fi\/monikulttuurinenopetus\/wp-json\/wp\/v2\/users\/1827"}],"replies":[{"embeddable":true,"href":"https:\/\/blog.edu.turku.fi\/monikulttuurinenopetus\/wp-json\/wp\/v2\/comments?post=150"}],"version-history":[{"count":23,"href":"https:\/\/blog.edu.turku.fi\/monikulttuurinenopetus\/wp-json\/wp\/v2\/pages\/150\/revisions"}],"predecessor-version":[{"id":1699,"href":"https:\/\/blog.edu.turku.fi\/monikulttuurinenopetus\/wp-json\/wp\/v2\/pages\/150\/revisions\/1699"}],"wp:attachment":[{"href":"https:\/\/blog.edu.turku.fi\/monikulttuurinenopetus\/wp-json\/wp\/v2\/media?parent=150"}],"curies":[{"name":"wp","href":"https:\/\/api.w.org\/{rel}","templated":true}]}}