{"id":1261,"date":"2021-04-07T10:20:21","date_gmt":"2021-04-07T07:20:21","guid":{"rendered":"https:\/\/blog.edu.turku.fi\/monikulttuurinenopetus\/?page_id=1261"},"modified":"2023-06-22T12:02:45","modified_gmt":"2023-06-22T09:02:45","slug":"taidehaaste","status":"publish","type":"page","link":"https:\/\/blog.edu.turku.fi\/monikulttuurinenopetus\/taidehaaste\/","title":{"rendered":"Erilaisia kulttuureja taiteen keinoin"},"content":{"rendered":"<h3><span style=\"font-family: Calibri\">Saksan oman \u00e4idinkielen eli MAI-opetuksen yl\u00e4koululaiset haastoivat opettajansa Alexandra Virtasen johdolla kaikki muut MAI-ryhm\u00e4t ja opettajat tekem\u00e4\u00e4n taidetta et\u00e4koulun aikana kev\u00e4\u00e4ll\u00e4 2021. Haasteen tarkoituksena oli el\u00e4v\u00f6itt\u00e4\u00e4 et\u00e4opetusta ja tutustua erilaisiin kulttuureihin.<\/span><i><\/i><\/h3>\n<p>Haasteeseen osallistuneet oppilaat vierailivat jossain (oman maansa) virtuaali-museossa. He valitsivat itse\u00e4\u00e4n miellytt\u00e4v\u00e4n taideteoksen ja taiteilivat siit\u00e4 oman versionsa. Haasteeseen osallistui englannin, espanjan, portugalin, saksan ja ven\u00e4j\u00e4n MAI-ryhmien oppilaita. Kiitos kaikille upeista t\u00f6ist\u00e4nne!<\/p>\n<p>Kaikki ty\u00f6t l\u00f6ytyv\u00e4t t\u00e4st\u00e4 linkist\u00e4: <a href=\"https:\/\/blog.edu.turku.fi\/monikulttuurinenopetus\/files\/2021\/05\/MAI-OPPILAIDEN-TAIDEHAASTE-KEVAT-2021-1.pdf\">MAI-OPPILAIDEN TAIDEHAASTE, KEV\u00c4T 2021<\/a><\/p>\n<p>&nbsp;<\/p>\n","protected":false},"excerpt":{"rendered":"<p>Saksan oman \u00e4idinkielen eli MAI-opetuksen yl\u00e4koululaiset haastoivat opettajansa Alexandra Virtasen johdolla kaikki muut MAI-ryhm\u00e4t ja opettajat tekem\u00e4\u00e4n taidetta et\u00e4koulun aikana kev\u00e4\u00e4ll\u00e4 2021. Haasteen tarkoituksena oli el\u00e4v\u00f6itt\u00e4\u00e4 et\u00e4opetusta ja tutustua erilaisiin kulttuureihin. Haasteeseen osallistuneet oppilaat vierailivat jossain (oman maansa) virtuaali-museossa. He valitsivat itse\u00e4\u00e4n miellytt\u00e4v\u00e4n taideteoksen ja taiteilivat siit\u00e4 oman versionsa. Haasteeseen osallistui englannin, espanjan, portugalin, saksan &hellip; <a href=\"https:\/\/blog.edu.turku.fi\/monikulttuurinenopetus\/taidehaaste\/\" class=\"more-link\">Jatka lukemista<span class=\"screen-reader-text\"> &#8221;Erilaisia kulttuureja taiteen keinoin&#8221;<\/span><\/a><\/p>\n","protected":false},"author":1827,"featured_media":0,"parent":0,"menu_order":0,"comment_status":"closed","ping_status":"closed","template":"","meta":{"footnotes":""},"class_list":["post-1261","page","type-page","status-publish","hentry"],"_links":{"self":[{"href":"https:\/\/blog.edu.turku.fi\/monikulttuurinenopetus\/wp-json\/wp\/v2\/pages\/1261","targetHints":{"allow":["GET"]}}],"collection":[{"href":"https:\/\/blog.edu.turku.fi\/monikulttuurinenopetus\/wp-json\/wp\/v2\/pages"}],"about":[{"href":"https:\/\/blog.edu.turku.fi\/monikulttuurinenopetus\/wp-json\/wp\/v2\/types\/page"}],"author":[{"embeddable":true,"href":"https:\/\/blog.edu.turku.fi\/monikulttuurinenopetus\/wp-json\/wp\/v2\/users\/1827"}],"replies":[{"embeddable":true,"href":"https:\/\/blog.edu.turku.fi\/monikulttuurinenopetus\/wp-json\/wp\/v2\/comments?post=1261"}],"version-history":[{"count":11,"href":"https:\/\/blog.edu.turku.fi\/monikulttuurinenopetus\/wp-json\/wp\/v2\/pages\/1261\/revisions"}],"predecessor-version":[{"id":1818,"href":"https:\/\/blog.edu.turku.fi\/monikulttuurinenopetus\/wp-json\/wp\/v2\/pages\/1261\/revisions\/1818"}],"wp:attachment":[{"href":"https:\/\/blog.edu.turku.fi\/monikulttuurinenopetus\/wp-json\/wp\/v2\/media?parent=1261"}],"curies":[{"name":"wp","href":"https:\/\/api.w.org\/{rel}","templated":true}]}}