{"id":3456,"date":"2013-01-20T11:12:40","date_gmt":"2013-01-20T09:12:40","guid":{"rendered":"https:\/\/blog.edu.turku.fi\/molla\/?page_id=3456"},"modified":"2018-12-20T11:14:17","modified_gmt":"2018-12-20T09:14:17","slug":"esittelyvideon-tekeminen-uusille-eskarilaisille-pernontien-paivakoti","status":"publish","type":"page","link":"https:\/\/blog.edu.turku.fi\/molla\/opetus\/pc-ja-kosketustaulu\/esittelyvideon-tekeminen-uusille-eskarilaisille-pernontien-paivakoti\/","title":{"rendered":"Esittelyvideon tekeminen uusille eskarilaisille (Pernontien p\u00e4iv\u00e4koti)"},"content":{"rendered":"<h3>Esittelyvideo uusille eskareille<\/h3>\n<p>Vanhat Majavat tekiv\u00e4t kes\u00e4kuussa uusille eskareille esittelyvideon! Videolle he kuvasivat t\u00e4rkeimpi\u00e4 paikkoja ja kertoivat niist\u00e4. Pojat kuvasivat sis\u00e4tiloissa ja tyt\u00f6t ulkona. Video on kokonaan lasten suunnittelema ja toteuttama. =)<\/p>\n<p>https:\/\/www.youtube.com\/watch?v=fA7n7v_WwbE&#038;feature=player_embedded<\/p>\n<pre>Tekij\u00e4t: Aleksi, Daniel, Lucas, Matias, Matilda, Rasmus, Rianna ja Sharmin\r\n\r\nValokuvat\/ videokuva: ryhm\u00e4n oma digikamera\r\n\r\nEditointi: Windows Liven elokuvaty\u00f6kalu\r\n\r\n\u00c4\u00e4net: Audacity-ohjelma<\/pre>\n","protected":false},"excerpt":{"rendered":"<p>Esittelyvideo uusille eskareille Vanhat Majavat tekiv\u00e4t kes\u00e4kuussa uusille eskareille esittelyvideon! Videolle he kuvasivat t\u00e4rkeimpi\u00e4 paikkoja ja kertoivat niist\u00e4. Pojat kuvasivat sis\u00e4tiloissa ja tyt\u00f6t ulkona. Video on kokonaan lasten suunnittelema ja toteuttama. =) https:\/\/www.youtube.com\/watch?v=fA7n7v_WwbE&#038;feature=player_embedded Tekij\u00e4t: Aleksi, Daniel, Lucas, Matias, Matilda, Rasmus, Rianna ja Sharmin Valokuvat\/ videokuva: ryhm\u00e4n oma digikamera Editointi: Windows Liven elokuvaty\u00f6kalu \u00c4\u00e4net: Audacity-ohjelma<\/p>\n","protected":false},"author":2568,"featured_media":0,"parent":1171,"menu_order":0,"comment_status":"closed","ping_status":"closed","template":"","meta":{"ngg_post_thumbnail":0,"footnotes":""},"class_list":["post-3456","page","type-page","status-publish","hentry"],"_links":{"self":[{"href":"https:\/\/blog.edu.turku.fi\/molla\/wp-json\/wp\/v2\/pages\/3456","targetHints":{"allow":["GET"]}}],"collection":[{"href":"https:\/\/blog.edu.turku.fi\/molla\/wp-json\/wp\/v2\/pages"}],"about":[{"href":"https:\/\/blog.edu.turku.fi\/molla\/wp-json\/wp\/v2\/types\/page"}],"author":[{"embeddable":true,"href":"https:\/\/blog.edu.turku.fi\/molla\/wp-json\/wp\/v2\/users\/2568"}],"replies":[{"embeddable":true,"href":"https:\/\/blog.edu.turku.fi\/molla\/wp-json\/wp\/v2\/comments?post=3456"}],"version-history":[{"count":1,"href":"https:\/\/blog.edu.turku.fi\/molla\/wp-json\/wp\/v2\/pages\/3456\/revisions"}],"predecessor-version":[{"id":3458,"href":"https:\/\/blog.edu.turku.fi\/molla\/wp-json\/wp\/v2\/pages\/3456\/revisions\/3458"}],"up":[{"embeddable":true,"href":"https:\/\/blog.edu.turku.fi\/molla\/wp-json\/wp\/v2\/pages\/1171"}],"wp:attachment":[{"href":"https:\/\/blog.edu.turku.fi\/molla\/wp-json\/wp\/v2\/media?parent=3456"}],"curies":[{"name":"wp","href":"https:\/\/api.w.org\/{rel}","templated":true}]}}