{"id":1597,"date":"2014-02-27T17:03:19","date_gmt":"2014-02-27T15:03:19","guid":{"rendered":"https:\/\/blog.edu.turku.fi\/molla\/?page_id=1597"},"modified":"2018-12-18T15:43:30","modified_gmt":"2018-12-18T13:43:30","slug":"molla-julkaisut","status":"publish","type":"page","link":"https:\/\/blog.edu.turku.fi\/molla\/media\/molla-julkaisut\/","title":{"rendered":"Molla-julkaisut"},"content":{"rendered":"<p>Pro gradu -tutkimus, S. Lehtom\u00e4ki:&nbsp;<a href=\"https:\/\/blog.edu.turku.fi\/molla\/files\/2014\/02\/Pro_gradu_lehtomaki.pdf\" target=\"_blank\" rel=\"noopener\">Opettajien kokemuksia tieto- ja viestint\u00e4tekniikan opetusk\u00e4yt\u00f6st\u00e4 esiopetuksen sis\u00e4lt\u00f6alueilla<\/a> (pdf)<\/p>\n<p><a href=\"http:\/\/issuu.com\/sailav\/docs\/tuokiovinkkej___esiopetukseen\" target=\"_blank\" rel=\"noopener\">Tuokiovinkkej\u00e4 esiopetukseen<\/a> -verkkojulkaisu. Voit my\u00f6s ladata julkaisun pdf-tiedostona t\u00e4st\u00e4:&nbsp;<a href=\"https:\/\/blog.edu.turku.fi\/molla\/files\/2014\/02\/Tuokiovinkkej\u00e4-esiopetukseen_pienennetty.pdf\">Tuokiovinkkej\u00e4 esiopetukseen<\/a><\/p>\n<p>MOLLA &#8211; varhaiskasvatuksen verkkotaidot ja -menetelm\u00e4t -hankkeessa on toteutettu kaksi verkkojulkaisua esiopetuksen tvt-oppimisymp\u00e4rist\u00f6ist\u00e4:<\/p>\n<p><a href=\"http:\/\/issuu.com\/sailav\/docs\/ope_must_on_tullu_rohkee_eskarilain\/1\" target=\"_blank\" rel=\"noopener\">\u201dOpe must on tullu rohkee eskarilaine!\u201d &#8211; esiopettajan kokemuksia TVT- oppimisymp\u00e4rist\u00f6n vaikutuksista<\/a><\/p>\n<p><a href=\"http:\/\/issuu.com\/sailav\/docs\/ope_must_on_tullu_rohkee_eskarilain\/1\" target=\"_blank\" rel=\"noopener\"><img loading=\"lazy\" decoding=\"async\" src=\"https:\/\/blog.edu.turku.fi\/molla\/files\/2012\/09\/issuu1.png\" alt=\"issuu1\" width=\"319\" height=\"309\"><\/a><\/p>\n<p><a href=\"http:\/\/issuu.com\/sailav\/docs\/opettajan_nakokulma_esiopetuksen_me\/1\" target=\"_blank\" rel=\"noopener\">Opettajan n\u00e4k\u00f6kulma esiopetuksen ja varhaiskasvatuksen mediakasvatuksesta &#8211; Sinin tarina Molla-hankkeen pilottiopettajana 2011- 2013<\/a><\/p>\n<p><a href=\"http:\/\/issuu.com\/sailav\/docs\/opettajan_nakokulma_esiopetuksen_me\/1\" target=\"_blank\" rel=\"noopener\"><img loading=\"lazy\" decoding=\"async\" src=\"https:\/\/blog.edu.turku.fi\/molla\/files\/2012\/09\/issuu2.png\" alt=\"issuu2\" width=\"315\" height=\"307\"><\/a><\/p>\n<p><a title=\"Opettajan kokemuksia esiopetuksen TVT-oppimisymp\u00e4rist\u00f6n vaikutuksista\" href=\"https:\/\/blog.edu.turku.fi\/molla\/2013\/12\/20\/opettajan-kokemuksia-esiopetuksen-tvt-oppimisympariston-vaikutuksista\/\">&nbsp;<\/a><\/p>\n<p>Molla ABC \u2013 kirjain- ja numeropeli julkaistiin&nbsp;ITK&nbsp;-konferenssin yhteydess\u00e4 H\u00e4meenlinnassa torstaina 11.4.2013.<\/p>\n<p><a href=\"https:\/\/blog.edu.turku.fi\/molla\/2013\/04\/11\/molla-abc\/2-2\/\" rel=\"attachment wp-att-1064\"><img loading=\"lazy\" decoding=\"async\" src=\"https:\/\/blog.edu.turku.fi\/molla\/files\/2013\/04\/2-300x225.jpg\" alt=\"2\" width=\"300\" height=\"225\"><\/a><\/p>\n<p>Esiopetusik\u00e4isille suunnatussa maksuttomassa, suomenkielisess\u00e4 oppimispeliss\u00e4 harjoitellaan&nbsp;tekstauskirjainten ja numeroiden piirt\u00e4mist\u00e4 \u201dpuuhun kaivertamalla\u201d:<\/p>\n<p><em>&#8211; pienet ja isot kirjaimet A-\u00d6 ja numerot 0-9<br \/>\n<\/em><em>&#8211; peli ohjeistaa merkkien oikeaoppisen piirtosuunnan<br \/>\n<\/em><em>&#8211; peli tukee oppijan k\u00e4sialan kehittymist\u00e4<br \/>\n<\/em><em>&#8211; opetustilanteessa k\u00e4yt\u00e4nn\u00f6llinen: harjoiteltavat merkit ja toistojen m\u00e4\u00e4r\u00e4 ovat pelaajan helposti valittavissa<\/em><\/p>\n<p>Peli\u00e4 voi pelata tablet-laitteilla (Windows, Android, iOS), kosketustaululla tai vaikka tietokoneella piirtoalustan kanssa. Pelin voi ladata laitteelle tai pelata suoraan selaimessa.<\/p>\n<p>Peli on toteutettu Molla-hankkeen Turun haarassa yhteisty\u00f6ss\u00e4&nbsp;NordicEdun&nbsp;kanssa.<\/p>\n<p>Lis\u00e4tietoja ja latauslinkit eri alustoille:&nbsp;<a href=\"http:\/\/nordicedu.com\/molla\/\">http:\/\/nordicedu.com\/molla\/<\/a>&nbsp;. Voit hakea pelin maksuttomasti my\u00f6s suoraan Windows- ja Google Play -kaupoista ja AppStoresta!<br \/>\nOpettajien toimintaraportteja:<\/p>\n<p><a href=\"https:\/\/blog.edu.turku.fi\/molla\/files\/2012\/09\/Molla-opettajien-yhteenvetoraportti_2013.pdf\">Kooste Molla-opettajien toimintaraporteista I-hankkeen loppuvaiheessa (kes\u00e4\/alkusyksy 2013)<\/a><\/p>\n<p><a href=\"https:\/\/blog.edu.turku.fi\/molla\/files\/2012\/09\/Esiopettajien-ja-lastenhoitajien-kokemuksia-kev\u00e4\u00e4lt\u00e4-2012.pdf\">Kooste esiopettajien ja lastenhoitajien kokemuksista I-hankkeen alkuvaiheessa (kev\u00e4t 2012)<\/a><br \/>\nLue lis\u00e4\u00e4:<\/p>\n<p><a href=\"https:\/\/blog.edu.turku.fi\/molla\/2013\/10\/07\/eskarin-tietotekniikkaa-ja-kokemuksia-mollan-kirjainpelista\/\">Eskarin tietotekniikkaa ja kokemuksia Mollan kirjainpelist\u00e4<\/a><\/p>\n","protected":false},"excerpt":{"rendered":"<p>Pro gradu -tutkimus, S. Lehtom\u00e4ki:&nbsp;Opettajien kokemuksia tieto- ja viestint\u00e4tekniikan opetusk\u00e4yt\u00f6st\u00e4 esiopetuksen sis\u00e4lt\u00f6alueilla (pdf) Tuokiovinkkej\u00e4 esiopetukseen -verkkojulkaisu. Voit my\u00f6s ladata julkaisun pdf-tiedostona t\u00e4st\u00e4:&nbsp;Tuokiovinkkej\u00e4 esiopetukseen MOLLA &#8211; varhaiskasvatuksen verkkotaidot ja -menetelm\u00e4t -hankkeessa on toteutettu kaksi verkkojulkaisua esiopetuksen tvt-oppimisymp\u00e4rist\u00f6ist\u00e4: \u201dOpe must on tullu rohkee eskarilaine!\u201d &#8211; esiopettajan kokemuksia TVT- oppimisymp\u00e4rist\u00f6n vaikutuksista Opettajan n\u00e4k\u00f6kulma esiopetuksen ja varhaiskasvatuksen mediakasvatuksesta &#8211; &hellip; <a href=\"https:\/\/blog.edu.turku.fi\/molla\/media\/molla-julkaisut\/\" class=\"more-link\">Jatka lukemista <span class=\"screen-reader-text\">Molla-julkaisut<\/span> <span class=\"meta-nav\">&rarr;<\/span><\/a><\/p>\n","protected":false},"author":9,"featured_media":0,"parent":1586,"menu_order":3,"comment_status":"closed","ping_status":"closed","template":"","meta":{"ngg_post_thumbnail":0,"footnotes":""},"class_list":["post-1597","page","type-page","status-publish","hentry"],"_links":{"self":[{"href":"https:\/\/blog.edu.turku.fi\/molla\/wp-json\/wp\/v2\/pages\/1597","targetHints":{"allow":["GET"]}}],"collection":[{"href":"https:\/\/blog.edu.turku.fi\/molla\/wp-json\/wp\/v2\/pages"}],"about":[{"href":"https:\/\/blog.edu.turku.fi\/molla\/wp-json\/wp\/v2\/types\/page"}],"author":[{"embeddable":true,"href":"https:\/\/blog.edu.turku.fi\/molla\/wp-json\/wp\/v2\/users\/9"}],"replies":[{"embeddable":true,"href":"https:\/\/blog.edu.turku.fi\/molla\/wp-json\/wp\/v2\/comments?post=1597"}],"version-history":[{"count":24,"href":"https:\/\/blog.edu.turku.fi\/molla\/wp-json\/wp\/v2\/pages\/1597\/revisions"}],"predecessor-version":[{"id":3312,"href":"https:\/\/blog.edu.turku.fi\/molla\/wp-json\/wp\/v2\/pages\/1597\/revisions\/3312"}],"up":[{"embeddable":true,"href":"https:\/\/blog.edu.turku.fi\/molla\/wp-json\/wp\/v2\/pages\/1586"}],"wp:attachment":[{"href":"https:\/\/blog.edu.turku.fi\/molla\/wp-json\/wp\/v2\/media?parent=1597"}],"curies":[{"name":"wp","href":"https:\/\/api.w.org\/{rel}","templated":true}]}}