{"id":1171,"date":"2013-05-29T09:48:55","date_gmt":"2013-05-29T07:48:55","guid":{"rendered":"https:\/\/blog.edu.turku.fi\/molla\/?page_id=1171"},"modified":"2018-12-20T11:25:51","modified_gmt":"2018-12-20T09:25:51","slug":"pc-ja-kosketustaulu","status":"publish","type":"page","link":"https:\/\/blog.edu.turku.fi\/molla\/opetus\/pc-ja-kosketustaulu\/","title":{"rendered":"PC ja kosketustaulu"},"content":{"rendered":"<p><img loading=\"lazy\" decoding=\"async\" src=\"https:\/\/blog.edu.turku.fi\/molla\/files\/2013\/05\/pc-ja-kosketustaulu1.jpg\" alt=\"pc ja kosketustaulu\" width=\"547\" height=\"100\"><\/p>\n<p><a href=\"https:\/\/blog.edu.turku.fi\/molla\/?page_id=3318&amp;preview=true\" target=\"_blank\" rel=\"noopener\">Pisteharjoituksia ja hahmottamista kosketustaulun avulla<\/a>&nbsp;(Arkeologinkadun phy)<\/p>\n<p><a href=\"https:\/\/blog.edu.turku.fi\/molla\/?page_id=3321&amp;preview=true\" target=\"_blank\" rel=\"noopener\">Lasten oikeuksia videoklippien avulla<\/a> (Arkeologinkadun phy)<\/p>\n<p><a href=\"https:\/\/blog.edu.turku.fi\/molla\/2015\/04\/15\/uusia-pedagogisia-malleja-videoina\/\" target=\"_blank\" rel=\"noopener\">Viikon eskarilainen<\/a>&nbsp;-toimintamalli (Halisten phy)<\/p>\n<p><a href=\"https:\/\/blog.edu.turku.fi\/molla\/?page_id=3324&amp;preview=true\" target=\"_blank\" rel=\"noopener\">Numero- ja lukum\u00e4\u00e4r\u00e4vastaavuuksia <\/a>(Arkeologinkadun phy)<\/p>\n<p><a href=\"https:\/\/blog.edu.turku.fi\/molla\/?page_id=3327&amp;preview=true\" target=\"_blank\" rel=\"noopener\">Pitk\u00e4 ja lyhyt vokaali<\/a> (Arkeologinkadun phy)<\/p>\n<p><a href=\"https:\/\/blog.edu.turku.fi\/molla\/?page_id=3335&amp;preview=true\" target=\"_blank\" rel=\"noopener\">Joulukalenteri&nbsp;<\/a>&nbsp;(Arkeologinkadun phy)<\/p>\n<p><a href=\"https:\/\/blog.edu.turku.fi\/molla\/opetus\/pc-ja-kosketustaulu\/kokoerojen-tarkastelua-arkeologinkadun-phy\/\" target=\"_blank\" rel=\"noopener\">Kokoerojen tarkastelua<\/a> (Arkeologinkadun phy)<\/p>\n<p><a href=\"https:\/\/blog.edu.turku.fi\/molla\/?page_id=3342&amp;preview=true\" target=\"_blank\" rel=\"noopener\">Talviolympialaisiin tutustumista kosketustaululla ja tietokoneilla<\/a> (Pernontien p\u00e4iv\u00e4koti)<\/p>\n<p><a href=\"https:\/\/blog.edu.turku.fi\/molla\/?page_id=3349&amp;preview=true\" target=\"_blank\" rel=\"noopener\">Tutustumista keskiaikaiseen Turkuun<\/a> (Pernontien p\u00e4iv\u00e4koti)<\/p>\n<p><a href=\"https:\/\/blog.edu.turku.fi\/molla\/?page_id=3358&amp;preview=true\" target=\"_blank\" rel=\"noopener\">Lasten omat elokuvat<\/a>&nbsp;(Pernontien p\u00e4iv\u00e4koti)<\/p>\n<p><a href=\"https:\/\/blog.edu.turku.fi\/molla\/?page_id=3367&amp;preview=true\" target=\"_blank\" rel=\"noopener\">Peliviikko ja is\u00e4np\u00e4iv\u00e4-projekti<\/a> (Pernontien p\u00e4iv\u00e4koti)<\/p>\n<p><a href=\"https:\/\/blog.edu.turku.fi\/molla\/?page_id=3387&amp;preview=true\">Uittamon p\u00e4iv\u00e4kodin Lontoo-kirjeenvaihtaja skypett\u00e4\u00e4 t\u00e4rkeimm\u00e4t uutiset<\/a><\/p>\n<p><a href=\"https:\/\/blog.edu.turku.fi\/molla\/2013\/02\/15\/paivakotivierailuista-esimerkkeja-ja-ideoita-opetukseen\/\">P\u00e4iv\u00e4kotivierailuista esimerkkej\u00e4 ja ideoita opetukseen<\/a>&nbsp;(Turun 5 Molla-p\u00e4iv\u00e4kotia)<\/p>\n<p><a href=\"https:\/\/blog.edu.turku.fi\/molla\/2012\/12\/03\/etayhteyskokeilu-sai-innostuneen-vastaanoton\/\">Et\u00e4yhteyskokeilu sai innostuneen vastaanoton<\/a>&nbsp;(Uittamon ja Pernontien p\u00e4iv\u00e4kodit, Turku)<\/p>\n<p><a href=\"https:\/\/blog.edu.turku.fi\/molla\/2012\/07\/03\/eskarilaisten-elokuvaensi-ilta\/\">Eskarilaisten elokuvaensi-ilta<\/a>&nbsp; ja <a href=\"https:\/\/blog.edu.turku.fi\/molla\/?page_id=3393&amp;preview=true\">Elokuvaprojekti<\/a>&nbsp;(Pernontien p\u00e4iv\u00e4koti)<\/p>\n<p><a href=\"https:\/\/blog.edu.turku.fi\/molla\/?page_id=3402&amp;preview=true\" target=\"_blank\" rel=\"noopener\">Ryhm\u00e4n oma joulukalenteri kosketustaululla<\/a> (Pernontien p\u00e4iv\u00e4koti)<\/p>\n<p><a href=\"https:\/\/blog.edu.turku.fi\/molla\/?page_id=3411&amp;preview=true\" target=\"_blank\" rel=\"noopener\">Numeroiden tunnistamista, laskemista ja piirt\u00e4mist\u00e4<\/a> (Uittamon p\u00e4iv\u00e4koti)<\/p>\n<p><a href=\"https:\/\/blog.edu.turku.fi\/molla\/?page_id=3433&amp;preview=true\">Aamupiiri kosketustaulull<\/a><span style=\"text-decoration: underline\">a (kello, s\u00e4\u00e4, vuodenajat ja kuukaudet, p\u00e4iv\u00e4n ohjelma)<\/span>&nbsp;(Pernontien p\u00e4iv\u00e4koti)<\/p>\n<p><a href=\"https:\/\/blog.edu.turku.fi\/molla\/?page_id=3440&amp;preview=true\" target=\"_blank\" rel=\"noopener\">Tutustuminen geo-k\u00e4tk\u00f6ilyyn<\/a> (Uittamon p\u00e4iv\u00e4koti)<\/p>\n<p><a href=\"https:\/\/blog.edu.turku.fi\/molla\/?page_id=3450&amp;preview=true\">Ensikosketus animaation tekoon<\/a> (Pernontien p\u00e4iv\u00e4koti)<\/p>\n<p><a href=\"https:\/\/blog.edu.turku.fi\/molla\/opetus\/pc-ja-kosketustaulu\/ryhman-oma-joulukalenteri-kosketustaululla-pernontien-paivakoti\/\">Ryhm\u00e4n oma joulukalenteri Notebookilla &#8211; kamera kiert\u00e4\u00e4 lasten kodeissa<\/a> (Pernontien p\u00e4iv\u00e4koti)<\/p>\n<p><a href=\"https:\/\/blog.edu.turku.fi\/molla\/?page_id=3456&amp;preview=true\">Esittelyvideon tekeminen uusille eskarilaisille<\/a> (Pernontien p\u00e4iv\u00e4koti)<\/p>\n<p><a href=\"https:\/\/blog.edu.turku.fi\/molla\/?page_id=3459&amp;preview=true\" target=\"_blank\" rel=\"noopener\">Lukemaan oppimista Ekapeli-Eskarin avulla<\/a> (Pernontien p\u00e4iv\u00e4koti)<\/p>\n<p><a href=\"http:\/\/issuu.com\/turunviestinta\/docs\/turkuposti_4_2012_lr\/9\">Mollamaijasta Digimollaan &#8211; tietotekniikka tulee p\u00e4iv\u00e4koteihin<\/a> (Turkuposti)<\/p>\n<p><a href=\"https:\/\/blog.edu.turku.fi\/molla\/2012\/04\/17\/suotorpankujan-kevattunnelmia\/\">Suotorpankujan esiopetusryhm\u00e4n kev\u00e4ttunnelmia<\/a>&nbsp;(Suotorpankujan p\u00e4iv\u00e4koti)<\/p>\n<p><a href=\"https:\/\/blog.edu.turku.fi\/molla\/2012\/01\/26\/tammikuun-starttikoulutus\/\">Tammikuun starttikoulutus<\/a>&nbsp;(TOP-keskus)<\/p>\n<p>&nbsp;<\/p>\n","protected":false},"excerpt":{"rendered":"<p>Pisteharjoituksia ja hahmottamista kosketustaulun avulla&nbsp;(Arkeologinkadun phy) Lasten oikeuksia videoklippien avulla (Arkeologinkadun phy) Viikon eskarilainen&nbsp;-toimintamalli (Halisten phy) Numero- ja lukum\u00e4\u00e4r\u00e4vastaavuuksia (Arkeologinkadun phy) Pitk\u00e4 ja lyhyt vokaali (Arkeologinkadun phy) Joulukalenteri&nbsp;&nbsp;(Arkeologinkadun phy) Kokoerojen tarkastelua (Arkeologinkadun phy) Talviolympialaisiin tutustumista kosketustaululla ja tietokoneilla (Pernontien p\u00e4iv\u00e4koti) Tutustumista keskiaikaiseen Turkuun (Pernontien p\u00e4iv\u00e4koti) Lasten omat elokuvat&nbsp;(Pernontien p\u00e4iv\u00e4koti) Peliviikko ja is\u00e4np\u00e4iv\u00e4-projekti (Pernontien p\u00e4iv\u00e4koti) Uittamon &hellip; <a href=\"https:\/\/blog.edu.turku.fi\/molla\/opetus\/pc-ja-kosketustaulu\/\" class=\"more-link\">Jatka lukemista <span class=\"screen-reader-text\">PC ja kosketustaulu<\/span> <span class=\"meta-nav\">&rarr;<\/span><\/a><\/p>\n","protected":false},"author":9,"featured_media":0,"parent":591,"menu_order":4,"comment_status":"closed","ping_status":"closed","template":"","meta":{"ngg_post_thumbnail":0,"footnotes":""},"class_list":["post-1171","page","type-page","status-publish","hentry"],"_links":{"self":[{"href":"https:\/\/blog.edu.turku.fi\/molla\/wp-json\/wp\/v2\/pages\/1171","targetHints":{"allow":["GET"]}}],"collection":[{"href":"https:\/\/blog.edu.turku.fi\/molla\/wp-json\/wp\/v2\/pages"}],"about":[{"href":"https:\/\/blog.edu.turku.fi\/molla\/wp-json\/wp\/v2\/types\/page"}],"author":[{"embeddable":true,"href":"https:\/\/blog.edu.turku.fi\/molla\/wp-json\/wp\/v2\/users\/9"}],"replies":[{"embeddable":true,"href":"https:\/\/blog.edu.turku.fi\/molla\/wp-json\/wp\/v2\/comments?post=1171"}],"version-history":[{"count":55,"href":"https:\/\/blog.edu.turku.fi\/molla\/wp-json\/wp\/v2\/pages\/1171\/revisions"}],"predecessor-version":[{"id":3466,"href":"https:\/\/blog.edu.turku.fi\/molla\/wp-json\/wp\/v2\/pages\/1171\/revisions\/3466"}],"up":[{"embeddable":true,"href":"https:\/\/blog.edu.turku.fi\/molla\/wp-json\/wp\/v2\/pages\/591"}],"wp:attachment":[{"href":"https:\/\/blog.edu.turku.fi\/molla\/wp-json\/wp\/v2\/media?parent=1171"}],"curies":[{"name":"wp","href":"https:\/\/api.w.org\/{rel}","templated":true}]}}