{"id":36,"date":"2015-06-17T13:00:24","date_gmt":"2015-06-17T10:00:24","guid":{"rendered":"https:\/\/blog.edu.turku.fi\/moisionphy\/?page_id=36"},"modified":"2023-08-28T16:31:22","modified_gmt":"2023-08-28T13:31:22","slug":"etusivu","status":"publish","type":"page","link":"https:\/\/blog.edu.turku.fi\/moisionphy\/","title":{"rendered":"Moision p\u00e4iv\u00e4koti"},"content":{"rendered":"<h2>Tervetuloa Moision p\u00e4iv\u00e4kodin sivuille!<\/h2>\n<p>Ajankohtaista-osiossa on tuoreimmat kuulumiset ryhmilt\u00e4.<\/p>\n<p>Moision p\u00e4iv\u00e4koti sijaitsee pohjoisessa Turussa rauhallisella pientaloalueella. L\u00e4heisyydest\u00e4 l\u00f6ytyy mm. leikkipuistoja, kuntorata, hiekka-\/luistelukentti\u00e4 sek\u00e4 mets\u00e4inen l\u00e4hiluonto, jotka antavat hyv\u00e4t ulkoilumahdollisuudet p\u00e4iv\u00e4kodin ulkopuolella. Panostamme ulkopedagogiikkaan. Meill\u00e4 on iso piha ja ihanat mets\u00e4t ymp\u00e4rill\u00e4mme. Pid\u00e4mme t\u00e4rke\u00e4n\u00e4 lasten sek\u00e4 aikuisten hyvinvointia. Pyrimme siihen, ett\u00e4 jokaisella olisi turvallinen ja hyv\u00e4 olla Moision p\u00e4iv\u00e4kodissa \ud83d\ude42<\/p>\n<p>P\u00e4iv\u00e4kotirakennuksessa toimii nelj\u00e4 ryhm\u00e4\u00e4, joissa on 1-6-vuotiaita lapsia. Yksi esiopetusryhmist\u00e4mme toimii Moision koulun tiloissa. Osana Moision p\u00e4iv\u00e4kodin toimintaa ovat my\u00f6s ulkoleikkikoulu K\u00e4p\u00e4l\u00e4m\u00e4ki, Virgonkent\u00e4n leikkipuisto sek\u00e4 erilaiset perheryhm\u00e4t yhteisty\u00f6ss\u00e4 seurakunnan kanssa.<\/p>\n","protected":false},"excerpt":{"rendered":"<p>Tervetuloa Moision p\u00e4iv\u00e4kodin sivuille! Ajankohtaista-osiossa on tuoreimmat kuulumiset ryhmilt\u00e4. Moision p\u00e4iv\u00e4koti sijaitsee pohjoisessa Turussa rauhallisella pientaloalueella. L\u00e4heisyydest\u00e4 l\u00f6ytyy mm. leikkipuistoja, kuntorata, hiekka-\/luistelukentti\u00e4 sek\u00e4 mets\u00e4inen l\u00e4hiluonto, jotka antavat hyv\u00e4t ulkoilumahdollisuudet p\u00e4iv\u00e4kodin ulkopuolella. Panostamme ulkopedagogiikkaan. Meill\u00e4 on iso piha ja ihanat mets\u00e4t ymp\u00e4rill\u00e4mme. Pid\u00e4mme t\u00e4rke\u00e4n\u00e4 lasten sek\u00e4 aikuisten hyvinvointia. Pyrimme siihen, ett\u00e4 jokaisella olisi turvallinen ja hyv\u00e4 &hellip; <a href=\"https:\/\/blog.edu.turku.fi\/moisionphy\/\" class=\"more-link\">Jatka lukemista<span class=\"screen-reader-text\"> &#8221;Moision p\u00e4iv\u00e4koti&#8221;<\/span><\/a><\/p>\n","protected":false},"author":2785,"featured_media":0,"parent":0,"menu_order":0,"comment_status":"closed","ping_status":"closed","template":"","meta":{"footnotes":""},"class_list":["post-36","page","type-page","status-publish","hentry"],"_links":{"self":[{"href":"https:\/\/blog.edu.turku.fi\/moisionphy\/wp-json\/wp\/v2\/pages\/36","targetHints":{"allow":["GET"]}}],"collection":[{"href":"https:\/\/blog.edu.turku.fi\/moisionphy\/wp-json\/wp\/v2\/pages"}],"about":[{"href":"https:\/\/blog.edu.turku.fi\/moisionphy\/wp-json\/wp\/v2\/types\/page"}],"author":[{"embeddable":true,"href":"https:\/\/blog.edu.turku.fi\/moisionphy\/wp-json\/wp\/v2\/users\/2785"}],"replies":[{"embeddable":true,"href":"https:\/\/blog.edu.turku.fi\/moisionphy\/wp-json\/wp\/v2\/comments?post=36"}],"version-history":[{"count":32,"href":"https:\/\/blog.edu.turku.fi\/moisionphy\/wp-json\/wp\/v2\/pages\/36\/revisions"}],"predecessor-version":[{"id":433,"href":"https:\/\/blog.edu.turku.fi\/moisionphy\/wp-json\/wp\/v2\/pages\/36\/revisions\/433"}],"wp:attachment":[{"href":"https:\/\/blog.edu.turku.fi\/moisionphy\/wp-json\/wp\/v2\/media?parent=36"}],"curies":[{"name":"wp","href":"https:\/\/api.w.org\/{rel}","templated":true}]}}