{"id":476,"date":"2021-03-22T10:40:18","date_gmt":"2021-03-22T08:40:18","guid":{"rendered":"https:\/\/blog.edu.turku.fi\/mikan-matikkaa\/?page_id=476"},"modified":"2021-03-22T11:18:12","modified_gmt":"2021-03-22T09:18:12","slug":"pakohuone-1","status":"publish","type":"page","link":"https:\/\/blog.edu.turku.fi\/mikan-matikkaa\/opetuksen-pelillistaminen\/pakphuone-9b\/pakohuone-1\/","title":{"rendered":"Pakohuone 1"},"content":{"rendered":"<p>To Do List:<\/p>\n<p>1. T\u00e4yt\u00e4 paperit viisi p\u00e4iv\u00e4\u00e4 ennen auton hakua<\/p>\n<p>2. Ensi kuun kolmantena p\u00e4iv\u00e4n\u00e4 hae auto<\/p>\n<p>3. Jos ensi perjantaina ep\u00e4onni kohtaa, mene iltap\u00e4iv\u00e4ll\u00e4 ennustajalle.<\/p>\n<p>4. Kun nukkumatti viipyy 20 p\u00e4iv\u00e4n p\u00e4\u00e4st\u00e4 pitk\u00e4\u00e4n, k\u00e4y varastolla hakemassa tarvikkeet.<\/p>\n<p>5. Viel\u00e4 ota \u201dloput\u201d, Veljesten lukum\u00e4\u00e4r\u00e4 ja kasi pois<\/p>\n<p>&nbsp;<\/p>\n<p>https:\/\/almanakka.fi\/?date=2021-6<\/p>\n","protected":false},"excerpt":{"rendered":"<p>To Do List: 1. T\u00e4yt\u00e4 paperit viisi p\u00e4iv\u00e4\u00e4 ennen auton hakua 2. Ensi kuun kolmantena p\u00e4iv\u00e4n\u00e4 hae auto 3. Jos ensi perjantaina ep\u00e4onni kohtaa, mene iltap\u00e4iv\u00e4ll\u00e4 ennustajalle. 4. Kun nukkumatti viipyy 20 p\u00e4iv\u00e4n p\u00e4\u00e4st\u00e4 pitk\u00e4\u00e4n, k\u00e4y varastolla hakemassa tarvikkeet. 5. Viel\u00e4 ota \u201dloput\u201d, Veljesten lukum\u00e4\u00e4r\u00e4 ja kasi pois &nbsp; https:\/\/almanakka.fi\/?date=2021-6<\/p>\n","protected":false},"author":811,"featured_media":0,"parent":495,"menu_order":0,"comment_status":"closed","ping_status":"closed","template":"","meta":{"footnotes":""},"class_list":["post-476","page","type-page","status-publish","hentry"],"_links":{"self":[{"href":"https:\/\/blog.edu.turku.fi\/mikan-matikkaa\/wp-json\/wp\/v2\/pages\/476","targetHints":{"allow":["GET"]}}],"collection":[{"href":"https:\/\/blog.edu.turku.fi\/mikan-matikkaa\/wp-json\/wp\/v2\/pages"}],"about":[{"href":"https:\/\/blog.edu.turku.fi\/mikan-matikkaa\/wp-json\/wp\/v2\/types\/page"}],"author":[{"embeddable":true,"href":"https:\/\/blog.edu.turku.fi\/mikan-matikkaa\/wp-json\/wp\/v2\/users\/811"}],"replies":[{"embeddable":true,"href":"https:\/\/blog.edu.turku.fi\/mikan-matikkaa\/wp-json\/wp\/v2\/comments?post=476"}],"version-history":[{"count":2,"href":"https:\/\/blog.edu.turku.fi\/mikan-matikkaa\/wp-json\/wp\/v2\/pages\/476\/revisions"}],"predecessor-version":[{"id":498,"href":"https:\/\/blog.edu.turku.fi\/mikan-matikkaa\/wp-json\/wp\/v2\/pages\/476\/revisions\/498"}],"up":[{"embeddable":true,"href":"https:\/\/blog.edu.turku.fi\/mikan-matikkaa\/wp-json\/wp\/v2\/pages\/495"}],"wp:attachment":[{"href":"https:\/\/blog.edu.turku.fi\/mikan-matikkaa\/wp-json\/wp\/v2\/media?parent=476"}],"curies":[{"name":"wp","href":"https:\/\/api.w.org\/{rel}","templated":true}]}}