{"id":42,"date":"2021-01-27T22:12:03","date_gmt":"2021-01-27T20:12:03","guid":{"rendered":"https:\/\/blog.edu.turku.fi\/mikan-matikkaa\/?page_id=42"},"modified":"2023-12-05T13:07:07","modified_gmt":"2023-12-05T11:07:07","slug":"valo-oppi","status":"publish","type":"page","link":"https:\/\/blog.edu.turku.fi\/mikan-matikkaa\/fysiikka\/valo-oppi\/","title":{"rendered":"Valo-oppi"},"content":{"rendered":"<hr \/>\n<h6>Kaksi h\u00f6lm\u00f6l\u00e4ist\u00e4 miettiv\u00e4t mihin valo h\u00e4vi\u00e4\u00e4. He p\u00e4\u00e4ttiv\u00e4t ottaa asiasta selv\u00e4\u00e4, sammuttivat asunnosta valot ja l\u00e4htiv\u00e4t etsim\u00e4\u00e4n valoa. Aikansa etsitty\u00e4\u00e4n toinen kertoi ratkaisseensa ongelman. Kadonnut valo l\u00f6ytyi j\u00e4\u00e4kaapista.<\/h6>\n<hr \/>\n<h4>Harjoitusteht\u00e4vi\u00e4<\/h4>\n<ul>\n<li><a href=\"https:\/\/blog.edu.turku.fi\/mikan-matikkaa\/files\/2021\/02\/Oman-kuvan-katselu-tasopeilista.doc\">Oman kuvan katselu tasopeilist\u00e4<\/a><\/li>\n<li><a href=\"https:\/\/blog.edu.turku.fi\/mikan-matikkaa\/files\/2021\/02\/harjotustehtavia-valo-opista.doc\">harjoitusteht\u00e4vi\u00e4 valo-opista<\/a><\/li>\n<li><a href=\"https:\/\/blog.edu.turku.fi\/mikan-matikkaa\/files\/2021\/02\/Jatka-valonsateen-kulkua.docx\">Jatka valons\u00e4teen kulkua<\/a><\/li>\n<li><a href=\"https:\/\/blog.edu.turku.fi\/mikan-matikkaa\/files\/2021\/02\/VALOOPPI.doc\">ryhm\u00e4ty\u00f6 valon taittumisesta<\/a><\/li>\n<\/ul>\n<h4>Harjoituskokeita<\/h4>\n<ul>\n<li><a href=\"https:\/\/blog.edu.turku.fi\/mikan-matikkaa\/files\/2021\/02\/koevalooppiC.doc\" target=\"_blank\" rel=\"noopener noreferrer\">valo-opin harjoituskoekoe<\/a><\/li>\n<li><a href=\"https:\/\/blog.edu.turku.fi\/mikan-matikkaa\/files\/2021\/02\/koevalooppiB.doc\" target=\"_blank\" rel=\"noopener noreferrer\">harjoituskoe valo-oppi<\/a><\/li>\n<li><a href=\"https:\/\/blog.edu.turku.fi\/mikan-matikkaa\/files\/2021\/02\/koevalooppi.doc\">koe valo-opiosta<\/a><\/li>\n<li><a href=\"https:\/\/blog.edu.turku.fi\/mikan-matikkaa\/files\/2021\/02\/koefy1kurssi.doc\">harjoituskoe valo-opista<\/a><\/li>\n<li><a href=\"https:\/\/blog.edu.turku.fi\/mikan-matikkaa\/files\/2021\/02\/harjotustehtavia-valo-opista-1.doc\">harjoitusteht\u00e4vi\u00e4 valo-opista<\/a><\/li>\n<\/ul>\n","protected":false},"excerpt":{"rendered":"<p>Kaksi h\u00f6lm\u00f6l\u00e4ist\u00e4 miettiv\u00e4t mihin valo h\u00e4vi\u00e4\u00e4. He p\u00e4\u00e4ttiv\u00e4t ottaa asiasta selv\u00e4\u00e4, sammuttivat asunnosta valot ja l\u00e4htiv\u00e4t etsim\u00e4\u00e4n valoa. Aikansa etsitty\u00e4\u00e4n toinen kertoi ratkaisseensa ongelman. Kadonnut valo l\u00f6ytyi j\u00e4\u00e4kaapista. Harjoitusteht\u00e4vi\u00e4 Oman kuvan katselu tasopeilist\u00e4 harjoitusteht\u00e4vi\u00e4 valo-opista Jatka valons\u00e4teen kulkua ryhm\u00e4ty\u00f6 valon taittumisesta Harjoituskokeita valo-opin harjoituskoekoe harjoituskoe valo-oppi koe valo-opiosta harjoituskoe valo-opista harjoitusteht\u00e4vi\u00e4 valo-opista<\/p>\n","protected":false},"author":811,"featured_media":0,"parent":11,"menu_order":0,"comment_status":"closed","ping_status":"closed","template":"","meta":{"footnotes":""},"class_list":["post-42","page","type-page","status-publish","hentry"],"_links":{"self":[{"href":"https:\/\/blog.edu.turku.fi\/mikan-matikkaa\/wp-json\/wp\/v2\/pages\/42","targetHints":{"allow":["GET"]}}],"collection":[{"href":"https:\/\/blog.edu.turku.fi\/mikan-matikkaa\/wp-json\/wp\/v2\/pages"}],"about":[{"href":"https:\/\/blog.edu.turku.fi\/mikan-matikkaa\/wp-json\/wp\/v2\/types\/page"}],"author":[{"embeddable":true,"href":"https:\/\/blog.edu.turku.fi\/mikan-matikkaa\/wp-json\/wp\/v2\/users\/811"}],"replies":[{"embeddable":true,"href":"https:\/\/blog.edu.turku.fi\/mikan-matikkaa\/wp-json\/wp\/v2\/comments?post=42"}],"version-history":[{"count":8,"href":"https:\/\/blog.edu.turku.fi\/mikan-matikkaa\/wp-json\/wp\/v2\/pages\/42\/revisions"}],"predecessor-version":[{"id":780,"href":"https:\/\/blog.edu.turku.fi\/mikan-matikkaa\/wp-json\/wp\/v2\/pages\/42\/revisions\/780"}],"up":[{"embeddable":true,"href":"https:\/\/blog.edu.turku.fi\/mikan-matikkaa\/wp-json\/wp\/v2\/pages\/11"}],"wp:attachment":[{"href":"https:\/\/blog.edu.turku.fi\/mikan-matikkaa\/wp-json\/wp\/v2\/media?parent=42"}],"curies":[{"name":"wp","href":"https:\/\/api.w.org\/{rel}","templated":true}]}}