{"id":40,"date":"2021-01-27T22:11:43","date_gmt":"2021-01-27T20:11:43","guid":{"rendered":"https:\/\/blog.edu.turku.fi\/mikan-matikkaa\/?page_id=40"},"modified":"2025-03-11T10:13:29","modified_gmt":"2025-03-11T08:13:29","slug":"mekaniikka","status":"publish","type":"page","link":"https:\/\/blog.edu.turku.fi\/mikan-matikkaa\/fysiikka\/mekaniikka\/","title":{"rendered":"Mekaniikka"},"content":{"rendered":"<h4><span style=\"color: #008080\">Harjoitusteht\u00e4vi\u00e4 mekaniikasta<\/span><\/h4>\n<ul>\n<li><span style=\"color: #800000\"><strong><a style=\"color: #800000\" href=\"https:\/\/blog.edu.turku.fi\/mikan-matikkaa\/files\/2025\/01\/Kiihtyvyys-tehtavia.docx\">Teht\u00e4vi\u00e4 kiihtyvyydest\u00e4<\/a><\/strong><\/span><\/li>\n<li><span style=\"color: #800000\"><strong><a style=\"color: #800000\" href=\"https:\/\/blog.edu.turku.fi\/mikan-matikkaa\/files\/2025\/01\/Kiihtyvyys-tehtavia-vastaukset.docx\">Teht\u00e4vi\u00e4 kiihtyvyydest\u00e4-vastaukset<\/a><\/strong><\/span><\/li>\n<li><span style=\"color: #800000\"><strong><a style=\"color: #800000\" href=\"https:\/\/blog.edu.turku.fi\/mikan-matikkaa\/files\/2025\/01\/liike-koordinaatistossa.docx\">Liike koordinaatistossa<\/a><\/strong><\/span><\/li>\n<li><span style=\"color: #800000\"><strong><a style=\"color: #800000\" href=\"https:\/\/blog.edu.turku.fi\/mikan-matikkaa\/files\/2021\/02\/MEKANIIKAN-YKSIKKOMUISTIPELI.doc\" target=\"_blank\" rel=\"noopener noreferrer\">muistipeli mekaniikan yksik\u00f6ist\u00e4<\/a><\/strong><\/span><\/li>\n<li><span style=\"color: #800000\"><strong><a style=\"color: #800000\" href=\"https:\/\/blog.edu.turku.fi\/mikan-matikkaa\/files\/2021\/02\/MEKANIIKKA.doc\" target=\"_blank\" rel=\"noopener noreferrer\">mekaniikka<\/a><\/strong><\/span><\/li>\n<li><span style=\"color: #800000\"><strong><a style=\"color: #800000\" href=\"https:\/\/blog.edu.turku.fi\/mikan-matikkaa\/files\/2021\/02\/mekaniikka1_kertaus.doc\" target=\"_blank\" rel=\"noopener noreferrer\">mekaniikan kertaus 1.<\/a><\/strong><\/span><\/li>\n<li><span style=\"color: #800000\"><strong><a style=\"color: #800000\" href=\"https:\/\/blog.edu.turku.fi\/mikan-matikkaa\/files\/2021\/02\/Nopeuslaskuja.doc\">Nopeuslaskuja<\/a><\/strong><\/span><\/li>\n<li><span style=\"color: #800000\"><strong><a style=\"color: #800000\" href=\"https:\/\/blog.edu.turku.fi\/mikan-matikkaa\/files\/2021\/02\/noste.pdf\">noste<\/a><\/strong><\/span><\/li>\n<li><span style=\"color: #800000\"><strong><a style=\"color: #800000\" href=\"https:\/\/blog.edu.turku.fi\/mikan-matikkaa\/files\/2021\/02\/MEKANIIKAN-TEHTAVIA.doc\" target=\"_blank\" rel=\"noopener noreferrer\">mekaniikan teht\u00e4vi\u00e4<\/a><\/strong><\/span><\/li>\n<li><span style=\"color: #800000\"><strong><a style=\"color: #800000\" href=\"https:\/\/blog.edu.turku.fi\/mikan-matikkaa\/files\/2021\/02\/mekaniikan-suureet.docx\">mekaniikan suureet<\/a><\/strong><\/span><\/li>\n<li><span style=\"color: #800000\"><strong><a style=\"color: #800000\" href=\"https:\/\/blog.edu.turku.fi\/mikan-matikkaa\/files\/2021\/02\/mekaniikan-kertaus.doc\">mekaniikan kertaus<\/a><\/strong><\/span><\/li>\n<li><span style=\"color: #800000\"><strong><a style=\"color: #800000\" href=\"https:\/\/blog.edu.turku.fi\/mikan-matikkaa\/files\/2021\/02\/mekaniikan-harjoitustehtavat.doc\">mekaniikan harjoitusteht\u00e4v\u00e4t<\/a><\/strong><\/span><br \/>\n<hr \/>\n<\/li>\n<\/ul>\n<h4><span style=\"color: #008080\"><strong>Harjoituskokeita<\/strong><\/span><\/h4>\n<ul>\n<li><span style=\"color: #800000\"><strong><a style=\"color: #800000\" href=\"https:\/\/blog.edu.turku.fi\/mikan-matikkaa\/files\/2021\/02\/mekaniikan-koe.doc\">mekaniikan koe<\/a><\/strong><\/span><\/li>\n<li><span style=\"color: #800000\"><strong><a style=\"color: #800000\" href=\"https:\/\/blog.edu.turku.fi\/mikan-matikkaa\/files\/2021\/02\/mekaniikan-koe2.doc\">mekaniikan koe2<\/a><\/strong><\/span><\/li>\n<\/ul>\n<hr \/>\n<h1><span style=\"color: #000080\">Mekaniikan teht\u00e4vi\u00e4 H5P:ll\u00e4:<\/span><\/h1>\n<p>&nbsp;<\/p>\n<h2><span style=\"color: #000080\">Nopeuden yksik\u00f6t<\/span><\/h2>\n<p>&nbsp;<\/p>\n<div class=\"h5p-iframe-wrapper\"><iframe id=\"h5p-iframe-16\" class=\"h5p-iframe\" data-content-id=\"16\" style=\"height:1px\" src=\"about:blank\" frameBorder=\"0\" scrolling=\"no\" title=\"nopeuden yksik\u00f6t\"><\/iframe><\/div>\n<p>&nbsp;<\/p>\n<hr \/>\n<h4><\/h4>\n<h2><span style=\"color: #000080\">Nopeus &#8211; aika- matka<\/span><\/h2>\n<p>&nbsp;<\/p>\n<div class=\"h5p-iframe-wrapper\"><iframe id=\"h5p-iframe-18\" class=\"h5p-iframe\" data-content-id=\"18\" style=\"height:1px\" src=\"about:blank\" frameBorder=\"0\" scrolling=\"no\" title=\"nopeuslaskuja\"><\/iframe><\/div>\n<p>&nbsp;<\/p>\n<div class=\"h5p-iframe-wrapper\"><iframe id=\"h5p-iframe-28\" class=\"h5p-iframe\" data-content-id=\"28\" style=\"height:1px\" src=\"about:blank\" frameBorder=\"0\" scrolling=\"no\" title=\"nopeuslaskuja, nopeus, aika, matka\"><\/iframe><\/div>\n<p>&nbsp;<\/p>\n<hr \/>\n<h2><span style=\"color: #000080\">MATKA-AIKA -kuvaajien tulkintaa<\/span><\/h2>\n<p>&nbsp;<\/p>\n<div class=\"h5p-iframe-wrapper\"><iframe id=\"h5p-iframe-29\" class=\"h5p-iframe\" data-content-id=\"29\" style=\"height:1px\" src=\"about:blank\" frameBorder=\"0\" scrolling=\"no\" title=\"matka aika kuvaaja\"><\/iframe><\/div>\n<p>&nbsp;<\/p>\n<div class=\"h5p-iframe-wrapper\"><iframe id=\"h5p-iframe-30\" class=\"h5p-iframe\" data-content-id=\"30\" style=\"height:1px\" src=\"about:blank\" frameBorder=\"0\" scrolling=\"no\" title=\"Aika- matka -kuvaajan tarkastelua\"><\/iframe><\/div>\n<p>&nbsp;<\/p>\n<div class=\"h5p-iframe-wrapper\"><iframe id=\"h5p-iframe-34\" class=\"h5p-iframe\" data-content-id=\"34\" style=\"height:1px\" src=\"about:blank\" frameBorder=\"0\" scrolling=\"no\" title=\"Aika- matka -kuvaajan tarkastelua 2\"><\/iframe><\/div>\n<p>&nbsp;<\/p>\n<hr \/>\n<h2><span style=\"color: #000080\">NOPEUS-AIKA -kuvaajien tulkintaa<\/span><\/h2>\n<div class=\"h5p-iframe-wrapper\"><iframe id=\"h5p-iframe-35\" class=\"h5p-iframe\" data-content-id=\"35\" style=\"height:1px\" src=\"about:blank\" frameBorder=\"0\" scrolling=\"no\" title=\"Kuvaajan tulkintaa nopeus-aika koordinaatistossa\"><\/iframe><\/div>\n<div class=\"h5p-iframe-wrapper\"><iframe id=\"h5p-iframe-38\" class=\"h5p-iframe\" data-content-id=\"38\" style=\"height:1px\" src=\"about:blank\" frameBorder=\"0\" scrolling=\"no\" title=\"nopeus-aika\"><\/iframe><\/div>\n<div class=\"h5p-iframe-wrapper\"><iframe id=\"h5p-iframe-39\" class=\"h5p-iframe\" data-content-id=\"39\" style=\"height:1px\" src=\"about:blank\" frameBorder=\"0\" scrolling=\"no\" title=\"nopeus-aika\"><\/iframe><\/div>\n<div class=\"h5p-iframe-wrapper\"><iframe id=\"h5p-iframe-40\" class=\"h5p-iframe\" data-content-id=\"40\" style=\"height:1px\" src=\"about:blank\" frameBorder=\"0\" scrolling=\"no\" title=\"nopeus-aika\"><\/iframe><\/div>\n<div class=\"h5p-iframe-wrapper\"><iframe id=\"h5p-iframe-41\" class=\"h5p-iframe\" data-content-id=\"41\" style=\"height:1px\" src=\"about:blank\" frameBorder=\"0\" scrolling=\"no\" title=\"nopeus-aika\"><\/iframe><\/div>\n<p>&nbsp;<\/p>\n<div class=\"h5p-iframe-wrapper\"><iframe id=\"h5p-iframe-36\" class=\"h5p-iframe\" data-content-id=\"36\" style=\"height:1px\" src=\"about:blank\" frameBorder=\"0\" scrolling=\"no\" title=\"Kuvaajan tulkintaa nopeus-aika koordinaatistossa 2\"><\/iframe><\/div>\n<div class=\"h5p-iframe-wrapper\"><iframe id=\"h5p-iframe-42\" class=\"h5p-iframe\" data-content-id=\"42\" style=\"height:1px\" src=\"about:blank\" frameBorder=\"0\" scrolling=\"no\" title=\"nopeus-aika\"><\/iframe><\/div>\n<div class=\"h5p-iframe-wrapper\"><iframe id=\"h5p-iframe-43\" class=\"h5p-iframe\" data-content-id=\"43\" style=\"height:1px\" src=\"about:blank\" frameBorder=\"0\" scrolling=\"no\" title=\"nopeus-aika\"><\/iframe><\/div>\n<div class=\"h5p-iframe-wrapper\"><iframe id=\"h5p-iframe-44\" class=\"h5p-iframe\" data-content-id=\"44\" style=\"height:1px\" src=\"about:blank\" frameBorder=\"0\" scrolling=\"no\" title=\"nopeus-aika\"><\/iframe><\/div>\n<p>&nbsp;<\/p>\n<div class=\"h5p-iframe-wrapper\"><iframe id=\"h5p-iframe-37\" class=\"h5p-iframe\" data-content-id=\"37\" style=\"height:1px\" src=\"about:blank\" frameBorder=\"0\" scrolling=\"no\" title=\"Kuvaajan tulkintaa nopeus-aika koordinaatistossa 3\"><\/iframe><\/div>\n<p>&nbsp;<\/p>\n<hr \/>\n<h2><span style=\"color: #000080\">Kiihtyvyys<\/span><\/h2>\n<p>&nbsp;<\/p>\n<div class=\"h5p-iframe-wrapper\"><iframe id=\"h5p-iframe-53\" class=\"h5p-iframe\" data-content-id=\"53\" style=\"height:1px\" src=\"about:blank\" frameBorder=\"0\" scrolling=\"no\" title=\"Kiihtyvyys\"><\/iframe><\/div>\n<hr \/>\n<div class=\"h5p-iframe-wrapper\"><iframe id=\"h5p-iframe-136\" class=\"h5p-iframe\" data-content-id=\"136\" style=\"height:1px\" src=\"about:blank\" frameBorder=\"0\" scrolling=\"no\" title=\"tasaine ja muuttuva liike\"><\/iframe><\/div>\n<p>&nbsp;<\/p>\n<hr \/>\n<h2><span style=\"color: #000080\">Tiheys<\/span><\/h2>\n<div class=\"h5p-iframe-wrapper\"><iframe id=\"h5p-iframe-64\" class=\"h5p-iframe\" data-content-id=\"64\" style=\"height:1px\" src=\"about:blank\" frameBorder=\"0\" scrolling=\"no\" title=\"Tiheys\"><\/iframe><\/div>\n<p>&nbsp;<\/p>\n<hr \/>\n<h2><span style=\"color: #000080\">Tiheys ja noste<\/span><\/h2>\n<div class=\"h5p-iframe-wrapper\"><iframe id=\"h5p-iframe-153\" class=\"h5p-iframe\" data-content-id=\"153\" style=\"height:1px\" src=\"about:blank\" frameBorder=\"0\" scrolling=\"no\" title=\"Tiheys ja noste\"><\/iframe><\/div>\n<p>&nbsp;<\/p>\n<hr \/>\n<h2><span style=\"color: #ff0000\"><span style=\"color: #000080\">Mekaaninen energia<\/span><img loading=\"lazy\" decoding=\"async\" class=\"alignleft size-medium wp-image-541\" src=\"https:\/\/blog.edu.turku.fi\/mikan-matikkaa\/files\/2021\/04\/5be994a26a9a8-300x200.jpg\" alt=\"\" width=\"300\" height=\"200\" srcset=\"https:\/\/blog.edu.turku.fi\/mikan-matikkaa\/files\/2021\/04\/5be994a26a9a8-300x200.jpg 300w, https:\/\/blog.edu.turku.fi\/mikan-matikkaa\/files\/2021\/04\/5be994a26a9a8.jpg 910w\" sizes=\"auto, (max-width: 300px) 100vw, 300px\" \/><\/span><\/h2>\n<p>&nbsp;<\/p>\n<p>&nbsp;<\/p>\n<p>&nbsp;<\/p>\n<p>&nbsp;<\/p>\n<p>&nbsp;<\/p>\n<div class=\"h5p-iframe-wrapper\"><iframe id=\"h5p-iframe-66\" class=\"h5p-iframe\" data-content-id=\"66\" style=\"height:1px\" src=\"about:blank\" frameBorder=\"0\" scrolling=\"no\" title=\"Liike-ja potentiaalienergia\"><\/iframe><\/div>\n<hr \/>\n<p><strong>Mekaaninen energia<\/strong><\/p>\n<p>Valitse kaikki oikeat vaihtoehdot.<\/p>\n<div class=\"h5p-iframe-wrapper\"><iframe id=\"h5p-iframe-279\" class=\"h5p-iframe\" data-content-id=\"279\" style=\"height:1px\" src=\"about:blank\" frameBorder=\"0\" scrolling=\"no\" title=\"mekaaninen energia\"><\/iframe><\/div>\n<div class=\"h5p-iframe-wrapper\"><iframe id=\"h5p-iframe-280\" class=\"h5p-iframe\" data-content-id=\"280\" style=\"height:1px\" src=\"about:blank\" frameBorder=\"0\" scrolling=\"no\" title=\"mekaaninen energia\"><\/iframe><\/div>\n<div class=\"h5p-iframe-wrapper\"><iframe id=\"h5p-iframe-281\" class=\"h5p-iframe\" data-content-id=\"281\" style=\"height:1px\" src=\"about:blank\" frameBorder=\"0\" scrolling=\"no\" title=\"mekaaninen energia\"><\/iframe><\/div>\n<div class=\"h5p-iframe-wrapper\"><iframe id=\"h5p-iframe-282\" class=\"h5p-iframe\" data-content-id=\"282\" style=\"height:1px\" src=\"about:blank\" frameBorder=\"0\" scrolling=\"no\" title=\"mekaaninen energia\"><\/iframe><\/div>\n<div class=\"h5p-iframe-wrapper\"><iframe id=\"h5p-iframe-283\" class=\"h5p-iframe\" data-content-id=\"283\" style=\"height:1px\" src=\"about:blank\" frameBorder=\"0\" scrolling=\"no\" title=\"mekaaninen energia\"><\/iframe><\/div>\n<p>&nbsp;<\/p>\n<p>Laske ja valitse oikea vastaus.<\/p>\n<div class=\"h5p-iframe-wrapper\"><iframe id=\"h5p-iframe-275\" class=\"h5p-iframe\" data-content-id=\"275\" style=\"height:1px\" src=\"about:blank\" frameBorder=\"0\" scrolling=\"no\" title=\"Energia\"><\/iframe><\/div>\n<div class=\"h5p-iframe-wrapper\"><iframe id=\"h5p-iframe-276\" class=\"h5p-iframe\" data-content-id=\"276\" style=\"height:1px\" src=\"about:blank\" frameBorder=\"0\" scrolling=\"no\" title=\"Energia\"><\/iframe><\/div>\n<div class=\"h5p-iframe-wrapper\"><iframe id=\"h5p-iframe-277\" class=\"h5p-iframe\" data-content-id=\"277\" style=\"height:1px\" src=\"about:blank\" frameBorder=\"0\" scrolling=\"no\" title=\"Energia\"><\/iframe><\/div>\n<div class=\"h5p-iframe-wrapper\"><iframe id=\"h5p-iframe-278\" class=\"h5p-iframe\" data-content-id=\"278\" style=\"height:1px\" src=\"about:blank\" frameBorder=\"0\" scrolling=\"no\" title=\"Energia\"><\/iframe><\/div>\n<p>&nbsp;<\/p>\n<hr \/>\n<h3>Mekaaninen energia<\/h3>\n<div class=\"h5p-iframe-wrapper\"><iframe id=\"h5p-iframe-257\" class=\"h5p-iframe\" data-content-id=\"257\" style=\"height:1px\" src=\"about:blank\" frameBorder=\"0\" scrolling=\"no\" title=\"Mekaaninen energia\"><\/iframe><\/div>\n<hr \/>\n<h3><span style=\"color: #003366\">Heiluri<\/span><\/h3>\n<div class=\"h5p-iframe-wrapper\"><iframe id=\"h5p-iframe-68\" class=\"h5p-iframe\" data-content-id=\"68\" style=\"height:1px\" src=\"about:blank\" frameBorder=\"0\" scrolling=\"no\" title=\"heiluri\"><\/iframe><\/div>\n<div class=\"h5p-iframe-wrapper\"><iframe id=\"h5p-iframe-69\" class=\"h5p-iframe\" data-content-id=\"69\" style=\"height:1px\" src=\"about:blank\" frameBorder=\"0\" scrolling=\"no\" title=\"heiluri\"><\/iframe><\/div>\n<div class=\"h5p-iframe-wrapper\"><iframe id=\"h5p-iframe-70\" class=\"h5p-iframe\" data-content-id=\"70\" style=\"height:1px\" src=\"about:blank\" frameBorder=\"0\" scrolling=\"no\" title=\"heiluri\"><\/iframe><\/div>\n<div class=\"h5p-iframe-wrapper\"><iframe id=\"h5p-iframe-71\" class=\"h5p-iframe\" data-content-id=\"71\" style=\"height:1px\" src=\"about:blank\" frameBorder=\"0\" scrolling=\"no\" title=\"heiluri\"><\/iframe><\/div>\n<hr \/>\n<h2>Ty\u00f6, teho ja energia<\/h2>\n<h3>Ty\u00f6<\/h3>\n<div class=\"h5p-iframe-wrapper\"><iframe id=\"h5p-iframe-149\" class=\"h5p-iframe\" data-content-id=\"149\" style=\"height:1px\" src=\"about:blank\" frameBorder=\"0\" scrolling=\"no\" title=\"ty\u00f6\"><\/iframe><\/div>\n<div class=\"h5p-iframe-wrapper\"><iframe id=\"h5p-iframe-150\" class=\"h5p-iframe\" data-content-id=\"150\" style=\"height:1px\" src=\"about:blank\" frameBorder=\"0\" scrolling=\"no\" title=\"ty\u00f6\"><\/iframe><\/div>\n<div class=\"h5p-iframe-wrapper\"><iframe id=\"h5p-iframe-154\" class=\"h5p-iframe\" data-content-id=\"154\" style=\"height:1px\" src=\"about:blank\" frameBorder=\"0\" scrolling=\"no\" title=\"ty\u00f6\"><\/iframe><\/div>\n<hr \/>\n<p>&nbsp;<\/p>\n<h3>Teho<\/h3>\n<div class=\"h5p-iframe-wrapper\"><iframe id=\"h5p-iframe-155\" class=\"h5p-iframe\" data-content-id=\"155\" style=\"height:1px\" src=\"about:blank\" frameBorder=\"0\" scrolling=\"no\" title=\"teho\"><\/iframe><\/div>\n<div class=\"h5p-iframe-wrapper\"><iframe id=\"h5p-iframe-156\" class=\"h5p-iframe\" data-content-id=\"156\" style=\"height:1px\" src=\"about:blank\" frameBorder=\"0\" scrolling=\"no\" title=\"teho\"><\/iframe><\/div>\n<hr \/>\n<div class=\"h5p-iframe-wrapper\"><iframe id=\"h5p-iframe-152\" class=\"h5p-iframe\" data-content-id=\"152\" style=\"height:1px\" src=\"about:blank\" frameBorder=\"0\" scrolling=\"no\" title=\"Ty\u00f6, teho ja energia\"><\/iframe><\/div>\n<h3><\/h3>\n<hr \/>\n<h2>Paine<\/h2>\n<div class=\"h5p-iframe-wrapper\"><iframe id=\"h5p-iframe-258\" class=\"h5p-iframe\" data-content-id=\"258\" style=\"height:1px\" src=\"about:blank\" frameBorder=\"0\" scrolling=\"no\" title=\"Paine\"><\/iframe><\/div>\n<div class=\"h5p-iframe-wrapper\"><iframe id=\"h5p-iframe-290\" class=\"h5p-iframe\" data-content-id=\"290\" style=\"height:1px\" src=\"about:blank\" frameBorder=\"0\" scrolling=\"no\" title=\"Paine\"><\/iframe><\/div>\n<hr \/>\n<h2><\/h2>\n<h2><span style=\"color: #000080\">Harjoituskoe mekaniikasta<\/span><\/h2>\n<p>&nbsp;<\/p>\n<div class=\"h5p-iframe-wrapper\"><iframe id=\"h5p-iframe-19\" class=\"h5p-iframe\" data-content-id=\"19\" style=\"height:1px\" src=\"about:blank\" frameBorder=\"0\" scrolling=\"no\" title=\"mekaniikan koe\"><\/iframe><\/div>\n<p>&nbsp;<\/p>\n<hr \/>\n<h2><span style=\"color: #000080\">Kertaus: Mekaniikka 1<\/span><\/h2>\n<div class=\"h5p-iframe-wrapper\"><iframe id=\"h5p-iframe-67\" class=\"h5p-iframe\" data-content-id=\"67\" style=\"height:1px\" src=\"about:blank\" frameBorder=\"0\" scrolling=\"no\" title=\"Mekaniikan kertaus 1\"><\/iframe><\/div>\n<hr \/>\n<div class=\"h5p-iframe-wrapper\"><iframe id=\"h5p-iframe-287\" class=\"h5p-iframe\" data-content-id=\"287\" style=\"height:1px\" src=\"about:blank\" frameBorder=\"0\" scrolling=\"no\" title=\"Mekaniikan kaavojen kertaus\"><\/iframe><\/div>\n<hr \/>\n<div class=\"h5p-iframe-wrapper\"><iframe id=\"h5p-iframe-288\" class=\"h5p-iframe\" data-content-id=\"288\" style=\"height:1px\" src=\"about:blank\" frameBorder=\"0\" scrolling=\"no\" title=\"Mekaniikan suureiden yksik\u00f6t\"><\/iframe><\/div>\n<hr \/>\n<div class=\"h5p-iframe-wrapper\"><iframe id=\"h5p-iframe-289\" class=\"h5p-iframe\" data-content-id=\"289\" style=\"height:1px\" src=\"about:blank\" frameBorder=\"0\" scrolling=\"no\" title=\"Mekaniikan suureiden symbolit\"><\/iframe><\/div>\n<hr \/>\n<h2><span style=\"color: #333399\">ALIAS-peli mekaniikasta<\/span><\/h2>\n<div class=\"h5p-iframe-wrapper\"><iframe id=\"h5p-iframe-286\" class=\"h5p-iframe\" data-content-id=\"286\" style=\"height:1px\" src=\"about:blank\" frameBorder=\"0\" scrolling=\"no\" title=\"Alias-mekaniikka\"><\/iframe><\/div>\n","protected":false},"excerpt":{"rendered":"<p>Harjoitusteht\u00e4vi\u00e4 mekaniikasta Teht\u00e4vi\u00e4 kiihtyvyydest\u00e4 Teht\u00e4vi\u00e4 kiihtyvyydest\u00e4-vastaukset Liike koordinaatistossa muistipeli mekaniikan yksik\u00f6ist\u00e4 mekaniikka mekaniikan kertaus 1. Nopeuslaskuja noste mekaniikan teht\u00e4vi\u00e4 mekaniikan suureet mekaniikan kertaus mekaniikan harjoitusteht\u00e4v\u00e4t Harjoituskokeita mekaniikan koe mekaniikan koe2 Mekaniikan teht\u00e4vi\u00e4 H5P:ll\u00e4: &nbsp; Nopeuden yksik\u00f6t &nbsp; &nbsp; Nopeus &#8211; aika- matka &nbsp; &nbsp; &nbsp; MATKA-AIKA -kuvaajien tulkintaa &nbsp; &nbsp; &nbsp; &nbsp; NOPEUS-AIKA -kuvaajien tulkintaa &nbsp; &nbsp; &nbsp; Kiihtyvyys &nbsp; &nbsp; Tiheys &nbsp; Tiheys ja noste &nbsp; Mekaaninen energia &nbsp; &nbsp; &nbsp; &nbsp; &nbsp; Mekaaninen energia Valitse kaikki oikeat vaihtoehdot&#8230;.<\/p>\n<p class=\"read-more\"><a class=\"btn btn-default\" href=\"https:\/\/blog.edu.turku.fi\/mikan-matikkaa\/fysiikka\/mekaniikka\/\"> Read More<span class=\"screen-reader-text\">  Read More<\/span><\/a><\/p>\n","protected":false},"author":811,"featured_media":405,"parent":11,"menu_order":0,"comment_status":"closed","ping_status":"closed","template":"","meta":{"footnotes":""},"class_list":["post-40","page","type-page","status-publish","has-post-thumbnail","hentry"],"_links":{"self":[{"href":"https:\/\/blog.edu.turku.fi\/mikan-matikkaa\/wp-json\/wp\/v2\/pages\/40","targetHints":{"allow":["GET"]}}],"collection":[{"href":"https:\/\/blog.edu.turku.fi\/mikan-matikkaa\/wp-json\/wp\/v2\/pages"}],"about":[{"href":"https:\/\/blog.edu.turku.fi\/mikan-matikkaa\/wp-json\/wp\/v2\/types\/page"}],"author":[{"embeddable":true,"href":"https:\/\/blog.edu.turku.fi\/mikan-matikkaa\/wp-json\/wp\/v2\/users\/811"}],"replies":[{"embeddable":true,"href":"https:\/\/blog.edu.turku.fi\/mikan-matikkaa\/wp-json\/wp\/v2\/comments?post=40"}],"version-history":[{"count":38,"href":"https:\/\/blog.edu.turku.fi\/mikan-matikkaa\/wp-json\/wp\/v2\/pages\/40\/revisions"}],"predecessor-version":[{"id":841,"href":"https:\/\/blog.edu.turku.fi\/mikan-matikkaa\/wp-json\/wp\/v2\/pages\/40\/revisions\/841"}],"up":[{"embeddable":true,"href":"https:\/\/blog.edu.turku.fi\/mikan-matikkaa\/wp-json\/wp\/v2\/pages\/11"}],"wp:featuredmedia":[{"embeddable":true,"href":"https:\/\/blog.edu.turku.fi\/mikan-matikkaa\/wp-json\/wp\/v2\/media\/405"}],"wp:attachment":[{"href":"https:\/\/blog.edu.turku.fi\/mikan-matikkaa\/wp-json\/wp\/v2\/media?parent=40"}],"curies":[{"name":"wp","href":"https:\/\/api.w.org\/{rel}","templated":true}]}}