{"id":33,"date":"2021-01-27T22:04:33","date_gmt":"2021-01-27T20:04:33","guid":{"rendered":"https:\/\/blog.edu.turku.fi\/mikan-matikkaa\/?page_id=33"},"modified":"2021-03-11T15:05:55","modified_gmt":"2021-03-11T13:05:55","slug":"opetuksen-pelillistaminen","status":"publish","type":"page","link":"https:\/\/blog.edu.turku.fi\/mikan-matikkaa\/opetuksen-pelillistaminen\/","title":{"rendered":"Opetuksen pelillist\u00e4minen"},"content":{"rendered":"<h4><img loading=\"lazy\" decoding=\"async\" class=\"alignleft size-medium wp-image-331\" src=\"https:\/\/blog.edu.turku.fi\/mikan-matikkaa\/files\/2021\/02\/IMG_20210205_171631-300x260.jpg\" alt=\"\" width=\"300\" height=\"260\" srcset=\"https:\/\/blog.edu.turku.fi\/mikan-matikkaa\/files\/2021\/02\/IMG_20210205_171631-300x260.jpg 300w, https:\/\/blog.edu.turku.fi\/mikan-matikkaa\/files\/2021\/02\/IMG_20210205_171631.jpg 1024w\" sizes=\"auto, (max-width: 300px) 100vw, 300px\" \/>JustOne-pelit<\/h4>\n<ul>\n<li><a href=\"https:\/\/blog.edu.turku.fi\/mikan-matikkaa\/files\/2021\/02\/JUST-ONE.pptx\">JUST ONE -pelipohja<\/a><\/li>\n<li><a href=\"https:\/\/blog.edu.turku.fi\/mikan-matikkaa\/files\/2021\/02\/JUST-ONE_kemia-7-luokka.pptx\" target=\"_blank\" rel=\"noopener noreferrer\">JUST ONE-peli 7. luokan kemiasta<\/a><\/li>\n<li><a href=\"https:\/\/blog.edu.turku.fi\/mikan-matikkaa\/files\/2021\/02\/JUST-ONE_LAMPOOPPI.pptx\" target=\"_blank\" rel=\"noopener noreferrer\">JUST ONE -peli l\u00e4mp\u00f6opista<\/a><\/li>\n<\/ul>\n<p>&nbsp;<\/p>\n<p>&nbsp;<\/p>\n<p>&nbsp;<\/p>\n<p>&nbsp;<\/p>\n<ul>\n<li><a href=\"https:\/\/blog.edu.turku.fi\/mikan-matikkaa\/files\/2021\/02\/kulmapeli.pptx\" target=\"_blank\" rel=\"noopener noreferrer\">geometriaan peli kulman mittaamisesta<\/a><\/li>\n<\/ul>\n<h4><a href=\"https:\/\/blog.edu.turku.fi\/mikan-matikkaa\/opetuksen-pelillistaminen\/pakohuone-aloitus\/\">Pakohuonepeli<\/a><\/h4>\n<h4>Pakohuonepelej\u00e4 netiss\u00e4<\/h4>\n<ul>\n<li><a href=\"https:\/\/wakelet.com\/wake\/F2E20ffsSVviOAkvCaWyE\" target=\"_blank\" rel=\"noopener noreferrer\">wakelet<\/a><\/li>\n<li><a href=\"https:\/\/www.classdojo.com\/fr-fr\/?redirect=true\" target=\"_blank\" rel=\"noopener noreferrer\">classdojo<\/a><\/li>\n<\/ul>\n<h4>Pelej\u00e4<\/h4>\n<p><a href=\"https:\/\/blog.edu.turku.fi\/mikan-matikkaa\/files\/2021\/02\/Hare-and-hounds.pptx\" target=\"_blank\" rel=\"noopener noreferrer\">Hare and hounds<\/a><\/p>\n","protected":false},"excerpt":{"rendered":"<p>JustOne-pelit JUST ONE -pelipohja JUST ONE-peli 7. luokan kemiasta JUST ONE -peli l\u00e4mp\u00f6opista &nbsp; &nbsp; &nbsp; &nbsp; geometriaan peli kulman mittaamisesta Pakohuonepeli Pakohuonepelej\u00e4 netiss\u00e4 wakelet classdojo Pelej\u00e4 Hare and hounds<\/p>\n","protected":false},"author":811,"featured_media":259,"parent":0,"menu_order":0,"comment_status":"closed","ping_status":"closed","template":"","meta":{"footnotes":""},"class_list":["post-33","page","type-page","status-publish","has-post-thumbnail","hentry"],"_links":{"self":[{"href":"https:\/\/blog.edu.turku.fi\/mikan-matikkaa\/wp-json\/wp\/v2\/pages\/33","targetHints":{"allow":["GET"]}}],"collection":[{"href":"https:\/\/blog.edu.turku.fi\/mikan-matikkaa\/wp-json\/wp\/v2\/pages"}],"about":[{"href":"https:\/\/blog.edu.turku.fi\/mikan-matikkaa\/wp-json\/wp\/v2\/types\/page"}],"author":[{"embeddable":true,"href":"https:\/\/blog.edu.turku.fi\/mikan-matikkaa\/wp-json\/wp\/v2\/users\/811"}],"replies":[{"embeddable":true,"href":"https:\/\/blog.edu.turku.fi\/mikan-matikkaa\/wp-json\/wp\/v2\/comments?post=33"}],"version-history":[{"count":12,"href":"https:\/\/blog.edu.turku.fi\/mikan-matikkaa\/wp-json\/wp\/v2\/pages\/33\/revisions"}],"predecessor-version":[{"id":318,"href":"https:\/\/blog.edu.turku.fi\/mikan-matikkaa\/wp-json\/wp\/v2\/pages\/33\/revisions\/318"}],"wp:featuredmedia":[{"embeddable":true,"href":"https:\/\/blog.edu.turku.fi\/mikan-matikkaa\/wp-json\/wp\/v2\/media\/259"}],"wp:attachment":[{"href":"https:\/\/blog.edu.turku.fi\/mikan-matikkaa\/wp-json\/wp\/v2\/media?parent=33"}],"curies":[{"name":"wp","href":"https:\/\/api.w.org\/{rel}","templated":true}]}}