{"id":134,"date":"2021-01-31T18:01:08","date_gmt":"2021-01-31T16:01:08","guid":{"rendered":"https:\/\/blog.edu.turku.fi\/mikan-matikkaa\/?page_id=134"},"modified":"2024-05-21T10:56:26","modified_gmt":"2024-05-21T07:56:26","slug":"paassalaskuja","status":"publish","type":"page","link":"https:\/\/blog.edu.turku.fi\/mikan-matikkaa\/paassalaskuja\/","title":{"rendered":"P\u00e4\u00e4ss\u00e4laskuja"},"content":{"rendered":"<p><img loading=\"lazy\" decoding=\"async\" class=\"alignnone size-medium wp-image-135\" src=\"https:\/\/blog.edu.turku.fi\/mikan-matikkaa\/files\/2021\/01\/lataus-300x131.jpg\" alt=\"\" width=\"300\" height=\"131\" srcset=\"https:\/\/blog.edu.turku.fi\/mikan-matikkaa\/files\/2021\/01\/lataus-300x131.jpg 300w, https:\/\/blog.edu.turku.fi\/mikan-matikkaa\/files\/2021\/01\/lataus.jpg 339w\" sizes=\"auto, (max-width: 300px) 100vw, 300px\" \/><\/p>\n<ul>\n<li><a href=\"https:\/\/users.edu.turku.fi\/miranta\/documents\/PaaSSaLASKUJAPOTENSSEISTA.doc\">p\u00e4\u00e4ss\u00e4laskuja potensseista <\/a><\/li>\n<li><a href=\"https:\/\/users.edu.turku.fi\/miranta\/documents\/PaaSSaLASKUJA.doc\">P\u00e4\u00e4ss\u00e4laskuja 1 <\/a><\/li>\n<li><a href=\"https:\/\/users.edu.turku.fi\/miranta\/documents\/Paassalaskuja2.doc\">P\u00e4\u00e4ss\u00e4laskuja2<\/a><\/li>\n<li><a href=\"https:\/\/users.edu.turku.fi\/miranta\/documents\/paassalaskujayhteenjavahennyslaskut.doc\">p\u00e4\u00e4ss\u00e4laskuja yhteen- ja v\u00e4hennyslaskuista<\/a><\/li>\n<li><a href=\"https:\/\/users.edu.turku.fi\/miranta\/documents\/Hankaliapaassalaskuja_000.doc\">Hankalia p\u00e4\u00e4ss\u00e4laskuja<\/a><\/li>\n<li><a href=\"https:\/\/users.edu.turku.fi\/miranta\/tehtavat\/vanhat.doc\">P\u00e4\u00e4ss\u00e4laskuja vanhoista mittayksik\u00f6ist\u00e4<\/a><\/li>\n<\/ul>\n<hr \/>\n<h4>Kertolaskuja<\/h4>\n<div class=\"h5p-iframe-wrapper\"><iframe id=\"h5p-iframe-263\" class=\"h5p-iframe\" data-content-id=\"263\" style=\"height:1px\" src=\"about:blank\" frameBorder=\"0\" scrolling=\"no\" title=\"Kertolaskuja\"><\/iframe><\/div>\n<hr \/>\n<h4>Jakolaskuja<\/h4>\n<div class=\"h5p-iframe-wrapper\"><iframe id=\"h5p-iframe-264\" class=\"h5p-iframe\" data-content-id=\"264\" style=\"height:1px\" src=\"about:blank\" frameBorder=\"0\" scrolling=\"no\" title=\"jakolaskuja\"><\/iframe><\/div>\n<hr \/>\n<p>&nbsp;<\/p>\n","protected":false},"excerpt":{"rendered":"<p>p\u00e4\u00e4ss\u00e4laskuja potensseista P\u00e4\u00e4ss\u00e4laskuja 1 P\u00e4\u00e4ss\u00e4laskuja2 p\u00e4\u00e4ss\u00e4laskuja yhteen- ja v\u00e4hennyslaskuista Hankalia p\u00e4\u00e4ss\u00e4laskuja P\u00e4\u00e4ss\u00e4laskuja vanhoista mittayksik\u00f6ist\u00e4 Kertolaskuja Jakolaskuja &nbsp;<\/p>\n","protected":false},"author":811,"featured_media":0,"parent":0,"menu_order":0,"comment_status":"closed","ping_status":"closed","template":"","meta":{"footnotes":""},"class_list":["post-134","page","type-page","status-publish","hentry"],"_links":{"self":[{"href":"https:\/\/blog.edu.turku.fi\/mikan-matikkaa\/wp-json\/wp\/v2\/pages\/134","targetHints":{"allow":["GET"]}}],"collection":[{"href":"https:\/\/blog.edu.turku.fi\/mikan-matikkaa\/wp-json\/wp\/v2\/pages"}],"about":[{"href":"https:\/\/blog.edu.turku.fi\/mikan-matikkaa\/wp-json\/wp\/v2\/types\/page"}],"author":[{"embeddable":true,"href":"https:\/\/blog.edu.turku.fi\/mikan-matikkaa\/wp-json\/wp\/v2\/users\/811"}],"replies":[{"embeddable":true,"href":"https:\/\/blog.edu.turku.fi\/mikan-matikkaa\/wp-json\/wp\/v2\/comments?post=134"}],"version-history":[{"count":4,"href":"https:\/\/blog.edu.turku.fi\/mikan-matikkaa\/wp-json\/wp\/v2\/pages\/134\/revisions"}],"predecessor-version":[{"id":810,"href":"https:\/\/blog.edu.turku.fi\/mikan-matikkaa\/wp-json\/wp\/v2\/pages\/134\/revisions\/810"}],"wp:attachment":[{"href":"https:\/\/blog.edu.turku.fi\/mikan-matikkaa\/wp-json\/wp\/v2\/media?parent=134"}],"curies":[{"name":"wp","href":"https:\/\/api.w.org\/{rel}","templated":true}]}}