{"id":31,"date":"2016-04-05T16:50:45","date_gmt":"2016-04-05T13:50:45","guid":{"rendered":"https:\/\/blog.edu.turku.fi\/luostarivuori\/?page_id=31"},"modified":"2026-01-27T12:17:07","modified_gmt":"2026-01-27T10:17:07","slug":"opiskelu","status":"publish","type":"page","link":"https:\/\/blog.edu.turku.fi\/luostarivuori\/opiskelu\/","title":{"rendered":"Yl\u00e4koulun opiskelulinkkej\u00e4"},"content":{"rendered":"<p><a href=\"https:\/\/drive.google.com\/file\/d\/182I_EOwXVEO2LFKnIQrOJJbZRPWL0WHR\/view?usp=sharing\">Valinnaisaineopas 2026-2028<\/a> (pdf)<\/p>\n<p><a href=\"https:\/\/blog.edu.turku.fi\/ops2016\/files\/2015\/04\/LUOSTARIVUORI-OPS-2016.pdf\">Luostarivuoren koulun opetussuunnitelma<\/a><\/p>\n<p><a href=\"https:\/\/blog.edu.turku.fi\/luostarivuori\/files\/2022\/05\/ARVIOINTI-Luostarivuoren-koulussa-ydinkohdat.pdf\">ARVIOINTI Luostarivuoren koulussa ydinkohdat<\/a><\/p>\n<p><a href=\"https:\/\/docs.google.com\/document\/d\/11My-YzRWg8BKREwijayFByUz_RXUsCBW\/edit?usp=drive_link&amp;ouid=109697730237610551413&amp;rtpof=true&amp;sd=true\">Toimintamallit kiusaamiseen ja h\u00e4irint\u00e4\u00e4n puuttumiseksi<\/a><\/p>\n<p><a href=\"https:\/\/www.turku.fi\/sites\/default\/files\/atoms\/files\/poissaolomalli_info_huoltajille_0.pdf\">Poissaoloihin puuttuminen Turun perusopetuksessa<\/a><\/p>\n<p><a href=\"http:\/\/www.turku.fi\/paivahoito-ja-koulutus\/perusopetus\/peruskoulut-ja-palvelut\/tyo-ja-loma-ajat\">Ty\u00f6- ja loma-ajat Turussa<\/a> (turku.fi)<\/p>\n<p><a href=\"https:\/\/blog.edu.turku.fi\/ops2016\/files\/2015\/04\/LUOSTARIVUORI-OPS-2016.pdf\">Luostarivuoren koulun opetussuunnitelma<\/a> (pdf)<\/p>\n<p><a href=\"https:\/\/www.oph.fi\/fi\/koulutus-ja-tutkinnot\/kurinpitokeinot-ja-turvaamistoimenpiteet-perusopetuksessa\">Kurinpitokeinot ja turvaamistoimenpiteet perusopetuksessa (oph.fi)<\/a><\/p>\n<p><a href=\"https:\/\/drive.google.com\/file\/d\/1DKQhdIBUtRVMeO8Gb44iggT-xKKkvLBZ\/view?usp=sharing\">Yl\u00e4koulun Opiskeluopas 2025-2026 sis\u00e4lt\u00e4en koulun j\u00e4rjestyss\u00e4\u00e4nn\u00f6t<\/a> (pdf)<\/p>\n<p><a href=\"https:\/\/edumailturku-my.sharepoint.com\/:w:\/r\/personal\/inka_rautiainen_edu_turku_fi\/_layouts\/15\/Doc.aspx?guestaccesstoken=oDoVEARGZN2wagwOdbuE12MT2IBe8Q2AYo5ZQsRKvoQ%3D&amp;docid=06020e1d51621427ca9243260823a4d49&amp;expiration=2025-11-01T11%3A25%3A43.000Z&amp;action=default\">Lukudiplomi<\/a> (docx)<\/p>\n<p><a href=\"https:\/\/drive.google.com\/file\/d\/0B7Chrgt7hLGZTlM1Y002bXRzUFk\/view?usp=sharing\">Oppiaineiden arviointikriteerit, ei koske p\u00e4\u00e4tt\u00f6arviointia<\/a> (pdf)<\/p>\n<p>&nbsp;<\/p>\n","protected":false},"excerpt":{"rendered":"<p>Valinnaisaineopas 2026-2028 (pdf) Luostarivuoren koulun opetussuunnitelma ARVIOINTI Luostarivuoren koulussa ydinkohdat Toimintamallit kiusaamiseen ja h\u00e4irint\u00e4\u00e4n puuttumiseksi Poissaoloihin puuttuminen Turun perusopetuksessa Ty\u00f6- ja loma-ajat Turussa (turku.fi) Luostarivuoren koulun opetussuunnitelma (pdf) Kurinpitokeinot ja turvaamistoimenpiteet perusopetuksessa (oph.fi) Yl\u00e4koulun Opiskeluopas 2025-2026 sis\u00e4lt\u00e4en koulun j\u00e4rjestyss\u00e4\u00e4nn\u00f6t (pdf) Lukudiplomi (docx) Oppiaineiden arviointikriteerit, ei koske p\u00e4\u00e4tt\u00f6arviointia (pdf) &nbsp;<\/p>\n","protected":false},"author":216,"featured_media":0,"parent":0,"menu_order":0,"comment_status":"closed","ping_status":"closed","template":"","meta":{"footnotes":""},"class_list":["post-31","page","type-page","status-publish","hentry"],"_links":{"self":[{"href":"https:\/\/blog.edu.turku.fi\/luostarivuori\/wp-json\/wp\/v2\/pages\/31","targetHints":{"allow":["GET"]}}],"collection":[{"href":"https:\/\/blog.edu.turku.fi\/luostarivuori\/wp-json\/wp\/v2\/pages"}],"about":[{"href":"https:\/\/blog.edu.turku.fi\/luostarivuori\/wp-json\/wp\/v2\/types\/page"}],"author":[{"embeddable":true,"href":"https:\/\/blog.edu.turku.fi\/luostarivuori\/wp-json\/wp\/v2\/users\/216"}],"replies":[{"embeddable":true,"href":"https:\/\/blog.edu.turku.fi\/luostarivuori\/wp-json\/wp\/v2\/comments?post=31"}],"version-history":[{"count":93,"href":"https:\/\/blog.edu.turku.fi\/luostarivuori\/wp-json\/wp\/v2\/pages\/31\/revisions"}],"predecessor-version":[{"id":3214,"href":"https:\/\/blog.edu.turku.fi\/luostarivuori\/wp-json\/wp\/v2\/pages\/31\/revisions\/3214"}],"wp:attachment":[{"href":"https:\/\/blog.edu.turku.fi\/luostarivuori\/wp-json\/wp\/v2\/media?parent=31"}],"curies":[{"name":"wp","href":"https:\/\/api.w.org\/{rel}","templated":true}]}}