{"id":3092,"date":"2025-10-17T10:48:55","date_gmt":"2025-10-17T07:48:55","guid":{"rendered":"https:\/\/blog.edu.turku.fi\/luostarivuori\/?page_id=3092"},"modified":"2025-10-17T10:51:49","modified_gmt":"2025-10-17T07:51:49","slug":"koulutapaturmat-ja-esinevahingot","status":"publish","type":"page","link":"https:\/\/blog.edu.turku.fi\/luostarivuori\/koulutapaturmat-ja-esinevahingot\/","title":{"rendered":"Koulutapaturmat ja esinevahingot"},"content":{"rendered":"<h1>Koulutapaturmat<\/h1>\n<p><u>Koulutapaturma\u00a0<\/u>on perusopetuksen oppilaalle tai lukiolaiselle sattunut tapaturma koulussa, koulumatkalla tai koulun toimintasuunnitelmaan liittyv\u00e4ss\u00e4 muussa toiminnassa, esim. leirikoulussa, retkell\u00e4 ym. Tapaturman sattuessa.<\/p>\n<h4>Toimintaohjeet tapaturman sattuessa<\/h4>\n<p>Liev\u00e4t koulup\u00e4iv\u00e4n aikana sattuneet tapaturmat hoitaa kouluterveydenhoitaja tai mik\u00e4li h\u00e4n ei ole paikalla, opettaja hoitaa.<\/p>\n<ul>\n<li>Tarvittaessa oppilas l\u00e4hetet\u00e4\u00e4n yhteisp\u00e4ivystykseen Tyks, T-sairaala, Savitehtaankatu 1.<\/li>\n<li>Hammastapaturmissa ohjataan kaupungin terveyskeskuksen hammashoitolaan<\/li>\n<li>Mik\u00e4li oppilaan k\u00e4yt\u00f6ss\u00e4 olevat silm\u00e4lasit rikkoutuvat l\u00e4\u00e4k\u00e4rinhoitoa edellytt\u00e4v\u00e4n tapaturman yhteydess\u00e4, korvaa vakuutus niiden korjauskustannukset tai jos korjaaminen on mahdotonta, entist\u00e4 vastaavat hankintakulut.<\/li>\n<li>Koululla terveydenhoitaja tai opettaja tekee vahinkoilmoituksen L\u00e4hiTapiolaan.<\/li>\n<\/ul>\n<p>Koulutapaturmissa ensisijainen hoitopaikka on Tyksin yhteisp\u00e4ivystys, mutta halutessaan huoltaja voi kuitenkin itse vied\u00e4 lapsen hoidettavaksi my\u00f6s yksityiselle l\u00e4\u00e4k\u00e4riasemalle. Huoltaja saa koulusta vakuutustodistuksen, joka tarvitaan hoitoon menness\u00e4. T\u00e4m\u00e4 todistus antaa hoitolaitokselle oikeuden laskuttaa suoraan L\u00e4hiTapiolaa.<\/p>\n<p>Huoltaja voi halutessaan maksaa kulut ensin itse ja hakea korvausta L\u00e4hiTapiolasta.<\/p>\n<h3>Lis\u00e4tietoja<\/h3>\n<p>Lis\u00e4tietoja korvausasioista saa soittamalla L\u00e4hiTapiolaan puh. (09)\u00a0453\u00a02316.<\/p>\n<p><a href=\"https:\/\/www.turku.fi\/perusopetus\/koulutapaturmat-ja-niiden-korvaaminen\">Koulutapaturmat<\/a><\/p>\n<p><a href=\"https:\/\/blog.edu.turku.fi\/nummenpakka\/files\/2022\/05\/Turun-kaupunki-korvauksenhakuohje_koulussa-sattuneet-tapaturmat.pdf\">L\u00e4hi-Tapiolan tiedote tapaturmavakuutuksesta<\/a><\/p>\n<h1>Esinevahingot<\/h1>\n<p>Turun kaupungin koulussa olevan oppilaan henkil\u00f6kohtaisen omaisuuden korvaamisessa l\u00e4ht\u00f6kohtana on, ett\u00e4 jokainen vastaa itse itselleen aiheutuneista vahingoista.<\/p>\n<p>Vahingonkorvauksen saaminen vaatii vastuuperusteen. Korvattaviin tapauksiin sovelletaan vahingonkorvauslakia.<\/p>\n<p>Mik\u00e4li oppilaalle sattuu esinevahinko oppitunnilla opetustilanteessa (esim. kemian tunnilla happoa roiskahtaa vaatteelle, liikuntatunnilla pallo rikkoo silm\u00e4lasit), on Turun kaupungilla ollut k\u00e4yt\u00e4nt\u00f6n\u00e4, ett\u00e4 kaupunki yleens\u00e4 korvaa vahingon saatuaan korvaushakemuksen ja koulun selvityksen vahingosta (Opetuslautakunta 25.8.1993 \u00a7 10 5113\/601-93).<\/p>\n<p><a href=\"https:\/\/www.turku.fi\/sites\/default\/files\/document\/korvaushakemus_omaisuusvahinko_2024.pdf\">https:\/\/www.turku.fi\/sites\/default\/files\/document\/korvaushakemus_omaisuusvahinko_2024.pdf<\/a><\/p>\n<p>&nbsp;<\/p>\n","protected":false},"excerpt":{"rendered":"<p>Koulutapaturmat Koulutapaturma\u00a0on perusopetuksen oppilaalle tai lukiolaiselle sattunut tapaturma koulussa, koulumatkalla tai koulun toimintasuunnitelmaan liittyv\u00e4ss\u00e4 muussa toiminnassa, esim. leirikoulussa, retkell\u00e4 ym. Tapaturman sattuessa. Toimintaohjeet tapaturman sattuessa Liev\u00e4t koulup\u00e4iv\u00e4n aikana sattuneet tapaturmat hoitaa kouluterveydenhoitaja tai mik\u00e4li h\u00e4n ei ole paikalla, opettaja hoitaa. Tarvittaessa oppilas l\u00e4hetet\u00e4\u00e4n yhteisp\u00e4ivystykseen Tyks, T-sairaala, Savitehtaankatu 1. Hammastapaturmissa ohjataan kaupungin terveyskeskuksen hammashoitolaan Mik\u00e4li oppilaan &hellip; <a href=\"https:\/\/blog.edu.turku.fi\/luostarivuori\/koulutapaturmat-ja-esinevahingot\/\" class=\"more-link\">Jatka lukemista<span class=\"screen-reader-text\"> &#8221;Koulutapaturmat ja esinevahingot&#8221;<\/span><\/a><\/p>\n","protected":false},"author":25,"featured_media":0,"parent":0,"menu_order":0,"comment_status":"closed","ping_status":"closed","template":"","meta":{"footnotes":""},"class_list":["post-3092","page","type-page","status-publish","hentry"],"_links":{"self":[{"href":"https:\/\/blog.edu.turku.fi\/luostarivuori\/wp-json\/wp\/v2\/pages\/3092","targetHints":{"allow":["GET"]}}],"collection":[{"href":"https:\/\/blog.edu.turku.fi\/luostarivuori\/wp-json\/wp\/v2\/pages"}],"about":[{"href":"https:\/\/blog.edu.turku.fi\/luostarivuori\/wp-json\/wp\/v2\/types\/page"}],"author":[{"embeddable":true,"href":"https:\/\/blog.edu.turku.fi\/luostarivuori\/wp-json\/wp\/v2\/users\/25"}],"replies":[{"embeddable":true,"href":"https:\/\/blog.edu.turku.fi\/luostarivuori\/wp-json\/wp\/v2\/comments?post=3092"}],"version-history":[{"count":3,"href":"https:\/\/blog.edu.turku.fi\/luostarivuori\/wp-json\/wp\/v2\/pages\/3092\/revisions"}],"predecessor-version":[{"id":3096,"href":"https:\/\/blog.edu.turku.fi\/luostarivuori\/wp-json\/wp\/v2\/pages\/3092\/revisions\/3096"}],"wp:attachment":[{"href":"https:\/\/blog.edu.turku.fi\/luostarivuori\/wp-json\/wp\/v2\/media?parent=3092"}],"curies":[{"name":"wp","href":"https:\/\/api.w.org\/{rel}","templated":true}]}}