{"id":2781,"date":"2025-04-03T08:52:27","date_gmt":"2025-04-03T05:52:27","guid":{"rendered":"https:\/\/blog.edu.turku.fi\/luostarivuori\/?page_id=2781"},"modified":"2025-12-01T11:04:02","modified_gmt":"2025-12-01T09:04:02","slug":"ruotsin-kielikylpyluokat","status":"publish","type":"page","link":"https:\/\/blog.edu.turku.fi\/luostarivuori\/artikkelit\/ruotsin-kielikylpyluokat\/","title":{"rendered":"Ruotsin kielikylpyluokat"},"content":{"rendered":"<h5><strong>Hakeminen 1. luokalle 2026<\/strong><strong>\u00a0<\/strong><\/h5>\n<ul>\n<li>Kieliluokalle haetaan <strong>Wilmassa 17.12.2025 menness\u00e4<\/strong>.<\/li>\n<li>Vieraskuntalaiset hakevat kieliluokkapaikkaa erillisell\u00e4 hakemuksella (linkki alla).\n<ul>\n<li><a title=\"https:\/\/www.turku.fi\/perusopetus\/perusopetuksen-kieliluokat\" href=\"https:\/\/www.turku.fi\/perusopetus\/perusopetuksen-kieliluokat\" data-auth=\"NotApplicable\" data-linkindex=\"1\" data-olk-copy-source=\"MessageBody\"> Perusop<\/a><a title=\"https:\/\/www.turku.fi\/perusopetus\/perusopetuksen-kieliluokat\" href=\"https:\/\/www.turku.fi\/perusopetus\/perusopetuksen-kieliluokat\" data-auth=\"NotApplicable\" data-linkindex=\"1\" data-olk-copy-source=\"MessageBody\">etuksen<\/a><a title=\"https:\/\/www.turku.fi\/perusopetus\/perusopetuksen-kieliluokat\" href=\"https:\/\/www.turku.fi\/perusopetus\/perusopetuksen-kieliluokat\" data-auth=\"NotApplicable\" data-linkindex=\"1\" data-olk-copy-source=\"MessageBody\"> kieliluokat | Tu<\/a><a title=\"https:\/\/www.turku.fi\/perusopetus\/perusopetuksen-kieliluokat\" href=\"https:\/\/www.turku.fi\/perusopetus\/perusopetuksen-kieliluokat\" data-auth=\"NotApplicable\" data-linkindex=\"1\" data-olk-copy-source=\"MessageBody\">rku.fi<\/a><\/li>\n<li>Hakemus tulee l\u00e4hett\u00e4\u00e4 \u00a0osoitteeseen <a href=\"mailto:perusopetus@turku.fi\">perusopetus@turku.fi <\/a><strong>17.12.2025 menness\u00e4.<\/strong><\/li>\n<\/ul>\n<\/li>\n<\/ul>\n<p><strong>Ruotsin kielikylpyluokan infotilaisuus<\/strong><\/p>\n<ul>\n<li>Kieliluokkatoimintaa ja kieliluokalle hakemista koskeva infotilaisuus pidet\u00e4\u00e4n <strong>tiistaina 2.12.2025 klo 18.00 Luostarivuoren koulun Martin yksik\u00f6ss\u00e4<\/strong> (Hopeasep\u00e4nkuja 2, 20810 Turku).<\/li>\n<li>Sis\u00e4\u00e4nk\u00e4ynti B-ovesta<\/li>\n<\/ul>\n<p><strong>Kieliluokkatestit<\/strong><\/p>\n<ul>\n<li>Kieliluokkatestit j\u00e4rjestet\u00e4\u00e4n <strong>21.1.-6.2.2026 Turun yliopistolla<\/strong>.<\/li>\n<li>Kutsu kieliluokkatesteihin l\u00e4hetet\u00e4\u00e4n huoltajan antamaan s\u00e4hk\u00f6postiin 12.1.2026.<\/li>\n<li>Kutsussa ilmoitetaan lapsen testip\u00e4iv\u00e4 ja kellonaika sek\u00e4 testipaikka.<\/li>\n<\/ul>\n<p><strong>P\u00e4\u00e4t\u00f6s kieliluokkapaikasta<\/strong><\/p>\n<ul>\n<li>P\u00e4\u00e4t\u00f6s kieliluokkapaikasta on n\u00e4ht\u00e4viss\u00e4 <strong>Wilmassa 31.3.2026<\/strong>.<\/li>\n<\/ul>\n<h5><strong>Oppilasvalinta ruotsin kielikylpyluokalle (1lk.)<\/strong><\/h5>\n<p>Kieliluokalle p\u00e4\u00e4semiseksi vaaditaan hyv\u00e4ksytty testitulos kielitestist\u00e4.<\/p>\n<p><strong>Hyv\u00e4ksymisj\u00e4rjestys<\/strong><\/p>\n<ol>\n<li>ensisijaisesti kielikylpyesikoulussa olevat oppilaat, jotka saavat hyv\u00e4ksytyn tuloksen kieliluokkatestist\u00e4<\/li>\n<li>turkulaiset kouluik\u00e4iset pistem\u00e4\u00e4r\u00e4n mukaisessa j\u00e4rjestyksess\u00e4<\/li>\n<li>vieraskuntalaiset kouluik\u00e4iset\u00a0 pistem\u00e4\u00e4r\u00e4n mukaisessa j\u00e4rjestyksess\u00e4<\/li>\n<\/ol>\n<p><strong>Lis\u00e4ys:<\/strong>\u00a0<em>Kasvatus- ja opetuslautakunnan suomenkielisen jaoston p\u00e4\u00e4t\u00f6ksen mukaan kielikylpyopetuksen oppilasvalinnassa k\u00e4ytet\u00e4\u00e4n muiden erikoisluokkien tapaan testimenettely\u00e4.\u00a0Testiss\u00e4 hyv\u00e4ksytyn pisterajan alittanut oppilas voidaan ottaa kielikylpytoimintaan mik\u00e4li kielikylpyluokassa on vapaita paikkoja ja esiopetus puoltaa kielikylpyopetuksen jatkumoa.<\/em><\/p>\n<h5><strong>Hakeminen 3. luokalle (erikoisluokkahaku)<\/strong><\/h5>\n<ul>\n<li><strong>Ruotsin kielikylpyluokalle otetaan uusia oppilaita vain, mik\u00e4li luokilla on vapaita oppilaspaikkoja<\/strong>. Oppilaspaikkoja voi tiedustella apulaisrehtori Juha M\u00e4enp\u00e4\u00e4lt\u00e4, juha.maenpaa@edu.turku.fi, 044 9074631.<\/li>\n<li>Hakeminen tapahtuu Wilman kautta <strong>7.1-21.1.2026<\/strong>.<\/li>\n<li>Vieraskuntalaiset hakevat erillisell\u00e4 hakemuksella (linkki alla).\n<ul>\n<li><a title=\"https:\/\/www.turku.fi\/perusopetus\/perusopetuksen-kieliluokat\" href=\"https:\/\/www.turku.fi\/perusopetus\/perusopetuksen-kieliluokat\" data-auth=\"NotApplicable\" data-linkindex=\"1\" data-olk-copy-source=\"MessageBody\"> Perusop<\/a><a title=\"https:\/\/www.turku.fi\/perusopetus\/perusopetuksen-kieliluokat\" href=\"https:\/\/www.turku.fi\/perusopetus\/perusopetuksen-kieliluokat\" data-auth=\"NotApplicable\" data-linkindex=\"1\" data-olk-copy-source=\"MessageBody\">etuksen<\/a><a title=\"https:\/\/www.turku.fi\/perusopetus\/perusopetuksen-kieliluokat\" href=\"https:\/\/www.turku.fi\/perusopetus\/perusopetuksen-kieliluokat\" data-auth=\"NotApplicable\" data-linkindex=\"1\" data-olk-copy-source=\"MessageBody\"> kieliluokat | Tu<\/a><a title=\"https:\/\/www.turku.fi\/perusopetus\/perusopetuksen-kieliluokat\" href=\"https:\/\/www.turku.fi\/perusopetus\/perusopetuksen-kieliluokat\" data-auth=\"NotApplicable\" data-linkindex=\"1\" data-olk-copy-source=\"MessageBody\">rku.fi<\/a><\/li>\n<li>Hakemus tulee toimittaa Luostarivuoren koulun Martin yksikk\u00f6\u00f6n (Hopeasep\u00e4nkuja 2, 20810 Turku) <strong>21.1.2026 menness\u00e4.<\/strong><\/li>\n<\/ul>\n<\/li>\n<li>Kieliluokkien t\u00e4ydennystestit j\u00e4rjestet\u00e4\u00e4n <strong>perjantaina 6.2.2026 klo 9.00-11.00<\/strong>. Hakijat saavat erillisen kutsun testiin.<\/li>\n<li>P\u00e4\u00e4t\u00f6s kieliluokkapaikasta on n\u00e4ht\u00e4viss\u00e4 <strong>Wilmassa 31.3.2026<\/strong><\/li>\n<\/ul>\n<p>&nbsp;<\/p>\n<h5><strong>Oppilaaksi ottaminen vuosiluokille 2-6<\/strong><\/h5>\n<p>Kieliluokkia voidaan t\u00e4ydent\u00e4\u00e4 vuosittain, mik\u00e4li luokilla on vapaita oppilaspaikkoja. Valintakriteerin\u00e4 kieliluokalle on kieliluokkatestin hyv\u00e4ksytty suoritus.<\/p>\n<p>Kieliluokkatestiss\u00e4 on kolme eri osa-aluetta, suomen kieli, ruotsin kieli ja matematiikka, joista kaikista on saatava hyv\u00e4ksytty tulos.<\/p>\n<p>Ennen hakemista tulee huoltajan tiedustella vapaita oppilaspaikkoja apulaisrehtori Juha M\u00e4enp\u00e4\u00e4lt\u00e4, juha.maenpaa@edu.turku.fi, 044 9074631.<\/p>\n<p>Vieraskuntalaiset hakevat erillisell\u00e4 hakulomakkeella. <a title=\"https:\/\/www.turku.fi\/perusopetus\/perusopetuksen-kieliluokat\" href=\"https:\/\/www.turku.fi\/perusopetus\/perusopetuksen-kieliluokat\" data-auth=\"NotApplicable\" data-linkindex=\"1\" data-olk-copy-source=\"MessageBody\">Perusop<\/a><a title=\"https:\/\/www.turku.fi\/perusopetus\/perusopetuksen-kieliluokat\" href=\"https:\/\/www.turku.fi\/perusopetus\/perusopetuksen-kieliluokat\" data-auth=\"NotApplicable\" data-linkindex=\"1\" data-olk-copy-source=\"MessageBody\">etuksen<\/a><a title=\"https:\/\/www.turku.fi\/perusopetus\/perusopetuksen-kieliluokat\" href=\"https:\/\/www.turku.fi\/perusopetus\/perusopetuksen-kieliluokat\" data-auth=\"NotApplicable\" data-linkindex=\"1\" data-olk-copy-source=\"MessageBody\">\u00a0kieliluokat | Tu<\/a><a title=\"https:\/\/www.turku.fi\/perusopetus\/perusopetuksen-kieliluokat\" href=\"https:\/\/www.turku.fi\/perusopetus\/perusopetuksen-kieliluokat\" data-auth=\"NotApplicable\" data-linkindex=\"1\" data-olk-copy-source=\"MessageBody\">rku.fi<\/a><\/p>\n<p>&nbsp;<\/p>\n<h1><span style=\"font-size: 14.6667px\">Kielikylpyopetuksen taustaa<\/span><\/h1>\n<p class=\"paragraph\" style=\"vertical-align: baseline\"><span class=\"normaltextrun\"><span style=\"font-size: 11.0pt\">Toiminta sai alkunsa Kanadassa 1960-luvulla. Kielikylpy toimii maissa, joissa on virallisia v\u00e4hemmist\u00f6kieli\u00e4. Suomessa kielikylpy\u00e4 tarjotaan ruotsin kielell\u00e4 \u00e4idinkielen\u00e4\u00e4n suomea puhuville lapsille.<\/span><\/span><\/p>\n<p class=\"paragraph\" style=\"vertical-align: baseline\"><span class=\"normaltextrun\"><span style=\"font-size: 11.0pt\">Kielikylpytoiminta alkoi Turussa vuonna 1987 Kellonsoittajankadun p\u00e4iv\u00e4kodissa. Ensimm\u00e4isin\u00e4 toimintavuosina lapsia \u201dautettiin\u201d v\u00e4lill\u00e4 puhumalla suomea.\u00a0 Syksyst\u00e4 1990 l\u00e4htien esikoulutuokioiden opetuskieleksi vaihdettiin ruotsin kieli ja luovuttiin suomen kielen k\u00e4yt\u00f6st\u00e4 kokonaan. Turussa alettiin t\u00e4ll\u00f6in k\u00e4ytt\u00e4\u00e4 ns. varhaisen t\u00e4ydellisen kielikylvyn opetusmenetelmi\u00e4 ja ohjelmaa.<\/span><\/span><\/p>\n<p class=\"paragraph\" style=\"vertical-align: baseline\"><span class=\"normaltextrun\"><span style=\"font-size: 11.0pt\">Ensimm\u00e4inen ruotsin kieliluokka aloitti toimintansa <\/span><\/span><span class=\"spellingerror\"><span style=\"font-size: 11.0pt\">Kerttulin<\/span><\/span><span class=\"normaltextrun\"><span style=\"font-size: 11.0pt\"> koulussa syksyll\u00e4 1992.\u00a0 Elokuussa 1994 <\/span><\/span><span class=\"spellingerror\"><span style=\"font-size: 11.0pt\">Kerttulin<\/span><\/span><span class=\"normaltextrun\"><span style=\"font-size: 11.0pt\"> koulussa aloitti ensimm\u00e4inen ruotsin kielikylpyluokka. Syksyst\u00e4 2012 l\u00e4htien kielikylpyluokat ovat toimineet Martin kouluyksik\u00f6ss\u00e4, joka on nyky\u00e4\u00e4n osa Luostarivuoren yhten\u00e4iskoulua.<\/span><\/span><span class=\"eop\"><span style=\"font-size: 11.0pt\">\u00a0Kielikylpyoppilaat opiskelevat koko perusopetuksen ajan Luostarivuoren koulussa siirtyen vuosiluokiksi 7 \u2013 9 Luostarikadun yksikk\u00f6\u00f6n.<\/span><\/span><\/p>\n<h3 class=\"paragraph\" style=\"vertical-align: baseline\"><span class=\"normaltextrun\"><span style=\"font-size: 11.0pt\">Kielikylpy t\u00e4n\u00e4\u00e4n<\/span><\/span><\/h3>\n<p class=\"paragraph\" style=\"vertical-align: baseline\"><span class=\"normaltextrun\"><span style=\"font-size: 11.0pt\">Turussa toteutetaan varhaista t\u00e4ydellist\u00e4 kielikylpy\u00e4. Kielikylpymetodin p\u00e4\u00e4m\u00e4\u00e4r\u00e4n\u00e4 on hyv\u00e4 toiminnallinen kaksikielisyys ja kielikylpy on v\u00e4line monikielisyyteen.<\/span><\/span><\/p>\n<p class=\"paragraph\" style=\"vertical-align: baseline\"><span class=\"normaltextrun\"><span style=\"font-size: 11.0pt\">Kielikylpyopetus aloitetaan Kerttulin p\u00e4iv\u00e4kodissa 5-vuotiaana osana esiopetusta, jatkuen perusopetuksena kielikylpyluokilla Luostarivuoren yhten\u00e4iskoulussa. Kielikylpyluokalle hakeminen tapahtuu kouluun ilmoittautumisen yhteydess\u00e4.<\/span><\/span><span class=\"eop\"><span style=\"font-size: 11.0pt\">\u00a0<\/span><\/span><span class=\"normaltextrun\"><span style=\"font-size: 11.0pt\"> P\u00e4\u00e4osa oppilaista kielikylpyluokilla on aloittanut kielikylvyn jo Kerttulin p\u00e4iv\u00e4kodissa ja ryhm\u00e4 jatkaa Luostarivuoren koulun Martin yksik\u00f6n luokkana.<\/span><\/span><\/p>\n<p class=\"paragraph\" style=\"vertical-align: baseline\"><span class=\"normaltextrun\"><span style=\"font-size: 11.0pt\">Oppilaat kuitenkin testataan ennen koulun aloitusta yleisell\u00e4 kielellisi\u00e4 valmiuksia mittaavalla testill\u00e4 (Turun yliopisto toteuttaa), jotta vaativa kaksikielinen opetus kielikylpyluokalla ei muodostuisi kohtuuttoman haastavaksi oppilaan yhdeks\u00e4n vuoden peruskouluaikana.<\/span><\/span><\/p>\n<p class=\"paragraph\" style=\"vertical-align: baseline\"><span class=\"normaltextrun\"><span style=\"font-size: 11.0pt\">Luokan maksimikoko on 25 oppilasta vuosiluokilla <\/span><\/span><span class=\"contextualspellingandgrammarerror\"><span style=\"font-size: 11.0pt\">1- 2<\/span><\/span><span class=\"normaltextrun\"><span style=\"font-size: 11.0pt\"> ja luokilla <\/span><\/span><span class=\"contextualspellingandgrammarerror\"><span style=\"font-size: 11.0pt\">3 \u2013 9<\/span><\/span><span class=\"normaltextrun\"><span style=\"font-size: 11.0pt\"> maksimikoko on 27 oppilasta. Luokille voidaan ottaa <\/span><\/span><span class=\"contextualspellingandgrammarerror\"><span style=\"font-size: 11.0pt\">uusia oppilaita eri vuosiluokilla,<\/span><\/span><span class=\"normaltextrun\"><span style=\"font-size: 11.0pt\"> mik\u00e4li luokilla on vapana olevia paikkoja. T\u00e4ll\u00f6in suoritetaan erillinen testaus, jolla varmennetaan oppilaan riitt\u00e4v\u00e4 osaaminen ruotsin kielell\u00e4 tapahtuvan opiskelun osalta.<\/span><\/span><\/p>\n<p class=\"paragraph\" style=\"vertical-align: baseline\"><span class=\"normaltextrun\"><span style=\"font-size: 11.0pt\">Vuosiluokilla <\/span><\/span><span class=\"contextualspellingandgrammarerror\"><span style=\"font-size: 11.0pt\">3 \u2013 4<\/span><\/span><span class=\"normaltextrun\"><span style=\"font-size: 11.0pt\"> on ruotsin osuus opetuksesta <\/span><\/span><span class=\"contextualspellingandgrammarerror\"><span style=\"font-size: 11.0pt\">70 \u2013 75<\/span><\/span><span class=\"normaltextrun\"><span style=\"font-size: 11.0pt\">% ja vuosiluokilla <\/span><\/span><span class=\"contextualspellingandgrammarerror\"><span style=\"font-size: 11.0pt\">5 \u2013 9<\/span><\/span><span class=\"normaltextrun\"><span style=\"font-size: 11.0pt\"> keskim\u00e4\u00e4rin <\/span><\/span><span class=\"contextualspellingandgrammarerror\"><span style=\"font-size: 11.0pt\">51%<\/span><\/span><span class=\"normaltextrun\"><span style=\"font-size: 11.0pt\"> viikon oppituntien kokonaism\u00e4\u00e4r\u00e4st\u00e4. Yhdeks\u00e4nnell\u00e4 vuosiluokalla ruotsin osuus on en\u00e4\u00e4 noin <\/span><\/span><span class=\"contextualspellingandgrammarerror\"><span style=\"font-size: 11.0pt\">30%<\/span><\/span><span class=\"normaltextrun\"><span style=\"font-size: 11.0pt\">, koska \u00e4idinkielelt\u00e4\u00e4n suomenkielisille kielikylpyoppilaille pyrit\u00e4\u00e4n perusopetuksen p\u00e4\u00e4tt\u00f6vaiheessa antamaan hyv\u00e4t valmiudet yleens\u00e4 omalla \u00e4idinkielell\u00e4 tapahtuviin toisen asteen opintoihin.<\/span><\/span><\/p>\n<p class=\"paragraph\" style=\"vertical-align: baseline\"><span class=\"normaltextrun\"><span style=\"font-size: 11.0pt\">Lukemaan ja kirjoittamaan opitaan ruotsiksi. Suomenkielinen osuus kasvaa kolmannelta luokalta l\u00e4htien 30 %:sta viidennen ja kuudennen luokan 50 %:iin. Kielikylpyopettajan \u00e4idinkieli on alakoulussa p\u00e4\u00e4s\u00e4\u00e4nt\u00f6isesti ruotsi.<\/span><\/span><\/p>\n<p class=\"paragraph\" style=\"vertical-align: baseline\"><span class=\"normaltextrun\"><span style=\"font-size: 11.0pt\">\u00c4idinkielen ja muun suomenkielisen osuuden opettaa toinen, suomea \u00e4idinkielen\u00e4\u00e4n puhuva opettaja. Kielikylpyluokkiin ei kohdenneta lis\u00e4resursseja yleisluokkiin verrattaessa. Kielikylpy antaa nuorille erinomaisen pohjan jatkaa opintoja ja valmistua kansainv\u00e4lisiin teht\u00e4viin.<\/span><\/span><\/p>\n<p class=\"paragraph\" style=\"vertical-align: baseline\"><span class=\"normaltextrun\"><span style=\"font-size: 11.0pt\">Turun kielikylpyvanhemmat ry on ollut monin tavoin yhteisty\u00f6ss\u00e4 koulun kanssa kehitt\u00e4m\u00e4ss\u00e4 ja tukemassa kielikylpytoimintaa Turussa.<\/span><\/span><\/p>\n<p class=\"paragraph\" style=\"vertical-align: baseline\"><span class=\"normaltextrun\"><span style=\"font-size: 11.0pt\">Henri Littunen &amp; Juha M\u00e4enp\u00e4\u00e4<\/span><\/span><\/p>\n<p class=\"paragraph\" style=\"vertical-align: baseline\"><span class=\"normaltextrun\"><span style=\"font-size: 11.0pt\">Luostarivuoren yhten\u00e4iskoulun rehtori ja apulaisrehtori<\/span><\/span><\/p>\n","protected":false},"excerpt":{"rendered":"<p>Hakeminen 1. luokalle 2026\u00a0 Kieliluokalle haetaan Wilmassa 17.12.2025 menness\u00e4. Vieraskuntalaiset hakevat kieliluokkapaikkaa erillisell\u00e4 hakemuksella (linkki alla). Perusopetuksen kieliluokat | Turku.fi Hakemus tulee l\u00e4hett\u00e4\u00e4 \u00a0osoitteeseen perusopetus@turku.fi 17.12.2025 menness\u00e4. Ruotsin kielikylpyluokan infotilaisuus Kieliluokkatoimintaa ja kieliluokalle hakemista koskeva infotilaisuus pidet\u00e4\u00e4n tiistaina 2.12.2025 klo 18.00 Luostarivuoren koulun Martin yksik\u00f6ss\u00e4 (Hopeasep\u00e4nkuja 2, 20810 Turku). Sis\u00e4\u00e4nk\u00e4ynti B-ovesta Kieliluokkatestit Kieliluokkatestit j\u00e4rjestet\u00e4\u00e4n 21.1.-6.2.2026 &hellip; <a href=\"https:\/\/blog.edu.turku.fi\/luostarivuori\/artikkelit\/ruotsin-kielikylpyluokat\/\" class=\"more-link\">Jatka lukemista<span class=\"screen-reader-text\"> &#8221;Ruotsin kielikylpyluokat&#8221;<\/span><\/a><\/p>\n","protected":false},"author":2367,"featured_media":0,"parent":1954,"menu_order":0,"comment_status":"closed","ping_status":"closed","template":"","meta":{"footnotes":""},"class_list":["post-2781","page","type-page","status-publish","hentry"],"_links":{"self":[{"href":"https:\/\/blog.edu.turku.fi\/luostarivuori\/wp-json\/wp\/v2\/pages\/2781","targetHints":{"allow":["GET"]}}],"collection":[{"href":"https:\/\/blog.edu.turku.fi\/luostarivuori\/wp-json\/wp\/v2\/pages"}],"about":[{"href":"https:\/\/blog.edu.turku.fi\/luostarivuori\/wp-json\/wp\/v2\/types\/page"}],"author":[{"embeddable":true,"href":"https:\/\/blog.edu.turku.fi\/luostarivuori\/wp-json\/wp\/v2\/users\/2367"}],"replies":[{"embeddable":true,"href":"https:\/\/blog.edu.turku.fi\/luostarivuori\/wp-json\/wp\/v2\/comments?post=2781"}],"version-history":[{"count":48,"href":"https:\/\/blog.edu.turku.fi\/luostarivuori\/wp-json\/wp\/v2\/pages\/2781\/revisions"}],"predecessor-version":[{"id":3199,"href":"https:\/\/blog.edu.turku.fi\/luostarivuori\/wp-json\/wp\/v2\/pages\/2781\/revisions\/3199"}],"up":[{"embeddable":true,"href":"https:\/\/blog.edu.turku.fi\/luostarivuori\/wp-json\/wp\/v2\/pages\/1954"}],"wp:attachment":[{"href":"https:\/\/blog.edu.turku.fi\/luostarivuori\/wp-json\/wp\/v2\/media?parent=2781"}],"curies":[{"name":"wp","href":"https:\/\/api.w.org\/{rel}","templated":true}]}}