{"id":2577,"date":"2025-03-02T13:15:43","date_gmt":"2025-03-02T11:15:43","guid":{"rendered":"https:\/\/blog.edu.turku.fi\/luostarivuori\/?page_id=2577"},"modified":"2025-08-12T09:25:48","modified_gmt":"2025-08-12T06:25:48","slug":"jarjestyssaannot","status":"publish","type":"page","link":"https:\/\/blog.edu.turku.fi\/luostarivuori\/opiskelu\/jarjestyssaannot\/","title":{"rendered":"J\u00e4rjestyss\u00e4\u00e4nn\u00f6t"},"content":{"rendered":"<h2>LUOSTARIVUOREN KOULUN J\u00c4RJESTYSS\u00c4\u00c4NN\u00d6T 1.8.2025<\/h2>\n<p><strong>S\u00e4\u00e4nn\u00f6t ovat v\u00e4ltt\u00e4m\u00e4tt\u00f6mi\u00e4 kouluyhteis\u00f6n toiminnan ja ty\u00f6rauhan s\u00e4ilymisen sek\u00e4 j\u00e4senten turvallisuuden ja viihtyvyyden vuoksi. Ty\u00f6rauha on ehdoton edellytys kouluty\u00f6n onnistumiselle. S\u00e4\u00e4nn\u00f6t totuttavat oppilaan vastuuseen ja yhteiskunnan j\u00e4senyyteen sek\u00e4 arvostavaan vuorovaikutukseen muiden ihmisten kanssa.\u00a0<\/strong><\/p>\n<p><strong>Oppilaan on suoritettava teht\u00e4v\u00e4ns\u00e4 tunnollisesti ja k\u00e4ytt\u00e4ydytt\u00e4v\u00e4 asiallisesti. Oppilaan on k\u00e4ytt\u00e4ydytt\u00e4v\u00e4 muita kiusaamatta ja syrjim\u00e4tt\u00e4 sek\u00e4 toimittava siten, ettei h\u00e4n vaaranna muiden oppilaiden, kouluyhteis\u00f6n tai opiskeluymp\u00e4rist\u00f6n turvallisuutta tai terveytt\u00e4 (POL 35\u00a7).<\/strong><\/p>\n<p><strong>J\u00e4rjestyss\u00e4\u00e4nt\u00f6j\u00e4 noudatetaan aina kouluaikana, koulualueella ja kaikessa lukuvuosisuunnitelman kuvaamassa koulun toiminnassa. (POL 29\u00a7, POL 35-36\u00a7)\u00a0<\/strong><\/p>\n<p><strong>\u00a0<\/strong><\/p>\n<p><strong>1.Koko kouluyhteis\u00f6 toimii yst\u00e4v\u00e4llisesti, kannustavasti, toisiaan kunnioittaen, hyvien tapojen mukaisesti ja henkil\u00f6kunnan ohjeita noudattaen. <\/strong><\/p>\n<p><strong>\u00a02. <\/strong><strong>Koulussa jokaisella henkil\u00f6ll\u00e4 on oikeus h\u00e4iri\u00f6tt\u00f6m\u00e4\u00e4n ty\u00f6skentelyyn. Oppilailla on oikeus oppia ja opettajilla on oikeus opettaa.\u00a0<\/strong><\/p>\n<p><strong>3<\/strong><strong>. Ep\u00e4asiallinen ja h\u00e4iritsev\u00e4 k\u00e4yt\u00f6s sek\u00e4 kiusaaminen on kielletty. Koulussa jokaisella on oikeus fyysiseen ja psyykkiseen koskemattomuuteen. <\/strong>\u00a0<strong>\u00a0<\/strong><\/p>\n<p><strong>4. Tupakan, s\u00e4hk\u00f6tupakan, nuuskan, p\u00e4ihteiden ja huumeiden k\u00e4ytt\u00f6 sek\u00e4 hallussapito on kielletty kouluaikana ja koulun j\u00e4rjest\u00e4miss\u00e4 tilaisuuksissa sek\u00e4 vuosisuunnitelman kuvaamassa toiminnassa. <\/strong>\u00a0<strong> 2<\/strong><\/p>\n<p><strong>5. Toisen henkil\u00f6n vahingoittamiseen tarkoitetut tai siihen soveltuvat esineet ja aineet ja niiden hallussapito on kouluaikana kielletty\u00e4. N\u00e4it\u00e4 ei saa my\u00f6sk\u00e4\u00e4n pit\u00e4\u00e4 hallussa koulumatkalla. <\/strong><\/p>\n<p><strong>6. Koulu ja sen alue pidet\u00e4\u00e4n siistin\u00e4 eik\u00e4 koulun omaisuutta saa turmella. Oppilas on velvollinen kertomaan havaitsemistaan vahingoista koulun henkil\u00f6st\u00f6lle. Vahingon aiheuttaja on ilmoittautumis- ja vahingonkorvausvelvollinen. <\/strong>\u00a0<strong>\u00a0<\/strong><\/p>\n<p><strong>7. <\/strong><strong>Koulussa on m\u00e4\u00e4ritelty v\u00e4lituntialue, jolta poistuminen koulup\u00e4iv\u00e4n aikana on kielletty. V\u00e4litunnit vietet\u00e4\u00e4n ulkona, ellei muuta erikseen sovita.<\/strong><\/p>\n<p><strong>8. Oppilaat eiv\u00e4t saa koulup\u00e4iv\u00e4n aikana k\u00e4ytt\u00e4\u00e4 kulkuv\u00e4lineit\u00e4, kuten polkupy\u00f6ri\u00e4, s\u00e4hk\u00f6potkulautoja tai moottoriajoneuvoja, ilman henkil\u00f6kunnan lupaa. Eri toimipisteisiin ja opetuksen j\u00e4rjest\u00e4mispaikkoihin siirryt\u00e4\u00e4n annettujen ohjeiden mukaisesti liikennes\u00e4\u00e4nt\u00f6j\u00e4 noudattaen.\u00a0<\/strong><\/p>\n<p><strong>9. Oppilas voi olla poissa koulusta vain sairauden perusteella tai saatuaan erillisen luvan poissaoloon luokanopettajalta, luokanohjaajalta tai rehtorilta. Kesken koulup\u00e4iv\u00e4n oppilas voi poistua koulusta vain terveydenhoitajan tai opetushenkil\u00f6kuntaan kuuluvan luvalla. <\/strong>\u00a0<strong>\u00a0<\/strong><\/p>\n<p><strong>10. Turun perusopetuksen ohjeistus mobiililaitteiden k\u00e4yt\u00f6st\u00e4:<\/strong><strong>\u00a0<\/strong><\/p>\n<p><strong>Mobiililaitteilla tarkoitetaan muun muassa \u00e4lypuhelimia, tabletteja, \u00e4lykelloja ja kuulokkeita. \u00a0<\/strong><\/p>\n<p><strong>1.\u20139. luokkien oppilaat\u00a0eiv\u00e4t k\u00e4yt\u00e4 mobiililaitteita koulup\u00e4iv\u00e4n aikana lainkaan ilman opettajan tai rehtorin lupaa.\u00a0\u00a0\u00a0<\/strong><\/p>\n<p><strong>Mobiililaitteita ei k\u00e4ytet\u00e4 my\u00f6sk\u00e4\u00e4n v\u00e4litunneilla, siirtymien aikana, retkill\u00e4 ja vierailuilla tai ruokailun aikana.<\/strong><\/p>\n<p><strong>Luostarivuoren koulussa mobiililaitteita s\u00e4ilytet\u00e4\u00e4n \u00e4\u00e4nett\u00f6m\u00e4ss\u00e4 tilassa oppilaan repussa tai laukussa koulup\u00e4iv\u00e4n ajan.\u00a0<\/strong><\/p>\n<p><strong>Laitteiden k\u00e4ytt\u00f6 on sallittua opettajan tai rehtorin luvalla oppitunnin aikana kuitenkin:\u00a0\u00a0<\/strong><\/p>\n<ul>\n<li><strong>oppimistarkoituksessa<\/strong><\/li>\n<li><strong>henkil\u00f6kohtaiseen terveydenhoitoon (esim. diabetes)\u00a0<\/strong><\/li>\n<\/ul>\n<p><strong>Seuraukset laitteen ep\u00e4asiallisesta k\u00e4yt\u00f6st\u00e4 ja s\u00e4\u00e4nt\u00f6jen rikkomisesta koulussa:<\/strong><\/p>\n<p><strong>Mobiililaitteen j\u00e4rjestyss\u00e4\u00e4nt\u00f6jen vastaiseen, ep\u00e4asialliseen tai h\u00e4iritsev\u00e4\u00e4n k\u00e4ytt\u00f6\u00f6n koulussa puututaan perusopetuslaissa s\u00e4\u00e4detyill\u00e4 kasvatuksellisilla toimilla, kurinpitokeinoilla ja turvaamistoimilla, esimerkiksi kasvatuskeskustelulla, j\u00e4lki-istunnolla, puhelimen haltuun ottamisella tai m\u00e4\u00e4r\u00e4\u00e4m\u00e4ll\u00e4 oppilas poistumaan.<\/strong><\/p>\n<p><strong>Rehtorilla tai koulun opettajalla on oikeus ty\u00f6p\u00e4iv\u00e4n aikana ottaa haltuun oppilaalta kielletty esine tai aine tai sellainen esine tai aine, jolla oppilas h\u00e4iritsee opetusta tai oppimista. Puhelin tai muu mobiililaite katsotaan perusopetuslain tarkoittamaksi h\u00e4iritsev\u00e4ksi esineeksi, jos oppilas h\u00e4iritsee sill\u00e4 omaa tai toisen oppilaan oppimista tai opettajan opettamista. My\u00f6s oppilaan puhelimen \u00e4\u00e4net\u00f6n opetukseen liittym\u00e4t\u00f6n k\u00e4ytt\u00f6 voi olla h\u00e4iritsev\u00e4\u00e4 k\u00e4ytt\u00f6\u00e4, vaikka t\u00e4ll\u00e4 ei h\u00e4iritt\u00e4isi muita oppilaita tai opettajaa. T\u00e4ll\u00f6in oppilas h\u00e4iritsee k\u00e4yt\u00f6ll\u00e4\u00e4n omaa oppimistaan.<\/strong><\/p>\n<p><strong>11. Rahat, arvoesineet ja oppilaan henkil\u00f6kohtainen omaisuus ovat koulussa oppilaan ja huoltajien vastuulla, eik\u00e4 koulu korvaa rahaa eik\u00e4 kadonnutta tai s\u00e4rkynytt\u00e4 omaisuutta. <\/strong><strong>\u00a0<\/strong><\/p>\n<p><strong>12. Koulun tiloissa, alueella tai koulun j\u00e4rjest\u00e4miss\u00e4 tilaisuuksissa ei kouluaikana harjoiteta osto- tai myyntitoimintaa. T\u00e4m\u00e4 rajoitus ei koske vanhempainyhdistysten tai oppilaskunnan toimintaa.\u00a0<\/strong><\/p>\n<p><strong>\u00a0<\/strong><\/p>\n<p><strong>J\u00e4rjestyss\u00e4\u00e4nt\u00f6jen rikkomisesta seuraa rangaistus perusopetuslain 36\u00a7 mukaisesti. Poliisi k\u00e4sittelee rikosasioita.<\/strong><\/p>\n<p><strong>N\u00e4m\u00e4 ovat Turun kaupungin perusopetuksen koulujen j\u00e4rjestyss\u00e4\u00e4nn\u00f6t, jotka ovat voimassa 1.8.2025 alkaen. J\u00e4rjestyss\u00e4\u00e4nn\u00f6t ohjaavat k\u00e4ytt\u00e4ytymisen arviointia. Ne ovat n\u00e4ht\u00e4viss\u00e4 koulujen kotisivuilla sek\u00e4 koulutiloissa. J\u00e4rjestyss\u00e4\u00e4nn\u00f6t k\u00e4sitell\u00e4\u00e4n oppilaiden kanssa lukuvuosittain ja niist\u00e4 tiedotetaan huoltajia. J\u00e4rjestyss\u00e4\u00e4nn\u00f6t tarkistetaan s\u00e4\u00e4nn\u00f6llisesti.<\/strong><\/p>\n<p><strong>\u00a0<\/strong><\/p>\n<p><strong>\u00a0<\/strong><\/p>\n<p>&nbsp;<\/p>\n","protected":false},"excerpt":{"rendered":"<p>LUOSTARIVUOREN KOULUN J\u00c4RJESTYSS\u00c4\u00c4NN\u00d6T 1.8.2025 S\u00e4\u00e4nn\u00f6t ovat v\u00e4ltt\u00e4m\u00e4tt\u00f6mi\u00e4 kouluyhteis\u00f6n toiminnan ja ty\u00f6rauhan s\u00e4ilymisen sek\u00e4 j\u00e4senten turvallisuuden ja viihtyvyyden vuoksi. Ty\u00f6rauha on ehdoton edellytys kouluty\u00f6n onnistumiselle. S\u00e4\u00e4nn\u00f6t totuttavat oppilaan vastuuseen ja yhteiskunnan j\u00e4senyyteen sek\u00e4 arvostavaan vuorovaikutukseen muiden ihmisten kanssa.\u00a0 Oppilaan on suoritettava teht\u00e4v\u00e4ns\u00e4 tunnollisesti ja k\u00e4ytt\u00e4ydytt\u00e4v\u00e4 asiallisesti. Oppilaan on k\u00e4ytt\u00e4ydytt\u00e4v\u00e4 muita kiusaamatta ja syrjim\u00e4tt\u00e4 sek\u00e4 toimittava siten, &hellip; <a href=\"https:\/\/blog.edu.turku.fi\/luostarivuori\/opiskelu\/jarjestyssaannot\/\" class=\"more-link\">Jatka lukemista<span class=\"screen-reader-text\"> &#8221;J\u00e4rjestyss\u00e4\u00e4nn\u00f6t&#8221;<\/span><\/a><\/p>\n","protected":false},"author":216,"featured_media":0,"parent":31,"menu_order":0,"comment_status":"closed","ping_status":"closed","template":"","meta":{"footnotes":""},"class_list":["post-2577","page","type-page","status-publish","hentry"],"_links":{"self":[{"href":"https:\/\/blog.edu.turku.fi\/luostarivuori\/wp-json\/wp\/v2\/pages\/2577","targetHints":{"allow":["GET"]}}],"collection":[{"href":"https:\/\/blog.edu.turku.fi\/luostarivuori\/wp-json\/wp\/v2\/pages"}],"about":[{"href":"https:\/\/blog.edu.turku.fi\/luostarivuori\/wp-json\/wp\/v2\/types\/page"}],"author":[{"embeddable":true,"href":"https:\/\/blog.edu.turku.fi\/luostarivuori\/wp-json\/wp\/v2\/users\/216"}],"replies":[{"embeddable":true,"href":"https:\/\/blog.edu.turku.fi\/luostarivuori\/wp-json\/wp\/v2\/comments?post=2577"}],"version-history":[{"count":4,"href":"https:\/\/blog.edu.turku.fi\/luostarivuori\/wp-json\/wp\/v2\/pages\/2577\/revisions"}],"predecessor-version":[{"id":2839,"href":"https:\/\/blog.edu.turku.fi\/luostarivuori\/wp-json\/wp\/v2\/pages\/2577\/revisions\/2839"}],"up":[{"embeddable":true,"href":"https:\/\/blog.edu.turku.fi\/luostarivuori\/wp-json\/wp\/v2\/pages\/31"}],"wp:attachment":[{"href":"https:\/\/blog.edu.turku.fi\/luostarivuori\/wp-json\/wp\/v2\/media?parent=2577"}],"curies":[{"name":"wp","href":"https:\/\/api.w.org\/{rel}","templated":true}]}}