{"id":2564,"date":"2025-03-02T12:59:49","date_gmt":"2025-03-02T10:59:49","guid":{"rendered":"https:\/\/blog.edu.turku.fi\/luostarivuori\/?page_id=2564"},"modified":"2025-10-13T12:00:12","modified_gmt":"2025-10-13T09:00:12","slug":"kodin-ja-koulun-valinen-yhteistyo","status":"publish","type":"page","link":"https:\/\/blog.edu.turku.fi\/luostarivuori\/opiskelu\/kodin-ja-koulun-valinen-yhteistyo\/","title":{"rendered":"Kodin ja koulun v\u00e4linen yhteisty\u00f6"},"content":{"rendered":"<h4>Luostarivuoren koulu &#8211; koulun ja kodin v\u00e4linen yhteisty\u00f6<\/h4>\n<p>Huoltajilla on ensisijainen kasvatusvastuu lapsestaan. Luottamuksellisen yhteisty\u00f6n avulla opettajat ja<br \/>\nhuoltajat yhdess\u00e4 tukevat oppilaan kasvua, kehityst\u00e4 ja oppimista sek\u00e4 sopeutumista kouluyhteis\u00f6n<br \/>\nj\u00e4seneksi. Koulu tekee yhteisty\u00f6t\u00e4 kotien kanssa.<\/p>\n<p>Yhteisty\u00f6n tavoitteena on luoda opintopolkuaan etenev\u00e4lle oppilaalle turvallinen ja ennakoitava oppimisymp\u00e4rist\u00f6 ja lis\u00e4t\u00e4 h\u00e4nen my\u00f6nteist\u00e4 k\u00e4sityst\u00e4\u00e4n oppimismahdollisuuksistaan.<\/p>\n<h6>\nLuokat 1-6<\/h6>\n<p>Vuosittain j\u00e4rjestet\u00e4\u00e4n koulutulokkaiden tutustumisp\u00e4iv\u00e4, jolloin huoltajilla on mahdollisuus tavata<br \/>\nkoulun muutakin henkil\u00f6kuntaa ja saada tietoa koulun aloittamiseen liittyvist\u00e4 asioista. Koulu j\u00e4rjest\u00e4\u00e4<br \/>\ntiedotustilaisuuksia kuvataideluokalle pyrkimisest\u00e4, kielikylpyluokista sek\u00e4 luokkakohtaisia tilaisuuksia<br \/>\nja keskustelutuokioita huoltajien kanssa.<\/p>\n<p>Ensimm\u00e4isen luokan syksyll\u00e4 opettaja ja huoltajat tapaavat henkil\u00f6kohtaisesti kahden kesken kehityskeskustelussa. Opettajat tapaavat oppilaan ja huoltajan kehityskeskustelussa my\u00f6s vuosiluokilla 2, 6 ja 7.<\/p>\n<p>Keskustelun aiheena on oppilaan koulunk\u00e4ynti. My\u00f6s muilla luokilla kehityskeskustelut ovat mahdollisia.<\/p>\n<p>Vanhempainiltoja ja\/tai -tapaamisia j\u00e4rjestet\u00e4\u00e4n ainakin yksi lukuvuodessa. Puhelimen, Wilma-ohjelman tai s\u00e4hk\u00f6postin avulla pidet\u00e4\u00e4n yhteytt\u00e4 huoltajien kanssa.<\/p>\n<p>Koulun tapahtumista tiedotetaan erikseen Wilma-tiedotteissa sek\u00e4 koulun kotisivuilla.<\/p>\n<p>Koulussa toimii vanhempainyhdistyksi\u00e4, joiden toiminnan tavoitteena on lis\u00e4t\u00e4 kodin ja koulun v\u00e4list\u00e4<br \/>\nvuoropuhelua ja yhteistoimintaa sek\u00e4 tukea koulun kasvatusty\u00f6t\u00e4. Vanhempainyhdistykset ovat mukana j\u00e4rjest\u00e4m\u00e4ss\u00e4 tapahtumia ja ottavat kantaa koulun opetus- ja lukuvuosisuunnitelmaan.<\/p>\n<p>Opettajakunnasta valitaan vuosittain vanhempainyhdistyksen yhdysopettajat, jotka osallistuvat vanhempainyhdistysten kokouksiin.<\/p>\n<h5>\nVuosiluokat 7-9<\/h5>\n<p>7. vuosiluokan alussa oppilaiden huoltajille pidet\u00e4\u00e4n yhteistilaisuus ja luokkakohtainen tilaisuus, joiden aiheena on koulunk\u00e4ynti yl\u00e4koulussa. Syksyn aikana pidet\u00e4\u00e4n my\u00f6s kehityskeskustelut luokanohjaajien johdolla.<\/p>\n<p>8. vuosiluokalla pidet\u00e4\u00e4n vanhempainilta ja luokkakohtainen keskustelutilaisuus, jonka aiheena ovat koulun puuttumismallit sek\u00e4 oppilaiden hyvinvointi.<\/p>\n<p>9. vuosiluokalla j\u00e4rjestet\u00e4\u00e4n jatko-opintoja ja yhteishakua k\u00e4sittelev\u00e4 vanhempainilta.<\/p>\n<p>Vanhempainillassa yhteisen osion lis\u00e4ksi kokoonnutaan my\u00f6s luokkakohtaisiin tapaamisiin. Opinto-ohjaaja k\u00e4y ohjauskeskusteluja yhdeks\u00e4nnen luokan oppilaiden kanssa ja kutsuu tarvittaessa my\u00f6s<br \/>\nhuoltajat mukaan keskusteluihin.<\/p>\n<p>My\u00f6s puhelimen, Wilma-ohjelman tai s\u00e4hk\u00f6postin avulla pidet\u00e4\u00e4n yhteytt\u00e4 huoltajien kanssa. Koulun<br \/>\ntapahtumista tiedotetaan erikseen Wilma-tiedotteissa ja koulun kotisivuilla.<\/p>\n<h6>Luostarivuoren koulun kuvaus yl\u00e4koulusiirtym\u00e4vaiheen yhteisty\u00f6st\u00e4:<\/h6>\n<p>Kuudennen luokan aikana kuudesluokkalaiset tutustuvat 7. luokkansa kouluyksikk\u00f6\u00f6n ja oppimisymp\u00e4rist\u00f6\u00f6n. Tutustuminen tapahtuu mahdollisuuksien mukaan tulevassa 7. luokan opetusryhm\u00e4ss\u00e4.<\/p>\n<p>Opinto-ohjaaja ja erityisopettaja pit\u00e4v\u00e4t 6. luokan oppilaista siirtym\u00e4vaihepalaverin yhdess\u00e4 6. luokan<br \/>\nluokanopettajan ja erityisopettajan kanssa.<\/p>\n<p>Tarvittaessa kouluterveydenhoitaja, koulukuraattori ja koulupsykologi osallistuvat n\u00e4ihin palavereihin.<\/p>\n<p>Siirtym\u00e4vaihepalaverin tarkoitus on tukea oppilaan siirtymist\u00e4 yl\u00e4kouluun<br \/>\nsek\u00e4 siirt\u00e4\u00e4 opetuksen j\u00e4rjest\u00e4misen kannalta v\u00e4ltt\u00e4m\u00e4t\u00f6n tieto kouluyksik\u00f6iden v\u00e4lill\u00e4.<\/p>\n<p>Yl\u00e4kouluun siirtyvien oppilaiden huoltajille j\u00e4rjestet\u00e4\u00e4n tiedotustilaisuus yl\u00e4kouluun siirtymisest\u00e4 ja<br \/>\nvalintamahdollisuuksista.<\/p>\n","protected":false},"excerpt":{"rendered":"<p>Luostarivuoren koulu &#8211; koulun ja kodin v\u00e4linen yhteisty\u00f6 Huoltajilla on ensisijainen kasvatusvastuu lapsestaan. Luottamuksellisen yhteisty\u00f6n avulla opettajat ja huoltajat yhdess\u00e4 tukevat oppilaan kasvua, kehityst\u00e4 ja oppimista sek\u00e4 sopeutumista kouluyhteis\u00f6n j\u00e4seneksi. Koulu tekee yhteisty\u00f6t\u00e4 kotien kanssa. Yhteisty\u00f6n tavoitteena on luoda opintopolkuaan etenev\u00e4lle oppilaalle turvallinen ja ennakoitava oppimisymp\u00e4rist\u00f6 ja lis\u00e4t\u00e4 h\u00e4nen my\u00f6nteist\u00e4 k\u00e4sityst\u00e4\u00e4n oppimismahdollisuuksistaan. Luokat 1-6 Vuosittain &hellip; <a href=\"https:\/\/blog.edu.turku.fi\/luostarivuori\/opiskelu\/kodin-ja-koulun-valinen-yhteistyo\/\" class=\"more-link\">Jatka lukemista<span class=\"screen-reader-text\"> &#8221;Kodin ja koulun v\u00e4linen yhteisty\u00f6&#8221;<\/span><\/a><\/p>\n","protected":false},"author":216,"featured_media":0,"parent":31,"menu_order":0,"comment_status":"closed","ping_status":"closed","template":"","meta":{"footnotes":""},"class_list":["post-2564","page","type-page","status-publish","hentry"],"_links":{"self":[{"href":"https:\/\/blog.edu.turku.fi\/luostarivuori\/wp-json\/wp\/v2\/pages\/2564","targetHints":{"allow":["GET"]}}],"collection":[{"href":"https:\/\/blog.edu.turku.fi\/luostarivuori\/wp-json\/wp\/v2\/pages"}],"about":[{"href":"https:\/\/blog.edu.turku.fi\/luostarivuori\/wp-json\/wp\/v2\/types\/page"}],"author":[{"embeddable":true,"href":"https:\/\/blog.edu.turku.fi\/luostarivuori\/wp-json\/wp\/v2\/users\/216"}],"replies":[{"embeddable":true,"href":"https:\/\/blog.edu.turku.fi\/luostarivuori\/wp-json\/wp\/v2\/comments?post=2564"}],"version-history":[{"count":3,"href":"https:\/\/blog.edu.turku.fi\/luostarivuori\/wp-json\/wp\/v2\/pages\/2564\/revisions"}],"predecessor-version":[{"id":2904,"href":"https:\/\/blog.edu.turku.fi\/luostarivuori\/wp-json\/wp\/v2\/pages\/2564\/revisions\/2904"}],"up":[{"embeddable":true,"href":"https:\/\/blog.edu.turku.fi\/luostarivuori\/wp-json\/wp\/v2\/pages\/31"}],"wp:attachment":[{"href":"https:\/\/blog.edu.turku.fi\/luostarivuori\/wp-json\/wp\/v2\/media?parent=2564"}],"curies":[{"name":"wp","href":"https:\/\/api.w.org\/{rel}","templated":true}]}}