{"id":2553,"date":"2025-03-02T12:54:34","date_gmt":"2025-03-02T10:54:34","guid":{"rendered":"https:\/\/blog.edu.turku.fi\/luostarivuori\/?page_id=2553"},"modified":"2025-10-23T09:26:13","modified_gmt":"2025-10-23T06:26:13","slug":"muu-henkilokunta","status":"publish","type":"page","link":"https:\/\/blog.edu.turku.fi\/luostarivuori\/yhteystiedot\/muu-henkilokunta\/","title":{"rendered":"Muu henkil\u00f6kunta"},"content":{"rendered":"<p>&nbsp;<\/p>\n<p><em>S\u00e4hk\u00f6postit: etunimi.sukunimi@varha.fi<\/em><\/p>\n<p>Koulunk\u00e4ynninohjaajat: etunimi.sukunimi@edu.turku.fi<\/p>\n<p>&nbsp;<\/p>\n<table style=\"height: 1094px\" width=\"819\">\n<tbody>\n<tr>\n<td>Koulupsykologi<\/td>\n<td>Noora Pirttisalo (yl\u00e4koulu)<\/p>\n<p>Inari Harjuniemi (alakoulu)<\/td>\n<td>044 9075321<\/p>\n<p>044 7509247<\/td>\n<\/tr>\n<tr>\n<td>Koulukuraattori<\/td>\n<td>Suvi Sillanp\u00e4\u00e4 (alakoulu)<\/p>\n<p>Kati Rajasaari (yl\u00e4koulu), paikalla ma, to, pe<\/td>\n<td>050 4323590<\/p>\n<p>050 4323587<\/td>\n<\/tr>\n<tr>\n<td>Psykiatrinen sairaanhoitaja<\/td>\n<td>Claire Bell (alakoulu)<\/p>\n<p>Auri Gummerus (yl\u00e4koulu)<\/p>\n<p>&nbsp;<\/td>\n<td><\/td>\n<\/tr>\n<tr>\n<td>Terveydenhoitaja<\/td>\n<td>Leena Hummelin (alakoulu)<\/p>\n<p>Maiju L\u00f6nnroth (yl\u00e4koulu), paikalla ti &#8211; pe<\/td>\n<td>040 3531396<\/p>\n<p>040 7524926<\/td>\n<\/tr>\n<tr>\n<td>Koulul\u00e4\u00e4k\u00e4ri<\/td>\n<td>Maarit M\u00e4kil\u00e4<\/td>\n<td>yhteydenotot<\/p>\n<p>terveydenhoitajan kautta<\/td>\n<\/tr>\n<tr>\n<td>Koulunk\u00e4ynninohjaaja<\/td>\n<td>Urpu S\u00f6derholm 7E<\/td>\n<td><\/td>\n<\/tr>\n<tr>\n<td>Koulunk\u00e4ynninohjaaja<\/td>\n<td>Anni Mahlam\u00e4ki 8E<\/td>\n<td><\/td>\n<\/tr>\n<tr>\n<td>Koulunk\u00e4ynninohjaaja<\/td>\n<td>Angelo La Rosa<\/td>\n<td><\/td>\n<\/tr>\n<tr>\n<td>Koulunk\u00e4ynninohjaaja<\/td>\n<td>Yolanda Ahedo 3-4E<\/td>\n<td><\/td>\n<\/tr>\n<tr>\n<td>\n<p style=\"text-align: left\">Koulunk\u00e4ynninohjaaja<\/p>\n<p style=\"text-align: left\">\n<\/td>\n<td>\n<p style=\"text-align: left\">Riikka Nieminen 1-2E<\/p>\n<p style=\"text-align: left\">Saana Kaasalainen 5-6E<\/p>\n<p style=\"text-align: left\">Johanna Hautam\u00e4ki<\/p>\n<p>&nbsp;<\/p>\n<p>&nbsp;<\/td>\n<td>&nbsp;<\/p>\n<p>&nbsp;<\/td>\n<\/tr>\n<\/tbody>\n<\/table>\n","protected":false},"excerpt":{"rendered":"<p>&nbsp; S\u00e4hk\u00f6postit: etunimi.sukunimi@varha.fi Koulunk\u00e4ynninohjaajat: etunimi.sukunimi@edu.turku.fi &nbsp; Koulupsykologi Noora Pirttisalo (yl\u00e4koulu) Inari Harjuniemi (alakoulu) 044 9075321 044 7509247 Koulukuraattori Suvi Sillanp\u00e4\u00e4 (alakoulu) Kati Rajasaari (yl\u00e4koulu), paikalla ma, to, pe 050 4323590 050 4323587 Psykiatrinen sairaanhoitaja Claire Bell (alakoulu) Auri Gummerus (yl\u00e4koulu) &nbsp; Terveydenhoitaja Leena Hummelin (alakoulu) Maiju L\u00f6nnroth (yl\u00e4koulu), paikalla ti &#8211; pe 040 3531396 040 &hellip; <a href=\"https:\/\/blog.edu.turku.fi\/luostarivuori\/yhteystiedot\/muu-henkilokunta\/\" class=\"more-link\">Jatka lukemista<span class=\"screen-reader-text\"> &#8221;Muu henkil\u00f6kunta&#8221;<\/span><\/a><\/p>\n","protected":false},"author":216,"featured_media":0,"parent":14,"menu_order":0,"comment_status":"closed","ping_status":"closed","template":"","meta":{"footnotes":""},"class_list":["post-2553","page","type-page","status-publish","hentry"],"_links":{"self":[{"href":"https:\/\/blog.edu.turku.fi\/luostarivuori\/wp-json\/wp\/v2\/pages\/2553","targetHints":{"allow":["GET"]}}],"collection":[{"href":"https:\/\/blog.edu.turku.fi\/luostarivuori\/wp-json\/wp\/v2\/pages"}],"about":[{"href":"https:\/\/blog.edu.turku.fi\/luostarivuori\/wp-json\/wp\/v2\/types\/page"}],"author":[{"embeddable":true,"href":"https:\/\/blog.edu.turku.fi\/luostarivuori\/wp-json\/wp\/v2\/users\/216"}],"replies":[{"embeddable":true,"href":"https:\/\/blog.edu.turku.fi\/luostarivuori\/wp-json\/wp\/v2\/comments?post=2553"}],"version-history":[{"count":24,"href":"https:\/\/blog.edu.turku.fi\/luostarivuori\/wp-json\/wp\/v2\/pages\/2553\/revisions"}],"predecessor-version":[{"id":3119,"href":"https:\/\/blog.edu.turku.fi\/luostarivuori\/wp-json\/wp\/v2\/pages\/2553\/revisions\/3119"}],"up":[{"embeddable":true,"href":"https:\/\/blog.edu.turku.fi\/luostarivuori\/wp-json\/wp\/v2\/pages\/14"}],"wp:attachment":[{"href":"https:\/\/blog.edu.turku.fi\/luostarivuori\/wp-json\/wp\/v2\/media?parent=2553"}],"curies":[{"name":"wp","href":"https:\/\/api.w.org\/{rel}","templated":true}]}}