{"id":84,"date":"2014-01-15T10:34:20","date_gmt":"2014-01-15T08:34:20","guid":{"rendered":"https:\/\/blog.edu.turku.fi\/luolavuori\/?page_id=84"},"modified":"2025-04-23T11:55:02","modified_gmt":"2025-04-23T08:55:02","slug":"ohjaavatperiaatteet","status":"publish","type":"page","link":"https:\/\/blog.edu.turku.fi\/luolavuori\/opetus\/ohjaavatperiaatteet\/","title":{"rendered":"Ohjaavat periaatteet"},"content":{"rendered":"<p><span style=\"text-decoration: underline\">Turvallinen koulup\u00e4iv\u00e4 \u2013 joka p\u00e4iv\u00e4<\/span><\/p>\n<ul>\n<li>otan toiset huomioon<\/li>\n<li>noudatan koulun s\u00e4\u00e4nt\u00f6j\u00e4<\/li>\n<li>olen varovainen koulumatkoilla<\/li>\n<\/ul>\n<p><span style=\"text-decoration: underline\">Lapsen hyvinvointi \u2013oppimisen edellytys<\/span><\/p>\n<ul>\n<li>liikun, sy\u00f6n monipuolisesti, huolehdin terveydest\u00e4ni ja puhtaudestani<\/li>\n<li>tulen kouluun lev\u00e4nneen\u00e4, pukeudun s\u00e4\u00e4n mukaisesti<\/li>\n<\/ul>\n<p><span style=\"text-decoration: underline\">Mukana ryhm\u00e4ss\u00e4 \u2013mukana el\u00e4m\u00e4ss\u00e4<\/span><\/p>\n<ul>\n<li>olen avulias, reilu ja rehellinen<\/li>\n<li>pid\u00e4n huolta itsest\u00e4ni ja muista<\/li>\n<li>osallistun ja annan ty\u00f6rauhan<\/li>\n<li>noudatan hyvi\u00e4 tapoja<\/li>\n<\/ul>\n<p><span style=\"text-decoration: underline\">Vahvuudet esiin -arjen voimavaroiksi<\/span><\/p>\n<ul>\n<li>arvostan omia ja toisten lahjakkuuksia; en kadehdi, vaan kannustan<\/li>\n<li>jaksan yritt\u00e4\u00e4 hankalissakin tilanteissa ja teht\u00e4viss\u00e4<\/li>\n<\/ul>\n<p><span style=\"text-decoration: underline\"><em>\u00a0<\/em>Roolitus selv\u00e4ksi \u2013jokaisella oikeuksia ja velvollisuuksia<\/span><\/p>\n<ul>\n<li>huolehdin tavaroistani ja teht\u00e4vist\u00e4ni sek\u00e4 ymp\u00e4rist\u00f6st\u00e4<\/li>\n<li>kunnioitan itse\u00e4ni ja muita<\/li>\n<li>ymm\u00e4rr\u00e4n asemani koululaisena<\/li>\n<\/ul>\n<p><span style=\"text-decoration: underline\"><i>T<\/i>avoitteena hyv\u00e4 toveruus<\/span><\/p>\n<ul>\n<li>en hyv\u00e4ksy kiusaamista<\/li>\n<li>toimin hyv\u00e4n toveruuden hengess\u00e4<\/li>\n<\/ul>\n<p><span style=\"text-decoration: underline\">Toimiva tiedonkulku \u2013avain arjen haasteisiin<\/span><\/p>\n<ul>\n<li>kerron pulmista ja pyyd\u00e4n apua<\/li>\n<li>kysyn ja keskustelen<\/li>\n<li>olen osa toimivaa tiedonkulkua koulun ja kodin v\u00e4lill\u00e4<\/li>\n<\/ul>\n<p><span style=\"text-decoration: underline\"><em>\u00a0<\/em>Yhdess\u00e4 \u2013yksil\u00f6llisesti<\/span><\/p>\n<ul>\n<li>hyv\u00e4ksyn erilaiset tavoitteet erilaisille oppijoille<\/li>\n<li>teen yhteisty\u00f6t\u00e4<\/li>\n<li>hyv\u00e4ksyn erilaisuutta<\/li>\n<\/ul>\n<p>&nbsp;<\/p>\n","protected":false},"excerpt":{"rendered":"<p>Turvallinen koulup\u00e4iv\u00e4 \u2013 joka p\u00e4iv\u00e4 otan toiset huomioon noudatan koulun s\u00e4\u00e4nt\u00f6j\u00e4 olen varovainen koulumatkoilla Lapsen hyvinvointi \u2013oppimisen edellytys liikun, sy\u00f6n monipuolisesti, huolehdin terveydest\u00e4ni ja puhtaudestani tulen kouluun lev\u00e4nneen\u00e4, pukeudun s\u00e4\u00e4n mukaisesti Mukana ryhm\u00e4ss\u00e4 \u2013mukana el\u00e4m\u00e4ss\u00e4 olen avulias, reilu ja rehellinen pid\u00e4n huolta itsest\u00e4ni ja muista osallistun ja annan ty\u00f6rauhan noudatan hyvi\u00e4 tapoja Vahvuudet esiin -arjen &hellip; <a href=\"https:\/\/blog.edu.turku.fi\/luolavuori\/opetus\/ohjaavatperiaatteet\/\" class=\"more-link\">Jatka lukemista<span class=\"screen-reader-text\"> &#8221;Ohjaavat periaatteet&#8221;<\/span><\/a><\/p>\n","protected":false},"author":28,"featured_media":0,"parent":2,"menu_order":2,"comment_status":"closed","ping_status":"closed","template":"","meta":{"footnotes":""},"class_list":["post-84","page","type-page","status-publish","hentry"],"_links":{"self":[{"href":"https:\/\/blog.edu.turku.fi\/luolavuori\/wp-json\/wp\/v2\/pages\/84","targetHints":{"allow":["GET"]}}],"collection":[{"href":"https:\/\/blog.edu.turku.fi\/luolavuori\/wp-json\/wp\/v2\/pages"}],"about":[{"href":"https:\/\/blog.edu.turku.fi\/luolavuori\/wp-json\/wp\/v2\/types\/page"}],"author":[{"embeddable":true,"href":"https:\/\/blog.edu.turku.fi\/luolavuori\/wp-json\/wp\/v2\/users\/28"}],"replies":[{"embeddable":true,"href":"https:\/\/blog.edu.turku.fi\/luolavuori\/wp-json\/wp\/v2\/comments?post=84"}],"version-history":[{"count":7,"href":"https:\/\/blog.edu.turku.fi\/luolavuori\/wp-json\/wp\/v2\/pages\/84\/revisions"}],"predecessor-version":[{"id":2701,"href":"https:\/\/blog.edu.turku.fi\/luolavuori\/wp-json\/wp\/v2\/pages\/84\/revisions\/2701"}],"up":[{"embeddable":true,"href":"https:\/\/blog.edu.turku.fi\/luolavuori\/wp-json\/wp\/v2\/pages\/2"}],"wp:attachment":[{"href":"https:\/\/blog.edu.turku.fi\/luolavuori\/wp-json\/wp\/v2\/media?parent=84"}],"curies":[{"name":"wp","href":"https:\/\/api.w.org\/{rel}","templated":true}]}}