{"id":604,"date":"2014-05-08T09:30:23","date_gmt":"2014-05-08T06:30:23","guid":{"rendered":"https:\/\/blog.edu.turku.fi\/luolavuori\/?page_id=604"},"modified":"2021-02-26T12:47:08","modified_gmt":"2021-02-26T10:47:08","slug":"kouluvaarit","status":"publish","type":"page","link":"https:\/\/blog.edu.turku.fi\/luolavuori\/muu_toiminta\/opetustatukevatoiminta\/kouluvaarit\/","title":{"rendered":"Kouluvaarit"},"content":{"rendered":"<p>Turun alakouluissa oppilaat ovat saaneet joukkoihinsa hieman varttuneempia koulukavereita. Kerran viikossa jokainen Turun 45 kouluvaarista viett\u00e4\u00e4 useamman tunnin p\u00e4iv\u00e4st\u00e4\u00e4n oppilaiden kanssa koulun arjessa.<br \/>\nVaarien teht\u00e4viin kuuluu oppilaiden tukeminen, auttaminen ja kuunteleminen sek\u00e4 opettajien apuna toimiminen. Koululaiset my\u00f6s kuuntelevat mielell\u00e4\u00e4n tarinoita vaarien omilta kouluajoilta.<br \/>\nKouluvaarit ovat yli 55-vuotiaita miehi\u00e4, jotka haluavat kaventaa sukupolvien v\u00e4list\u00e4 kuilua. Monilla lapsilla ei ole isovanhempia, joten v\u00e4lit varttuneempaan sukupolveen saattaa olla et\u00e4iset. <em>(Lainattu turku.fi sivuilta)<\/em><\/p>\n","protected":false},"excerpt":{"rendered":"<p>Turun alakouluissa oppilaat ovat saaneet joukkoihinsa hieman varttuneempia koulukavereita. Kerran viikossa jokainen Turun 45 kouluvaarista viett\u00e4\u00e4 useamman tunnin p\u00e4iv\u00e4st\u00e4\u00e4n oppilaiden kanssa koulun arjessa. Vaarien teht\u00e4viin kuuluu oppilaiden tukeminen, auttaminen ja kuunteleminen sek\u00e4 opettajien apuna toimiminen. Koululaiset my\u00f6s kuuntelevat mielell\u00e4\u00e4n tarinoita vaarien omilta kouluajoilta. Kouluvaarit ovat yli 55-vuotiaita miehi\u00e4, jotka haluavat kaventaa sukupolvien v\u00e4list\u00e4 kuilua. Monilla &hellip; <a href=\"https:\/\/blog.edu.turku.fi\/luolavuori\/muu_toiminta\/opetustatukevatoiminta\/kouluvaarit\/\" class=\"more-link\">Jatka lukemista<span class=\"screen-reader-text\"> &#8221;Kouluvaarit&#8221;<\/span><\/a><\/p>\n","protected":false},"author":28,"featured_media":0,"parent":114,"menu_order":3,"comment_status":"closed","ping_status":"closed","template":"","meta":{"footnotes":""},"class_list":["post-604","page","type-page","status-publish","hentry"],"_links":{"self":[{"href":"https:\/\/blog.edu.turku.fi\/luolavuori\/wp-json\/wp\/v2\/pages\/604","targetHints":{"allow":["GET"]}}],"collection":[{"href":"https:\/\/blog.edu.turku.fi\/luolavuori\/wp-json\/wp\/v2\/pages"}],"about":[{"href":"https:\/\/blog.edu.turku.fi\/luolavuori\/wp-json\/wp\/v2\/types\/page"}],"author":[{"embeddable":true,"href":"https:\/\/blog.edu.turku.fi\/luolavuori\/wp-json\/wp\/v2\/users\/28"}],"replies":[{"embeddable":true,"href":"https:\/\/blog.edu.turku.fi\/luolavuori\/wp-json\/wp\/v2\/comments?post=604"}],"version-history":[{"count":5,"href":"https:\/\/blog.edu.turku.fi\/luolavuori\/wp-json\/wp\/v2\/pages\/604\/revisions"}],"predecessor-version":[{"id":1649,"href":"https:\/\/blog.edu.turku.fi\/luolavuori\/wp-json\/wp\/v2\/pages\/604\/revisions\/1649"}],"up":[{"embeddable":true,"href":"https:\/\/blog.edu.turku.fi\/luolavuori\/wp-json\/wp\/v2\/pages\/114"}],"wp:attachment":[{"href":"https:\/\/blog.edu.turku.fi\/luolavuori\/wp-json\/wp\/v2\/media?parent=604"}],"curies":[{"name":"wp","href":"https:\/\/api.w.org\/{rel}","templated":true}]}}