{"id":142,"date":"2014-01-15T12:50:42","date_gmt":"2014-01-15T10:50:42","guid":{"rendered":"https:\/\/blog.edu.turku.fi\/luolavuori\/?page_id=142"},"modified":"2025-04-23T11:39:54","modified_gmt":"2025-04-23T08:39:54","slug":"poissaolot","status":"publish","type":"page","link":"https:\/\/blog.edu.turku.fi\/luolavuori\/koti-ja-koulu\/poissaolot\/","title":{"rendered":"Poissaolot"},"content":{"rendered":"<p>Poissaolojen ilmoittamisvastuu on aina oppilaan huoltajalla. Koulukyydityksess\u00e4 olevien oppilaiden huoltajien on peruutettava kyyditykset poissaolojakson ajalta.<\/p>\n<p>Poissaolosta on ilmoitettava Wilmassa viimeist\u00e4\u00e4n samana aamuna klo 7.30 menness\u00e4. N\u00e4in tieto ehtii ajoissa tavoittaa oppilasta koulussa vastaanottavan henkil\u00f6n. Ilmoitusvelvollisuus ja m\u00e4\u00e4r\u00e4aika koskee my\u00f6s mahdollisia koulup\u00e4iv\u00e4n aikana tapahtuvia hammasl\u00e4\u00e4k\u00e4ri ym. k\u00e4yntej\u00e4.<\/p>\n<h3><strong>Koulunk\u00e4ynnist\u00e4 vapauttaminen (loma-anomus)<\/strong><\/h3>\n<p>Luokan opettaja voi my\u00f6nt\u00e4\u00e4 luvan kolmen p\u00e4iv\u00e4n poissaoloon ja rehtori sit\u00e4 pidemp\u00e4\u00e4n. Loma-anomukset tehd\u00e4\u00e4n kirjallisesti Wilmassa. V\u00e4lilehdelt\u00e4\u00a0<em>Hakemukset ja p\u00e4\u00e4t\u00f6kset\u00a0<\/em>toiminnolla\u00a0<em>Tee uusi hakemus.\u00a0<\/em> Huomaa, ett\u00e4 hakemuset eiv\u00e4t toimi puhelinsovelluksella. Vaan ainoastaan osoitteessa <a href=\"https:\/\/wilma.turku.fi\">wilma.turku.fi<\/a><\/p>\n<p>Koulukyydityksess\u00e4 olevan oppilaan huoltajalla on velvollisuus peruuttaa kyyditykset lomamatkan ajalta.<\/p>\n<h3><\/h3>\n<h3><strong>Turun kaupungin poissaolojen seurantaohjeistus<\/strong><\/h3>\n<p>Turun kaupunki on yhten\u00e4ist\u00e4nyt opetuksen poissaolok\u00e4yt\u00e4nteit\u00e4.<\/p>\n<p>Turun koulupoissaolomallissa on poissaolojen ennaltaehk\u00e4isev\u00e4 ja varhainen puuttuminen keski\u00f6ss\u00e4.<br \/>\nOpettajat ja huoltajat saavat automaattisesti oppilaan poissaolokoosteen Wilmaan 50, 100 ja 150<br \/>\npoissaolotunnin t\u00e4ytytty\u00e4 lukuvuoden aikana. Opettajat saavat poissaolokoosteen my\u00f6s 80<br \/>\ntunnin kohdalla. Rehtorit saavat poissaolokoosteen 100 ja 150 tunnin t\u00e4yttyess\u00e4.<\/p>\n<p>Keskeist\u00e4 t\u00e4ss\u00e4kin asiassa kuten monessa muussakin ovat ennaltaehk\u00e4isy ja varhainen puuttuminen.<\/p>\n<p>Toimintamallissa koululla on velvollisuus ottaa kotiin yhteytt\u00e4, kun tietyt poissaolorajat ylittyv\u00e4t. Toimintamallin kuvaus alla olevasta linkist\u00e4.<\/p>\n<p><a href=\"https:\/\/blog.edu.turku.fi\/potkuri\/files\/2023\/11\/Koulupoissaoloihin-puuttuminen_ohjeistus-henkilostolle_lukuvuosi_2023-2024.pdf\">Koulupoissaoloihin puuttuminen Turun peruskouluissa<\/a><\/p>\n<p><img decoding=\"async\" style=\"max-width: 100%;height: auto\" src=\"https:\/\/blog.edu.turku.fi\/luolavuori\/files\/2025\/04\/Poissaolojen-malli.png\" alt=\"\u2022 Jokaisen oppilaan tilanne huomioidaan yksil\u00f6llisesti poissaolorajojen ylittyess\u00e4 ja k\u00e4yd\u00e4\u00e4n l\u00e4pi poissaolojen syit\u00e4. Samalla selvitet\u00e4\u00e4n poissaolojen vaikutus opiskeluun ja mahdollisen lis\u00e4tuen tarve. \u2022 Luokanopettajan\/-ohjaajan tekem\u00e4n tilannearvion mukaan sovitaan yhdess\u00e4 oppilaan ja huoltajan kanssa toimenpiteist\u00e4 ja seurannasta. \u2022 Oppilaan koulunk\u00e4ynti\u00e4 ja oppimista tuetaan tarpeen mukaan yhteisty\u00f6ss\u00e4 opiskeluhuoltohenkil\u00f6st\u00f6n kanssa. \u2022 MAR-palaveri j\u00e4rjestet\u00e4\u00e4n opettajan tilannearvion mukaisesti ja tarpeen vaatiessa\" \/><\/p>\n<p>&nbsp;<\/p>\n<p>&nbsp;<\/p>\n<p>&nbsp;<\/p>\n<p>&nbsp;<\/p>\n<p>&nbsp;<\/p>\n","protected":false},"excerpt":{"rendered":"<p>Poissaolojen ilmoittamisvastuu on aina oppilaan huoltajalla. Koulukyydityksess\u00e4 olevien oppilaiden huoltajien on peruutettava kyyditykset poissaolojakson ajalta. Poissaolosta on ilmoitettava Wilmassa viimeist\u00e4\u00e4n samana aamuna klo 7.30 menness\u00e4. N\u00e4in tieto ehtii ajoissa tavoittaa oppilasta koulussa vastaanottavan henkil\u00f6n. Ilmoitusvelvollisuus ja m\u00e4\u00e4r\u00e4aika koskee my\u00f6s mahdollisia koulup\u00e4iv\u00e4n aikana tapahtuvia hammasl\u00e4\u00e4k\u00e4ri ym. k\u00e4yntej\u00e4. Koulunk\u00e4ynnist\u00e4 vapauttaminen (loma-anomus) Luokan opettaja voi my\u00f6nt\u00e4\u00e4 luvan kolmen &hellip; <a href=\"https:\/\/blog.edu.turku.fi\/luolavuori\/koti-ja-koulu\/poissaolot\/\" class=\"more-link\">Jatka lukemista<span class=\"screen-reader-text\"> &#8221;Poissaolot&#8221;<\/span><\/a><\/p>\n","protected":false},"author":3228,"featured_media":0,"parent":70,"menu_order":1,"comment_status":"closed","ping_status":"closed","template":"","meta":{"footnotes":""},"class_list":["post-142","page","type-page","status-publish","hentry"],"_links":{"self":[{"href":"https:\/\/blog.edu.turku.fi\/luolavuori\/wp-json\/wp\/v2\/pages\/142","targetHints":{"allow":["GET"]}}],"collection":[{"href":"https:\/\/blog.edu.turku.fi\/luolavuori\/wp-json\/wp\/v2\/pages"}],"about":[{"href":"https:\/\/blog.edu.turku.fi\/luolavuori\/wp-json\/wp\/v2\/types\/page"}],"author":[{"embeddable":true,"href":"https:\/\/blog.edu.turku.fi\/luolavuori\/wp-json\/wp\/v2\/users\/3228"}],"replies":[{"embeddable":true,"href":"https:\/\/blog.edu.turku.fi\/luolavuori\/wp-json\/wp\/v2\/comments?post=142"}],"version-history":[{"count":12,"href":"https:\/\/blog.edu.turku.fi\/luolavuori\/wp-json\/wp\/v2\/pages\/142\/revisions"}],"predecessor-version":[{"id":2694,"href":"https:\/\/blog.edu.turku.fi\/luolavuori\/wp-json\/wp\/v2\/pages\/142\/revisions\/2694"}],"up":[{"embeddable":true,"href":"https:\/\/blog.edu.turku.fi\/luolavuori\/wp-json\/wp\/v2\/pages\/70"}],"wp:attachment":[{"href":"https:\/\/blog.edu.turku.fi\/luolavuori\/wp-json\/wp\/v2\/media?parent=142"}],"curies":[{"name":"wp","href":"https:\/\/api.w.org\/{rel}","templated":true}]}}