{"id":120,"date":"2014-01-15T12:21:21","date_gmt":"2014-01-15T10:21:21","guid":{"rendered":"https:\/\/blog.edu.turku.fi\/luolavuori\/?page_id=120"},"modified":"2023-06-27T10:29:37","modified_gmt":"2023-06-27T07:29:37","slug":"aamujailtapaivatoiminta","status":"publish","type":"page","link":"https:\/\/blog.edu.turku.fi\/luolavuori\/muu_toiminta\/aamujailtapaivatoiminta\/","title":{"rendered":"Aamu- ja iltap\u00e4iv\u00e4toiminta"},"content":{"rendered":"<p>Iltap\u00e4iv\u00e4toiminta on koulup\u00e4iv\u00e4n j\u00e4lkeen j\u00e4rjestett\u00e4v\u00e4\u00e4 ohjattua vapaa-ajan toimintaa, joka\u00a0osaltaan tukee lapsen kasvua ja kehityst\u00e4. Aamu- ja iltap\u00e4iv\u00e4toiminta on tarkoitettu perusopetuksen 1. ja 2. vuosiluokkien oppilaille sek\u00e4 muiden vuosiluokkien erityisopetuksessa oleville oppilaille. Iltap\u00e4iv\u00e4toiminta tarjoaa lapsille virikkeellist\u00e4 ja turvallista toimintaa koulutettujen aikuisten ohjauksessa.<\/p>\n<ul>\n<li>Aamu- ja iltap\u00e4iv\u00e4toiminnasta vastaa Luolavuoren koulussa:<br \/>\nJennie Laakso 040 1544 743 ja<br \/>\nMika Lavi 044 907 3033<\/li>\n<li>Ruiskadun aamutoiminta p. 040 574 3259<\/li>\n<li>Piiparinpolun aamu- ja iltap\u00e4iv\u00e4toiminta p. 050 432 3683<\/li>\n<li>Raadinkadun aamu- ja iltap\u00e4iv\u00e4toiminta p. 040 624 9839<\/li>\n<\/ul>\n<p><b>Ulkokuntalaiset oppilaat menev\u00e4t oman kunnan toimintaan tarpeen mukaan.<\/b><b><\/b><\/p>\n","protected":false},"excerpt":{"rendered":"<p>Iltap\u00e4iv\u00e4toiminta on koulup\u00e4iv\u00e4n j\u00e4lkeen j\u00e4rjestett\u00e4v\u00e4\u00e4 ohjattua vapaa-ajan toimintaa, joka\u00a0osaltaan tukee lapsen kasvua ja kehityst\u00e4. Aamu- ja iltap\u00e4iv\u00e4toiminta on tarkoitettu perusopetuksen 1. ja 2. vuosiluokkien oppilaille sek\u00e4 muiden vuosiluokkien erityisopetuksessa oleville oppilaille. Iltap\u00e4iv\u00e4toiminta tarjoaa lapsille virikkeellist\u00e4 ja turvallista toimintaa koulutettujen aikuisten ohjauksessa. Aamu- ja iltap\u00e4iv\u00e4toiminnasta vastaa Luolavuoren koulussa: Jennie Laakso 040 1544 743 ja Mika Lavi &hellip; <a href=\"https:\/\/blog.edu.turku.fi\/luolavuori\/muu_toiminta\/aamujailtapaivatoiminta\/\" class=\"more-link\">Jatka lukemista<span class=\"screen-reader-text\"> &#8221;Aamu- ja iltap\u00e4iv\u00e4toiminta&#8221;<\/span><\/a><\/p>\n","protected":false},"author":74,"featured_media":0,"parent":74,"menu_order":4,"comment_status":"closed","ping_status":"closed","template":"","meta":{"footnotes":""},"class_list":["post-120","page","type-page","status-publish","hentry"],"_links":{"self":[{"href":"https:\/\/blog.edu.turku.fi\/luolavuori\/wp-json\/wp\/v2\/pages\/120","targetHints":{"allow":["GET"]}}],"collection":[{"href":"https:\/\/blog.edu.turku.fi\/luolavuori\/wp-json\/wp\/v2\/pages"}],"about":[{"href":"https:\/\/blog.edu.turku.fi\/luolavuori\/wp-json\/wp\/v2\/types\/page"}],"author":[{"embeddable":true,"href":"https:\/\/blog.edu.turku.fi\/luolavuori\/wp-json\/wp\/v2\/users\/74"}],"replies":[{"embeddable":true,"href":"https:\/\/blog.edu.turku.fi\/luolavuori\/wp-json\/wp\/v2\/comments?post=120"}],"version-history":[{"count":26,"href":"https:\/\/blog.edu.turku.fi\/luolavuori\/wp-json\/wp\/v2\/pages\/120\/revisions"}],"predecessor-version":[{"id":2404,"href":"https:\/\/blog.edu.turku.fi\/luolavuori\/wp-json\/wp\/v2\/pages\/120\/revisions\/2404"}],"up":[{"embeddable":true,"href":"https:\/\/blog.edu.turku.fi\/luolavuori\/wp-json\/wp\/v2\/pages\/74"}],"wp:attachment":[{"href":"https:\/\/blog.edu.turku.fi\/luolavuori\/wp-json\/wp\/v2\/media?parent=120"}],"curies":[{"name":"wp","href":"https:\/\/api.w.org\/{rel}","templated":true}]}}