{"id":954,"date":"2021-01-20T13:51:40","date_gmt":"2021-01-20T11:51:40","guid":{"rendered":"https:\/\/blog.edu.turku.fi\/lukutaito\/?page_id=954"},"modified":"2022-06-06T10:39:01","modified_gmt":"2022-06-06T07:39:01","slug":"pedagogiset-iltapaivat","status":"publish","type":"page","link":"https:\/\/blog.edu.turku.fi\/lukutaito\/materiaalia\/kasvatus-ja-opetushenkilokunnalle\/pedagogiset-iltapaivat\/","title":{"rendered":"Pedagogiset iltap\u00e4iv\u00e4t 2021"},"content":{"rendered":"<h1>Osallistavia asiantuntijakeskusteluja kev\u00e4\u00e4ll\u00e4 2021<\/h1>\n<p>Suuntaa lukemiseen! -projekti j\u00e4rjesti yhteisty\u00f6ss\u00e4 Lukeva kunta -verkoston Sanojen sinfonia Lounais-Suomessa -hankkeen kanssa pedagogisia iltap\u00e4ivi\u00e4 kev\u00e4\u00e4ll\u00e4 2021. Vapaamuotoiset keskustelutilaisuudet olivat suunnattu varhaiskasvatuksen, esi- ja alkuopetuksen sek\u00e4 kirjaston henkil\u00f6kunnalle, ja my\u00f6s muut kiinnostuneet olivat tervetulleita osallistumaan.<\/p>\n<p>Vapaamuotoisissa keskustelutilaisuuksissa keskusteltiin lukutaitoty\u00f6h\u00f6n liittyvist\u00e4 ajankohtaisista asioista, hyvist\u00e4 toimintatavoista ja ty\u00f6n kehitt\u00e4misest\u00e4. Pedagogisissa iltap\u00e4iviss\u00e4 oli mukana my\u00f6s eri alojen asiantuntijoita, jotka osallistuivat lasten lukemiseen liittyvien asioiden pohtimiseen ja kertoivat omista kokemuksistaan ja osaamisestaan. Tavoitteena oli my\u00f6s tarjota yksikk\u00f6rajat ylitt\u00e4v\u00e4\u00e4 vertaistukea. Pedagogiset iltap\u00e4iv\u00e4t toteutettiin kaksikielisesti.<\/p>\n<p>Kev\u00e4\u00e4n aikana toteutettiin kaiken kaikkiaan kahdeksan pedagogista iltap\u00e4iv\u00e4\u00e4.<\/p>\n<hr \/>\n<h2>Lukemiseen innostaminen helmikuun aiheena<strong><br \/>\n<\/strong><\/h2>\n<h3>17.2.2021 klo 14\u201315<\/h3>\n<p>\u00c4idinkielen ja didaktiikan yliopistonlehtori <strong>Juli-Anna Aerila<\/strong> Turun yliopiston opettajankoulutuslaitoksen Rauman kampukselta ja \u00e4idinkielen opetuksen professori <strong>Sara Routarinne<\/strong> Turun yliopiston opettajankoulutuslaitokselta antavat vinkkej\u00e4 lukukipin\u00e4n sytytt\u00e4miseen ja vastaavat kysymyksiin lasten lukuinnon her\u00e4tt\u00e4misest\u00e4 p\u00e4iv\u00e4koti- ja kouluymp\u00e4rist\u00f6ss\u00e4.<\/p>\n<h3>18.2.2021 klo 14\u201315<\/h3>\n<p>Lukemisen inspiroija ja erikoiskirjastonhoitaja <strong>Agneta M\u00f6ller-Salmela<\/strong> Hangon kaupunginkirjastosta kertoo kehitt\u00e4mist\u00e4\u00e4n moniaistisista menetelmist\u00e4 lukemisen inspiroimiseksi. Keskustelu k\u00e4yd\u00e4\u00e4n ruotsiksi, mutta kysymyksi\u00e4 ja puheenvuoroja voi esitt\u00e4\u00e4 my\u00f6s suomeksi.<\/p>\n<p>Materiaalia:<\/p>\n<ul>\n<li>Agneta M\u00f6ller-Salmisen opas <a href=\"https:\/\/lukuliike.fi\/wp-content\/uploads\/2020\/11\/Kotilukeminen-fin-v3.pdf\" target=\"_blank\" rel=\"noopener noreferrer\">Perheess\u00e4 lukeminen<\/a> (2020) Lukuliikkeen sivuilla (pdf-tiedosto avautuu uudelle v\u00e4lilehdelle).<\/li>\n<li>artikkeli <a href=\"https:\/\/www.kirjastokaista.fi\/tarinoiden-lumoissa-mielikuvituksen-voimaa-hangon-kirjaston-elamyshuoneessa\/\" target=\"_blank\" rel=\"noopener noreferrer\">Tarinoiden lumoissa: Mielikuvituksen voimaa Hangon kirjaston El\u00e4myshuoneessa<\/a> (20.1.2021) Kirjastokaistan sivuilla.<\/li>\n<li>Agneta M\u00f6ller-Salmisen lukuinspiraation tulevaisuusvisio\u00a0<a href=\"https:\/\/blog.edu.turku.fi\/lukutaito\/files\/2021\/02\/Att-inspirera-till-lasning-ar-2030-av-Moller-Salmela.pdf\" target=\"_blank\" rel=\"noopener noreferrer\">Att inspirera till l\u00e4sning \u00e5r 2030<\/a> (pdf-tiedosto avautuu uudelle v\u00e4lilehdelle).<\/li>\n<\/ul>\n<hr \/>\n<h2>Maaliskuussa keskustellaan lastenkirjallisuudesta ja ty\u00f6st\u00e4 lastenkirjailijana<\/h2>\n<h3>10.3.2021 klo 14\u201315<\/h3>\n<p>Palkittu kirjailija<strong> Magdalena Hai <\/strong>kertoo ty\u00f6st\u00e4\u00e4n lastenkirjailijana. H\u00e4nen uusin teoksensa Painajaispuoti: Hirmuinen Jumimies on julkaistu helmikuussa 2021 (WSOY). Teoksen on kuvittanut Teemu Juhani.<\/p>\n<h3>15.3.2021 klo 14\u201315<\/h3>\n<p>Kuvittaja ja graafikko <strong>Jenny Lucander<\/strong> kertoo ty\u00f6st\u00e4\u00e4n kuvittajana. H\u00e4nen ja kirjailija Jens Mattssonin teos Vi \u00e4r lajon! (F\u00f6rlaget, 2019) palkittiin Pohjoismaiden neuvoston lastenkirjallisuuspalkinnolla vuonna 2020. Keskustelu k\u00e4yd\u00e4\u00e4n ruotsiksi, mutta kysymyksi\u00e4 ja puheenvuoroja voi esitt\u00e4\u00e4 my\u00f6s suomeksi.<\/p>\n<hr \/>\n<h2>Huhtikuun iltap\u00e4ivill\u00e4 aiheena monikielisyys ja lukutaito<\/h2>\n<h3>26.4.2021 klo 16\u201317<\/h3>\n<p>Keskustelun aiheena iltap\u00e4iv\u00e4n aikana on suomenruotsalaisuus ja suomalaisuus peruskoulun oppikirjoissa &amp; kirjavinkkej\u00e4 kielelliseen ja kulttuuriseen kasvatukseen.<\/p>\n<p>Asiantuntijavieraana englannin ja ruotsin aineenopettaja <strong>Wera Kunnas<\/strong> Helsingin kaupungilta. Iltap\u00e4iv\u00e4n keskustelu k\u00e4yd\u00e4\u00e4n ruotsiksi, mutta kysymyksi\u00e4 ja kommentteja voi esitt\u00e4\u00e4 my\u00f6s suomeksi.<\/p>\n<h3>28.4.2021 klo 14\u201315<\/h3>\n<p>Iltap\u00e4iv\u00e4n keskustelun aiheena on monikielisyys ja lukutaito.<\/p>\n<p>Asiantuntijavieraana projektitutkija <strong>Niina Kekki <\/strong>Turun yliopistosta.<\/p>\n<hr \/>\n<h2>Toukokuussa puheena kirjastoyhteisty\u00f6<\/h2>\n<h3>12.5.2021 klo 14\u201315<\/h3>\n<p>Keskiviikkona 12.5. keskustellaan p\u00e4iv\u00e4kodin, koulun, kirjaston ja kodin v\u00e4lisest\u00e4 yhteisty\u00f6st\u00e4 <strong>Riitta Taaran<\/strong> (kirjastonhoitaja, Turun p\u00e4\u00e4kirjasto) johdolla. Keskustelu k\u00e4yd\u00e4\u00e4n ruotsiksi, mutta kysymyksi\u00e4 ja puheenvuoroja voi esitt\u00e4\u00e4 my\u00f6s suomeksi.<\/p>\n<h3>17.5.2021 klo 14-15<\/h3>\n<p>Keskustelu p\u00e4iv\u00e4kodin, koulun, kirjaston ja kodin v\u00e4lisest\u00e4 yhteisty\u00f6st\u00e4 jatkuu maanantaina 17.5, kun vieraaksemme saapuu <strong>Terhi Hannula<\/strong> (informaatikko, Turun p\u00e4\u00e4kirjasto).<\/p>\n<hr \/>\n<p>Pid\u00e4t\u00e4mme oikeudet aikataulullisiin ja sis\u00e4ll\u00f6llisiin muutoksiin.<\/p>\n","protected":false},"excerpt":{"rendered":"<p>Osallistavia asiantuntijakeskusteluja kev\u00e4\u00e4ll\u00e4 2021 Suuntaa lukemiseen! -projekti j\u00e4rjesti yhteisty\u00f6ss\u00e4 Lukeva kunta -verkoston Sanojen sinfonia Lounais-Suomessa -hankkeen kanssa pedagogisia iltap\u00e4ivi\u00e4 kev\u00e4\u00e4ll\u00e4 2021. Vapaamuotoiset keskustelutilaisuudet olivat suunnattu varhaiskasvatuksen, esi- ja alkuopetuksen sek\u00e4 kirjaston henkil\u00f6kunnalle, ja my\u00f6s muut kiinnostuneet olivat tervetulleita osallistumaan. Vapaamuotoisissa keskustelutilaisuuksissa keskusteltiin lukutaitoty\u00f6h\u00f6n liittyvist\u00e4 ajankohtaisista asioista, hyvist\u00e4 toimintatavoista ja ty\u00f6n kehitt\u00e4misest\u00e4. Pedagogisissa iltap\u00e4iviss\u00e4 oli mukana &hellip; <a href=\"https:\/\/blog.edu.turku.fi\/lukutaito\/materiaalia\/kasvatus-ja-opetushenkilokunnalle\/pedagogiset-iltapaivat\/\" class=\"more-link\">Jatka lukemista<span class=\"screen-reader-text\"> &#8221;Pedagogiset iltap\u00e4iv\u00e4t 2021&#8221;<\/span><\/a><\/p>\n","protected":false},"author":2465,"featured_media":0,"parent":23,"menu_order":0,"comment_status":"closed","ping_status":"closed","template":"","meta":{"footnotes":""},"class_list":["post-954","page","type-page","status-publish","hentry"],"_links":{"self":[{"href":"https:\/\/blog.edu.turku.fi\/lukutaito\/wp-json\/wp\/v2\/pages\/954","targetHints":{"allow":["GET"]}}],"collection":[{"href":"https:\/\/blog.edu.turku.fi\/lukutaito\/wp-json\/wp\/v2\/pages"}],"about":[{"href":"https:\/\/blog.edu.turku.fi\/lukutaito\/wp-json\/wp\/v2\/types\/page"}],"author":[{"embeddable":true,"href":"https:\/\/blog.edu.turku.fi\/lukutaito\/wp-json\/wp\/v2\/users\/2465"}],"replies":[{"embeddable":true,"href":"https:\/\/blog.edu.turku.fi\/lukutaito\/wp-json\/wp\/v2\/comments?post=954"}],"version-history":[{"count":110,"href":"https:\/\/blog.edu.turku.fi\/lukutaito\/wp-json\/wp\/v2\/pages\/954\/revisions"}],"predecessor-version":[{"id":2444,"href":"https:\/\/blog.edu.turku.fi\/lukutaito\/wp-json\/wp\/v2\/pages\/954\/revisions\/2444"}],"up":[{"embeddable":true,"href":"https:\/\/blog.edu.turku.fi\/lukutaito\/wp-json\/wp\/v2\/pages\/23"}],"wp:attachment":[{"href":"https:\/\/blog.edu.turku.fi\/lukutaito\/wp-json\/wp\/v2\/media?parent=954"}],"curies":[{"name":"wp","href":"https:\/\/api.w.org\/{rel}","templated":true}]}}