{"id":58,"date":"2020-09-07T10:51:07","date_gmt":"2020-09-07T07:51:07","guid":{"rendered":"https:\/\/blog.edu.turku.fi\/lukutaito\/?page_id=58"},"modified":"2022-09-29T13:38:59","modified_gmt":"2022-09-29T10:38:59","slug":"etusivu","status":"publish","type":"page","link":"https:\/\/blog.edu.turku.fi\/lukutaito\/","title":{"rendered":"Ajankohtaista"},"content":{"rendered":"<p><strong>Suuntaa lukemiseen! -lukutaitoprojekti on p\u00e4\u00e4ttynyt (7\/2022).<\/strong><\/p>\n<hr \/>\n<p><a href=\"https:\/\/aoe.fi\/#\/materiaali\/2063\" target=\"_blank\" rel=\"noopener\">Suuntaa lukemiseen! Lukutaitoprojekti esittelee: Materiaalia lukutaitoty\u00f6n tueksi<\/a><\/p>\n<figure id=\"attachment_2534\" aria-describedby=\"caption-attachment-2534\" style=\"width: 500px\" class=\"wp-caption aligncenter\"><img loading=\"lazy\" decoding=\"async\" class=\"wp-image-2534\" src=\"https:\/\/blog.edu.turku.fi\/lukutaito\/files\/2022\/07\/Julkaisu-300x235.jpg\" alt=\"Pino v\u00e4rikk\u00e4it\u00e4 kirjoja ja kaksi v\u00e4rik\u00e4st\u00e4 virkattua lintua.\" width=\"500\" height=\"391\" srcset=\"https:\/\/blog.edu.turku.fi\/lukutaito\/files\/2022\/07\/Julkaisu-300x235.jpg 300w, https:\/\/blog.edu.turku.fi\/lukutaito\/files\/2022\/07\/Julkaisu.jpg 1024w\" sizes=\"auto, (max-width: 500px) 85vw, 500px\" \/><figcaption id=\"caption-attachment-2534\" class=\"wp-caption-text\">Kirjan kannen kuvitus: Jenny Lucancer. Kuva: Henrik Hurme.<\/figcaption><\/figure>\n<hr \/>\n<h1>Suuntaa lukemiseen! -projekti<\/h1>\n<p>Suuntaa lukemiseen! on opetus- ja kulttuuriministeri\u00f6n rahoittama kaksivuotinen (2020\u20132022) ja kaksikielinen kehitt\u00e4misprojekti, jonka p\u00e4\u00e4m\u00e4\u00e4r\u00e4n\u00e4 on edist\u00e4\u00e4 lasten lukutaitoa ja -harrastuneisuutta. Tavoitteena on my\u00f6s vahvistaa ja lis\u00e4t\u00e4 varhaiskasvatuksen, esi- ja alkuopetuksen sek\u00e4 kotien ja kulttuurialan toimijoiden v\u00e4list\u00e4 yhteisty\u00f6t\u00e4 lukutaitoon ja lukemiseen liittyen.<\/p>\n<p>Turun kaupungin lukukoordinaattorina toimi Henrik Hurme.<\/p>\n","protected":false},"excerpt":{"rendered":"<p>Suuntaa lukemiseen! -lukutaitoprojekti on p\u00e4\u00e4ttynyt (7\/2022). Suuntaa lukemiseen! Lukutaitoprojekti esittelee: Materiaalia lukutaitoty\u00f6n tueksi Suuntaa lukemiseen! -projekti Suuntaa lukemiseen! on opetus- ja kulttuuriministeri\u00f6n rahoittama kaksivuotinen (2020\u20132022) ja kaksikielinen kehitt\u00e4misprojekti, jonka p\u00e4\u00e4m\u00e4\u00e4r\u00e4n\u00e4 on edist\u00e4\u00e4 lasten lukutaitoa ja -harrastuneisuutta. Tavoitteena on my\u00f6s vahvistaa ja lis\u00e4t\u00e4 varhaiskasvatuksen, esi- ja alkuopetuksen sek\u00e4 kotien ja kulttuurialan toimijoiden v\u00e4list\u00e4 yhteisty\u00f6t\u00e4 lukutaitoon ja &hellip; <a href=\"https:\/\/blog.edu.turku.fi\/lukutaito\/\" class=\"more-link\">Jatka lukemista<span class=\"screen-reader-text\"> &#8221;Ajankohtaista&#8221;<\/span><\/a><\/p>\n","protected":false},"author":2465,"featured_media":0,"parent":0,"menu_order":0,"comment_status":"closed","ping_status":"closed","template":"","meta":{"footnotes":""},"class_list":["post-58","page","type-page","status-publish","hentry"],"_links":{"self":[{"href":"https:\/\/blog.edu.turku.fi\/lukutaito\/wp-json\/wp\/v2\/pages\/58","targetHints":{"allow":["GET"]}}],"collection":[{"href":"https:\/\/blog.edu.turku.fi\/lukutaito\/wp-json\/wp\/v2\/pages"}],"about":[{"href":"https:\/\/blog.edu.turku.fi\/lukutaito\/wp-json\/wp\/v2\/types\/page"}],"author":[{"embeddable":true,"href":"https:\/\/blog.edu.turku.fi\/lukutaito\/wp-json\/wp\/v2\/users\/2465"}],"replies":[{"embeddable":true,"href":"https:\/\/blog.edu.turku.fi\/lukutaito\/wp-json\/wp\/v2\/comments?post=58"}],"version-history":[{"count":144,"href":"https:\/\/blog.edu.turku.fi\/lukutaito\/wp-json\/wp\/v2\/pages\/58\/revisions"}],"predecessor-version":[{"id":2548,"href":"https:\/\/blog.edu.turku.fi\/lukutaito\/wp-json\/wp\/v2\/pages\/58\/revisions\/2548"}],"wp:attachment":[{"href":"https:\/\/blog.edu.turku.fi\/lukutaito\/wp-json\/wp\/v2\/media?parent=58"}],"curies":[{"name":"wp","href":"https:\/\/api.w.org\/{rel}","templated":true}]}}