{"id":2284,"date":"2022-02-04T16:06:50","date_gmt":"2022-02-04T14:06:50","guid":{"rendered":"https:\/\/blog.edu.turku.fi\/lukutaito\/?page_id=2284"},"modified":"2022-10-21T08:37:33","modified_gmt":"2022-10-21T05:37:33","slug":"kirjailijakeskiviikot","status":"publish","type":"page","link":"https:\/\/blog.edu.turku.fi\/lukutaito\/materiaalia\/lapsille-ja-lapsiperheille\/kirjailijakeskiviikot\/","title":{"rendered":"Kirjailijakeskiviikot 2022"},"content":{"rendered":"<h1>Kirjailijakeskiviikot kev\u00e4\u00e4ll\u00e4 2022<\/h1>\n<p>Kev\u00e4\u00e4n 2022 aikana Turussa vierailee virtuaalisesti joukko suosittuja kirjailijoita ja kuvittajia. Turun lukutaitoprojekti nimitt\u00e4in tuottaa virtuaalisia kirjailijavierailuita maaliskuusta toukokuuhun. Kirjailijavierailuja toteutetaan suomeksi keskiviikkoisin (<em>kirjailijakeskiviikko<\/em>) ja ruotsiksi perjantaisin (<em>f\u00f6rfattarfredag<\/em>).<\/p>\n<p>Lukutaitoprojektin kirjailijakeskiviikot ja f\u00f6rfattarfredagenit toteutetaan yhteisty\u00f6ss\u00e4 Turun kaupunginkirjaston lastenosasto Saagan kanssa, ja ne j\u00e4rjestet\u00e4\u00e4n Lukukeskuksen kautta. Kirjailijavierailut j\u00e4rjestet\u00e4\u00e4n lastenosasto Saagan Facebookissa livel\u00e4hetyksen\u00e4 keskiviikko- ja perjantaiaamuisin, ja vierailuita seuraamaan ovat tervetulleita kaikki kirjallisuudesta ja lukemisesta kiinnostuneet.<\/p>\n<hr \/>\n<h2>KYSY KIRJAILIJALTA!<\/h2>\n<p>Kysymyksi\u00e4 kirjailijakeskiviikoilla vieraileville kirjailijoille voi esitt\u00e4\u00e4 oheisen kyselyn kautta: KYSY KIRJAILIJALTA! (kysely on sulkeutunut). Kysymyksi\u00e4 voi esitt\u00e4\u00e4 anonyymisti.<\/p>\n<p>Kysymyksi\u00e4 f\u00f6rfattarfredageneilla vieraileville kirjailijoille voi esitt\u00e4\u00e4 oheisen kyselyn kautta: FR\u00c5GA F\u00d6RFATTAREN! (kysely on sulkeutunut). Kysymyksi\u00e4 voi esitt\u00e4\u00e4 anonyymisti.<\/p>\n<p>Kysymyksi\u00e4 voi l\u00e4hett\u00e4\u00e4 my\u00f6s s\u00e4hk\u00f6postilla lukukoordinaattorille osoitteeseen: henrik.hurme@turku.fi.<\/p>\n<p>Kirjailijoiden ja kuvittajien tuotantoon kannattaa tutustua etuk\u00e4teen. Tutustu my\u00f6s Lukukeskuksen vinkkeihin: <a href=\"https:\/\/kirjailijavierailut.lukukeskus.fi\/tilaajalle\/virtuaalivierailut\/vinkit-opettajalle-virtuaalivierailuun\/\" target=\"_blank\" rel=\"noopener\">Vinkit opettajalle virtuaalivierailuun<\/a>.<\/p>\n<hr \/>\n<h2>Kirjailijakeskiviikko<\/h2>\n<p>Lukutaitoprojektin kirjailijakeskiviikoilla vierailee suosittuja suomalaisia kirjailijoita ja taitelijoita.<\/p>\n<h3>Paula Nivukoski \u2013 9.3. klo 9.30\u201310.00<\/h3>\n<p>Paula Nivukoski on tunnettu suomalainen kirjailija. H\u00e4n on muun muassa kirjoittanut <em>Onnelliset aakkoset<\/em> -aakkoskirjan, joka on osa A:sta \u00d6:h\u00f6n Muumien matkassa -lukutaitohanketta. Nivukoski on laatinut my\u00f6s tekstit muumiaiheiseen <em>Lukup\u00e4iv\u00e4kirjaan<\/em>. Turun lukutaitoprojekti jakaa sek\u00e4 aakkoskirjoja ett\u00e4 lukup\u00e4iv\u00e4kirjoja pienille turkulaislukijoille.<\/p>\n<p><a href=\"https:\/\/fb.me\/e\/6eQktpIAX\" target=\"_blank\" rel=\"noopener\"><em>Kirjailijakeskiviikko: Paula Nivukoski<\/em> Saagan Facebookissa.<\/a><\/p>\n<p><a href=\"https:\/\/kirjailijavierailut.lukukeskus.fi\/kirjailijat\/nivukoski-paula\/\" target=\"_blank\" rel=\"noopener\">Tutustu Paula Nivukosken kirjoihin Lukukeskuksen sivuilla.<\/a><\/p>\n<h3>Laura Ertimo \u2013 16.3.2022 klo 9.30\u201310.00<\/h3>\n<p>Laura Ertimo on suomalainen tietokirjailija ja maantieteilij\u00e4. H\u00e4n k\u00e4sittelee kirjoissaan ajankohtaisia, mutta monimutkaisia ja vaikeita aiheita ymm\u00e4rrett\u00e4v\u00e4ll\u00e4 ja helposti l\u00e4hestytt\u00e4v\u00e4ll\u00e4 tavalla. H\u00e4nen viimeksi julkaistu teoksena, <em>Aika matka! Lotta, Kasper ja luontokadon arvoitus<\/em> (2021), k\u00e4sittelee luontokatoa ja sit\u00e4, miten el\u00e4m\u00e4 maapallolla on kehittynyt 350 miljoonassa vuodessa. Kirja on lasten- ja nuortenkirjallisuuden Finlandia-ehdokas 2021. Ertimo kirjoittaa my\u00f6s selkokirjallisuutta.<\/p>\n<p><a href=\"https:\/\/fb.me\/e\/1pktj2bZ3\" target=\"_blank\" rel=\"noopener\"><em>Kirjailijakeskiviikko: Laura Ertimo<\/em> Saagan Facebookissa.<\/a><\/p>\n<p><a href=\"https:\/\/kirjailijavierailut.lukukeskus.fi\/kirjailijat\/ertimo-laura\/\" target=\"_blank\" rel=\"noopener\">Tutustu Laura Ertimon kirjoihin Lukukeskuksen sivuilla.<\/a><\/p>\n<h3>Roope Lipasti \u2013 13.4.2022 klo 9.30\u201310.00 (Huom! P\u00e4iv\u00e4 muutettu!)<\/h3>\n<p>Roope Lipasti on varsinaissuomalainen kirjailija, toimittaja, pakinoitsija ja kolumnisti. H\u00e4n on kirjoittanut my\u00f6s n\u00e4ytelmi\u00e4, sarjakuvia ja tv- ja elokuvak\u00e4sikirjoituksia. H\u00e4n kirjoittaa my\u00f6s tunnettua Turun Sanomien J\u00e4lkipuinti-kolumnia. Lipastin viimeksi julkaistu romaani, <em>Mikaelin kirja<\/em> (2021), sijoittuu 1550-luvun Turkuun. Lipastin tunnettuja lastenkirjoja ovat muun muassa <em>L\u00e4tk\u00e4-Lauri-<\/em>\u00a0ja <em>Aavepartio<\/em> -kirjat: <em>Aavepartio ja viem\u00e4rin hirvi\u00f6<\/em> julkaistiin helmikuussa 2022.<\/p>\n<p><a href=\"https:\/\/fb.me\/e\/2cfnKpEe3\" target=\"_blank\" rel=\"noopener\"><em>Kirjailijakeskiviikko: Roope Lipasti<\/em> Saagan Facebookissa.<\/a><\/p>\n<p><a href=\"https:\/\/kirjailijavierailut.lukukeskus.fi\/kirjailijat\/lipasti-roope\/\" target=\"_blank\" rel=\"noopener\">Tutustu Roope Lipastin kirjoihin Lukukeskuksen sivuilla.<\/a><\/p>\n<h3>Silja Sillanp\u00e4\u00e4 \u2013 20.4.2022 klo 9.30\u201310.00<\/h3>\n<p>Silja Sillanp\u00e4\u00e4 on ajankohtainen kirjailija ja lastenkulttuurin moniosaaja. H\u00e4n on tunnettu muun muassa <em>Katti Matikainen<\/em> -kirjoistaan sek\u00e4 esiintymisist\u00e4\u00e4n TV2:n lastenohjelmissa, kuten <em>Katinkontti<\/em> ja <em>Syrh\u00e4m\u00e4<\/em>. Sillanp\u00e4\u00e4 on kirjoittanut useita tv-ohjelmia, \u00e4\u00e4nitarinoita, kuva-\u00e4\u00e4nikirjoja, satukirjoja, oppikirjoja, n\u00e4ytelmi\u00e4, lauluja, konsertteja, juontoja ja runoja. Sillanp\u00e4\u00e4n viimeksi julkaistu teos <em>Salasaaren salaisuudet<\/em> (2021) on niitt\u00e4nyt suosiota niin kirjana, ty\u00f6pajana (<em>Salasaaren salapaja<\/em>) kuin 40-osaisena seikkailusarjana (<em>Salasaaren seikkailijat<\/em>).<\/p>\n<p><a href=\"https:\/\/fb.me\/e\/30Fuzkb8s\" target=\"_blank\" rel=\"noopener\"><em>Kirjailijakeskiviikko: Silja Sillanp\u00e4\u00e4<\/em> Saagan Facebookissa.<\/a><\/p>\n<p><a href=\"https:\/\/kirjailijavierailut.lukukeskus.fi\/kirjailijat\/sillanpaa-silja\/\" target=\"_blank\" rel=\"noopener\">Tutustu Silja Sillanp\u00e4\u00e4n kirjoihin Lukukeskuksen sivuilla.<\/a><\/p>\n<h3>Tuuli Hyp\u00e9n \u2013 11.5.2022 klo 9.30\u201310.00\u00a0<strong>(Huom! P\u00e4iv\u00e4 muutettu!)<\/strong><\/h3>\n<p>Tuuli Hyp\u00e9n on turkulainen sarjakuvantekij\u00e4 ja kuvittaja. H\u00e4nen tunnetuin sarjakuvahahmonsa lienee citykettu Nanna, jonka on voinut bongata niin Helsingin Sanomissa, Turun Sanomissa kuin muissakin suomalaisissa sanomalehdiss\u00e4. H\u00e4n on piirt\u00e4nyt sarjakuvia my\u00f6s <em>Veikka<\/em>-lastenkirjoihin, ja h\u00e4nen kuvituksiaan voi n\u00e4hd\u00e4 my\u00f6s erilaisissa mobiili- ja lautapeleiss\u00e4. Hyp\u00e9n on my\u00f6s ohjannut lapsille ja nuorille suunnattuja sarjakuvaty\u00f6pajoja.<\/p>\n<p><a href=\"https:\/\/fb.me\/e\/1TC0zmr09\" target=\"_blank\" rel=\"noopener\"><em>Kirjailijakeskiviikko: Tuuli Hyp\u00e9n<\/em> Saagan Facebookissa.<\/a><\/p>\n<p><a href=\"https:\/\/kirjailijavierailut.lukukeskus.fi\/kirjailijat\/hypen-tuuli\/\" target=\"_blank\" rel=\"noopener\">Tutustu Tuuli Hyp\u00e9n kirjoihin Lukukeskuksen sivuilla.<\/a><\/p>\n<hr \/>\n<h2>F\u00f6rfattarfredag<\/h2>\n<p>Perjantaisin j\u00e4rjestett\u00e4vill\u00e4\u00a0<em>f\u00f6rfattarfredageneilla<\/em> vierailee joukko tunnettuja suomenruotsalaisia kirjailijoita ja kuvittajia.<\/p>\n<p>Lis\u00e4\u00e4 ruotsinkielisist\u00e4 kirjailijavierailuista ruotsiksi: <a href=\"https:\/\/blog.edu.turku.fi\/laskunnighet\/material\/barn-och-barnfamiljer\/forfattarfredag\/\" target=\"_blank\" rel=\"noopener\">F\u00f6rfattarfredagar p\u00e5 v\u00e5ren 2022<\/a>.<\/p>\n<h3>Annika Sandelin \u2013 4.3.2022 klo 9.30\u201310.00<\/h3>\n<p>Annika Sandelin on palkittu suomenruotsalainen kirjailija ja runoilija. H\u00e4nelle on muun muassa my\u00f6nnetty <em>Anni Swan-medaljen 2021<\/em>. Palkinto on yksi Suomen arvostetuimmista lasten- ja nuortenkirjallisuuspalkinnoista. Sandelin on kirjoittanut muun muassa aakkoskirjan <em>Mumindalens alfabet<\/em> (2021), joka on osa A:sta \u00d6:h\u00f6n Muumien matkassa -lukutaitohanketta. Turun lukutaitoprojekti lahjoittaa edell\u00e4 mainitun aakkoskirjan turkulaisille ruotsinkielisille p\u00e4iv\u00e4kodeille. Sandelinin viimeksi julkaistu teos <em>N\u00e4r farmor fl\u00f6g<\/em> (2022) ravistelee k\u00e4sityksi\u00e4 supersankareista: kirjassa nimitt\u00e4in iso\u00e4iti saa yll\u00e4tt\u00e4en supervoimia.<\/p>\n<p><a href=\"https:\/\/fb.me\/e\/2ePvLVUWK\" target=\"_blank\" rel=\"noopener\"><em>F\u00f6rfattarfredag med Annika Sandelin<\/em> Saagan Facebookissa.<\/a><\/p>\n<p><a href=\"https:\/\/kirjailijavierailut.lukukeskus.fi\/kirjailijat\/sandelin-annika\/\" target=\"_blank\" rel=\"noopener\">Tutustu Annika Sandelinin kirjoihin Lukukeskuksen sivuilla.<\/a><\/p>\n<h3>Linda Bondestam \u2013 18.3.2022 klo 9.30\u201310.00<\/h3>\n<p>Linda Bondestam on suomenruotsalainen kuvittaja ja kirjailija. H\u00e4n yksi suomalaisen ja pohjoismaisen lastenkirjallisuuden k\u00e4rkinimist\u00e4. H\u00e4n on kuvittanut yli 30 ruotsin- ja suomenkielist\u00e4 kirjaa. H\u00e4n k\u00e4sittelee kuvituksissaan ja kirjoissaan ajankohtaisia, vaikeitakin aiheita, kuten ilmastonmuutosta ja luonnon monimuotoisuutta. Bondestamin teos <em>Mitt bottenliv: av en ensam axolotl<\/em> (2020) on saavuttanut supersuosion niin kotimaassa kuin ulkomaillakin, ja kirja on <em>Augustpriset<\/em> 2020 &#8211; ja Pohjoismaiden neuvoston lasten- ja nuortenkirjallisuuspalkinto 2021 -ehdokas.<\/p>\n<p><a href=\"https:\/\/fb.me\/e\/1Ebl04YBN\" target=\"_blank\" rel=\"noopener\"><em>F\u00f6rfattarfredag med Linda Bondestam<\/em> Saagan Facebookissa.<\/a><\/p>\n<p><a href=\"https:\/\/kirjailijavierailut.lukukeskus.fi\/kirjailijat\/bondestam-linda\/\" target=\"_blank\" rel=\"noopener\">Tutustu Linda Bondestamin kirjoihin Lukukeskuksen sivuilla.<\/a><\/p>\n<h3>Eva H\u00f6glund \u2013 8.4.2022 klo 9.30\u201310.00<\/h3>\n<p>Eva H\u00f6glund on turkulainen suomenruotsalainen nuortenkirjailija. H\u00e4nen esikoisteoksensa, seikkailuromaani <em>Kompisdeckarna l\u00f6ser paketmysteriet<\/em> (2020) sijoittuu Turkuun kertoen turkulaisten nuorten j\u00e4nnitt\u00e4v\u00e4st\u00e4 seikkailusta eri puolilla kaupunkia. H\u00f6glund ty\u00f6skentelee tietoasiantuntijana \u00c5bo Akademin kirjastossa. Turun lukutaitoprojekti my\u00f6s toteuttaa kev\u00e4\u00e4ll\u00e4 2022 <em>Kompisdeckarna<\/em>-kirjaan perustuvan kirjasuunnistuksen yhdess\u00e4 H\u00f6glundin ja Turun kaupunginkirjaston lastenosasto Saagan kanssa.<\/p>\n<p><a href=\"https:\/\/fb.me\/e\/2iCCtt3pV\" target=\"_blank\" rel=\"noopener\"><em>F\u00f6rfattarfredag med Eva H\u00f6glund<\/em> Saagan Facebookissa.<\/a><\/p>\n<p><a href=\"https:\/\/kirjailijavierailut.lukukeskus.fi\/kirjailijat\/hoglund-eva\/\" target=\"_blank\" rel=\"noopener\">Tutustu Eva H\u00f6glundin kirjoihin Lukukeskuksen sivuilla.<\/a><\/p>\n<h3>Eva Frantz \u2013 29.4.2022 klo 9.30\u201310.00<\/h3>\n<p>Eva Frantz on palkittu suomenruotsalainen dekkaristi, bloggari, journalisti, Euroviisukommentaattori, kolumnisti sek\u00e4 nuortenkirjailija. H\u00e4n on kirjoittanut lapsille ja nuorille muun muassa teokset <em>Hallonbacken<\/em> (2018) ja <em>Hemligheten i Helmersbruk<\/em> (2021)\u00a0sek\u00e4 aikuisille <em>Anna Glad<\/em> -dekkareita. Frantzin teoksia on julkaistu my\u00f6s Britanniassa, Ruotsissa, Tanskassa, Ven\u00e4j\u00e4ll\u00e4 ja Virossa. Ja mit\u00e4 Euroviisuihin tulee, j\u00e4rjestet\u00e4\u00e4n <em>Eurovision laulukilpailu<\/em> seuraavan kerran 10.\u201314.5.2022.<\/p>\n<p><a href=\"https:\/\/fb.me\/e\/36A6qRQPa\" target=\"_blank\" rel=\"noopener\"><em>F\u00f6rfattarfredag med Eva Frantz<\/em> Saagan Facebookissa.<\/a><\/p>\n<p><a href=\"https:\/\/kirjailijavierailut.lukukeskus.fi\/kirjailijat\/eva-frantz\/\" target=\"_blank\" rel=\"noopener\">Tutustu Eva Frantzin kirjoihin Lukukeskuksen sivuilla.<\/a><\/p>\n<h3>Jenny Lucander \u2013 13.5.2022 klo 9.30\u201310.00<\/h3>\n<p>Jenny Lucander on palkittu suomenruotsalainen kuvittaja ja graafikko, joka tunnetaan Suomen lis\u00e4ksi my\u00f6s Pohjoismaissa. Lucanderille on muun muassa my\u00f6nnetty Pohjoismaiden neuvoston lastenkirjallisuuspalkinto 2020 kirjasta <em>Vi \u00e4r lajon!<\/em> (2019). H\u00e4n on tehnyt kuvituksia niin ruotsin- kuin suomenkielisiin kirjoihin. Lucanderin viimeksi kuvittama teos <em>N\u00e4r farmor fl\u00f6g<\/em> (2022) ravistelee k\u00e4sityksi\u00e4 iso\u00e4ideist\u00e4 ja supersankareista: kirjassa supersankari on nimitt\u00e4in iso\u00e4iti! Kirjan tekstit on kirjoittanut kirjailija ja runoilija Annika Sandelin.<\/p>\n<p><a href=\"https:\/\/fb.me\/e\/3fYMhY2Uj\" target=\"_blank\" rel=\"noopener\"><em>F\u00f6rfattarfredag med Jenny Lucander<\/em> Saagan Facebookissa.<\/a><\/p>\n<p><a href=\"https:\/\/kirjailijavierailut.lukukeskus.fi\/kirjailijat\/lucander-jenny\/\" target=\"_blank\" rel=\"noopener\">Tutustu Jenny Lucanderin kirjoihin Lukukeskuksen sivuilla.<\/a><\/p>\n<hr \/>\n<p>Oikeudet muutoksiin pid\u00e4tet\u00e4\u00e4n.<\/p>\n","protected":false},"excerpt":{"rendered":"<p>Kirjailijakeskiviikot kev\u00e4\u00e4ll\u00e4 2022 Kev\u00e4\u00e4n 2022 aikana Turussa vierailee virtuaalisesti joukko suosittuja kirjailijoita ja kuvittajia. Turun lukutaitoprojekti nimitt\u00e4in tuottaa virtuaalisia kirjailijavierailuita maaliskuusta toukokuuhun. Kirjailijavierailuja toteutetaan suomeksi keskiviikkoisin (kirjailijakeskiviikko) ja ruotsiksi perjantaisin (f\u00f6rfattarfredag). Lukutaitoprojektin kirjailijakeskiviikot ja f\u00f6rfattarfredagenit toteutetaan yhteisty\u00f6ss\u00e4 Turun kaupunginkirjaston lastenosasto Saagan kanssa, ja ne j\u00e4rjestet\u00e4\u00e4n Lukukeskuksen kautta. Kirjailijavierailut j\u00e4rjestet\u00e4\u00e4n lastenosasto Saagan Facebookissa livel\u00e4hetyksen\u00e4 keskiviikko- ja &hellip; <a href=\"https:\/\/blog.edu.turku.fi\/lukutaito\/materiaalia\/lapsille-ja-lapsiperheille\/kirjailijakeskiviikot\/\" class=\"more-link\">Jatka lukemista<span class=\"screen-reader-text\"> &#8221;Kirjailijakeskiviikot 2022&#8221;<\/span><\/a><\/p>\n","protected":false},"author":2465,"featured_media":0,"parent":2172,"menu_order":0,"comment_status":"closed","ping_status":"closed","template":"","meta":{"footnotes":""},"class_list":["post-2284","page","type-page","status-publish","hentry"],"_links":{"self":[{"href":"https:\/\/blog.edu.turku.fi\/lukutaito\/wp-json\/wp\/v2\/pages\/2284","targetHints":{"allow":["GET"]}}],"collection":[{"href":"https:\/\/blog.edu.turku.fi\/lukutaito\/wp-json\/wp\/v2\/pages"}],"about":[{"href":"https:\/\/blog.edu.turku.fi\/lukutaito\/wp-json\/wp\/v2\/types\/page"}],"author":[{"embeddable":true,"href":"https:\/\/blog.edu.turku.fi\/lukutaito\/wp-json\/wp\/v2\/users\/2465"}],"replies":[{"embeddable":true,"href":"https:\/\/blog.edu.turku.fi\/lukutaito\/wp-json\/wp\/v2\/comments?post=2284"}],"version-history":[{"count":34,"href":"https:\/\/blog.edu.turku.fi\/lukutaito\/wp-json\/wp\/v2\/pages\/2284\/revisions"}],"predecessor-version":[{"id":2551,"href":"https:\/\/blog.edu.turku.fi\/lukutaito\/wp-json\/wp\/v2\/pages\/2284\/revisions\/2551"}],"up":[{"embeddable":true,"href":"https:\/\/blog.edu.turku.fi\/lukutaito\/wp-json\/wp\/v2\/pages\/2172"}],"wp:attachment":[{"href":"https:\/\/blog.edu.turku.fi\/lukutaito\/wp-json\/wp\/v2\/media?parent=2284"}],"curies":[{"name":"wp","href":"https:\/\/api.w.org\/{rel}","templated":true}]}}