{"id":1677,"date":"2021-04-26T13:44:11","date_gmt":"2021-04-26T10:44:11","guid":{"rendered":"https:\/\/blog.edu.turku.fi\/lukutaito\/?page_id=1677"},"modified":"2022-06-06T10:19:25","modified_gmt":"2022-06-06T07:19:25","slug":"punni-palkinto","status":"publish","type":"page","link":"https:\/\/blog.edu.turku.fi\/lukutaito\/materiaalia\/lapsille-ja-lapsiperheille\/kirjavinkit-kirjallisuuspalkintojen-mukaan\/punni-palkinto\/","title":{"rendered":"Lastenkirjainstituutin Punni-palkinto"},"content":{"rendered":"<h1>Raikkaita ja arkailemattomia teoksia nykylapsille ja tuleville sukupolville<\/h1>\n<p>Punni on Lastenkirjainstituutin vuodesta 2017 my\u00f6nt\u00e4m\u00e4 kirjallisuuspalkinto kotimaiselle lasten- ja nuortenkirjan tekij\u00e4lle esikoisteoksesta tai rohkeasta avauksesta lasten- ja nuortenkirjallisuudessa. Palkinnon arvo on vuosina 2021\u20132024 600 euroa. Ensimm\u00e4inen palkinto my\u00f6nnettiin 6.4.2017.<\/p>\n<p>Voittajan valitsee Lastenkirjainstituutin kannatusyhdistyksen hallituksen vuosittain valitsema palkintoraati. Raati koostuu 4\u20135 j\u00e4senest\u00e4, joista yksi on kiinte\u00e4 j\u00e4sen Lastenkirjainstituutin henkil\u00f6kunnasta, yksi j\u00e4sen Lastenkirjainstituutin kannatusyhdistyksest\u00e4 ja yksi nuorisoj\u00e4sen (alle 18-vuotias). Mukaan kutsutaan vuosittain my\u00f6s 1\u20132 erikseen valittavaa asiantuntijaj\u00e4sent\u00e4.<\/p>\n<p>Alta l\u00f6ytyv\u00e4t vuosien mittaan my\u00f6nnettyjen Punni-palkintojen saajat alkaen viimeisimm\u00e4st\u00e4, vuonna 2021 my\u00f6nnetyst\u00e4 palkinnosta. Listauksesta l\u00f6ytyy my\u00f6s Punni-palkintojen yhteydess\u00e4 my\u00f6nnettyjen kunniamainintojen saajat.<\/p>\n<hr \/>\n<h2>2021<\/h2>\n<h3>Punni-palkinto:<\/h3>\n<p>Maria Lassila, Maria Vilja (kuv.): Eeva ja Harmaakaapu (Karisto 2020)<\/p>\n<p><a href=\"https:\/\/vaski.finna.fi\/Record\/vaski.4056156\" target=\"_blank\" rel=\"noopener noreferrer\">Linkki kirjan sivulle Vaski-tietokannassa<\/a><\/p>\n<h3>Kunniamaininnat:<\/h3>\n<p>Elina Kilkku: Ihana tytt\u00f6 (Bazar 2020)<\/p>\n<p><a href=\"https:\/\/vaski.finna.fi\/Record\/vaski.4000373\" target=\"_blank\" rel=\"noopener noreferrer\">Linkki kirjan sivulle Vaski-tietokannassa<\/a><\/p>\n<p>Reetta Niemel\u00e4, Sanna Pelliccioni (kuv.): \u00c4l\u00e4 vihaa minua (Karisto 2020)<\/p>\n<p><a href=\"https:\/\/vaski.finna.fi\/Record\/vaski.4057562\" target=\"_blank\" rel=\"noopener noreferrer\">Linkki kirjan sivulle Vaski-tietokannassa<\/a><\/p>\n<p>Miikka P\u00f6rsti, Anne Vasko (kuv.): Gorilla (S&amp;S 2020)<\/p>\n<p><a href=\"https:\/\/vaski.finna.fi\/Record\/vaski.4059162\" target=\"_blank\" rel=\"noopener noreferrer\">Linkki kirjan sivulle Vaski-tietokannassa<\/a><\/p>\n<hr \/>\n<h2>2020<\/h2>\n<h3>Punni-palkinto:<\/h3>\n<p>Eino Nurmisto: Homopojan opas (Nemo 2019)<\/p>\n<p><a href=\"https:\/\/vaski.finna.fi\/Record\/vaski.3905021\" target=\"_blank\" rel=\"noopener noreferrer\">Linkki kirjan sivulle Vaski-tietokannassa<\/a><\/p>\n<h3>Kunniamaininnat:<\/h3>\n<p>Johanna Hulkko: Suojaava kerros ilmaa (Karisto 2019)<\/p>\n<p><a href=\"https:\/\/vaski.finna.fi\/Record\/vaski.3914226\" target=\"_blank\" rel=\"noopener noreferrer\">Linkki kirjan sivulle Vaski-tietokannassa<\/a><\/p>\n<p>Jens Mattson, Jenny Lucander (kuv.): Vi \u00e4r lajon! (F\u00f6rlaget 2019)<\/p>\n<p><a href=\"https:\/\/vaski.finna.fi\/Record\/vaski.3910166\" target=\"_blank\" rel=\"noopener noreferrer\">Linkki kirjan sivulle Vaski-tietokannassa<\/a><\/p>\n<p>Julia P\u00f6yh\u00f6nen, Heidi Livingston, Linnea Bellamine (kuv.): Fanni-kuvakirjasarja (Kumma 2019)<\/p>\n<p><a href=\"https:\/\/vaski.finna.fi\/Search\/Results?lookfor=Fanni-kuvakirjasarja+%28Kumma+2019%29&amp;type=AllFields&amp;dfApplied=1&amp;limit=20\" target=\"_blank\" rel=\"noopener noreferrer\">Linkki kirjan sivulle Vaski-tietokannassa<\/a><\/p>\n<hr \/>\n<h2>2019<\/h2>\n<h3>Punni-palkinto:<\/h3>\n<p>Timo Kalevi Forss, Aiju Salminen (kuv.): Mit\u00e4 on punk? (Rosebud ja Suomen Rauhanpuolustajat 2018)<\/p>\n<p><a href=\"https:\/\/vaski.finna.fi\/Record\/vaski.3819816\" target=\"_blank\" rel=\"noopener noreferrer\">Linkki kirjan sivulle Vaski-tietokannassa<\/a><\/p>\n<h3>Kunniamaininnat:<\/h3>\n<p>Tapani Bagge, Carlos da Cruz (kuv.): Aavehevosen arvoitus (Karisto 2018)<\/p>\n<p><a href=\"https:\/\/vaski.finna.fi\/Record\/vaski.3663998\" target=\"_blank\" rel=\"noopener noreferrer\">Linkki kirjan sivulle Vaski-tietokannassa<\/a><\/p>\n<p>Sanna Pelliccioni: Meid\u00e4n piti l\u00e4hte\u00e4 (S&amp;S 2018)<\/p>\n<p><a href=\"https:\/\/vaski.finna.fi\/Record\/vaski.3666075\" target=\"_blank\" rel=\"noopener noreferrer\">Linkki kirjan sivulle Vaski-tietokannassa<\/a><\/p>\n<p>Anders Vacklin, Aki Parhamaa: Beta (Tammi 2018)<\/p>\n<p><a href=\"https:\/\/vaski.finna.fi\/Record\/vaski.3659749\" target=\"_blank\" rel=\"noopener noreferrer\">Linkki kirjan sivulle Vaski-tietokannassa<\/a><\/p>\n<hr \/>\n<h2>2018<\/h2>\n<h3>Punni-palkinto:<\/h3>\n<p>Riina Katajavuori, Salla Savolainen (kuv.): Menn\u00e4\u00e4n jo naapuriin (Tammi 2017)<\/p>\n<p><a href=\"https:\/\/vaski.finna.fi\/Record\/vaski.3582801\" target=\"_blank\" rel=\"noopener noreferrer\">Linkki kirjan sivulle Vaski-tietokannassa<\/a><\/p>\n<h3>Kunniamaininnat:<\/h3>\n<p>Kirsti Kuronen: P\u00f6ntt\u00f6 (Karisto 2017)<\/p>\n<p><a href=\"https:\/\/vaski.finna.fi\/Record\/vaski.3539256\" target=\"_blank\" rel=\"noopener noreferrer\">Linkki kirjan sivulle Vaski-tietokannassa<\/a><\/p>\n<p>Kaj Korkea-aho, Ted Forsstr\u00f6m, Pentti Otsamo (kuv.), Laura Beck (k\u00e4\u00e4nt.): Zoo! Viraalit nerot (Otava 2017)<\/p>\n<p><a href=\"https:\/\/vaski.finna.fi\/Record\/vaski.3594472\" target=\"_blank\" rel=\"noopener noreferrer\">Linkki kirjan sivulle Vaski-tietokannassa<\/a><\/p>\n<hr \/>\n<h2>2017<\/h2>\n<h3>Punni-palkinto:<\/h3>\n<p>Elina Hirvonen, Ville Tiet\u00e4v\u00e4inen: N\u00e4kym\u00e4t\u00f6n (Lasten Keskus 2016)<\/p>\n<ul>\n<li><a href=\"https:\/\/vaski.finna.fi\/Record\/vaski.3476944\" target=\"_blank\" rel=\"noopener noreferrer\">Linkki kirjan sivulle Vaski-tietokannassa<\/a><\/li>\n<\/ul>\n<h3>Kunniamaininnat:<\/h3>\n<p>Jenni Erkintalo: Millainen min\u00e4? (Etana Editions 2016)<\/p>\n<ul>\n<li><a href=\"https:\/\/vaski.finna.fi\/Record\/vaski.3462713\" target=\"_blank\" rel=\"noopener noreferrer\">Linkki kirjan sivulle Vaski-tietokannassa<\/a><\/li>\n<\/ul>\n<p>Laura Merz, Aino J\u00e4rvinen: Tuhat ja yksi otusta (Etana Editions 2016)<\/p>\n<ul>\n<li><a href=\"https:\/\/vaski.finna.fi\/Record\/vaski.3460363\" target=\"_blank\" rel=\"noopener noreferrer\">Linkki kirjan sivulle Vaski-tietokannassa<\/a><\/li>\n<\/ul>\n<hr \/>\n<p>Punni-palkintoon sek\u00e4 jaettujen palkintojen ja kunniamainintojen perusteluihin voi tutustua <a href=\"https:\/\/lastenkirjainstituutti.fi\/info\/palkinnot\/lastenkirjallisuuspalkinto\" target=\"_blank\" rel=\"noopener noreferrer\">Lastenkirjainstituutin verkkosivuilla<\/a>.<\/p>\n","protected":false},"excerpt":{"rendered":"<p>Raikkaita ja arkailemattomia teoksia nykylapsille ja tuleville sukupolville Punni on Lastenkirjainstituutin vuodesta 2017 my\u00f6nt\u00e4m\u00e4 kirjallisuuspalkinto kotimaiselle lasten- ja nuortenkirjan tekij\u00e4lle esikoisteoksesta tai rohkeasta avauksesta lasten- ja nuortenkirjallisuudessa. Palkinnon arvo on vuosina 2021\u20132024 600 euroa. Ensimm\u00e4inen palkinto my\u00f6nnettiin 6.4.2017. Voittajan valitsee Lastenkirjainstituutin kannatusyhdistyksen hallituksen vuosittain valitsema palkintoraati. Raati koostuu 4\u20135 j\u00e4senest\u00e4, joista yksi on kiinte\u00e4 j\u00e4sen &hellip; <a href=\"https:\/\/blog.edu.turku.fi\/lukutaito\/materiaalia\/lapsille-ja-lapsiperheille\/kirjavinkit-kirjallisuuspalkintojen-mukaan\/punni-palkinto\/\" class=\"more-link\">Jatka lukemista<span class=\"screen-reader-text\"> &#8221;Lastenkirjainstituutin Punni-palkinto&#8221;<\/span><\/a><\/p>\n","protected":false},"author":2465,"featured_media":0,"parent":2430,"menu_order":0,"comment_status":"closed","ping_status":"closed","template":"","meta":{"footnotes":""},"class_list":["post-1677","page","type-page","status-publish","hentry"],"_links":{"self":[{"href":"https:\/\/blog.edu.turku.fi\/lukutaito\/wp-json\/wp\/v2\/pages\/1677","targetHints":{"allow":["GET"]}}],"collection":[{"href":"https:\/\/blog.edu.turku.fi\/lukutaito\/wp-json\/wp\/v2\/pages"}],"about":[{"href":"https:\/\/blog.edu.turku.fi\/lukutaito\/wp-json\/wp\/v2\/types\/page"}],"author":[{"embeddable":true,"href":"https:\/\/blog.edu.turku.fi\/lukutaito\/wp-json\/wp\/v2\/users\/2465"}],"replies":[{"embeddable":true,"href":"https:\/\/blog.edu.turku.fi\/lukutaito\/wp-json\/wp\/v2\/comments?post=1677"}],"version-history":[{"count":2,"href":"https:\/\/blog.edu.turku.fi\/lukutaito\/wp-json\/wp\/v2\/pages\/1677\/revisions"}],"predecessor-version":[{"id":1680,"href":"https:\/\/blog.edu.turku.fi\/lukutaito\/wp-json\/wp\/v2\/pages\/1677\/revisions\/1680"}],"up":[{"embeddable":true,"href":"https:\/\/blog.edu.turku.fi\/lukutaito\/wp-json\/wp\/v2\/pages\/2430"}],"wp:attachment":[{"href":"https:\/\/blog.edu.turku.fi\/lukutaito\/wp-json\/wp\/v2\/media?parent=1677"}],"curies":[{"name":"wp","href":"https:\/\/api.w.org\/{rel}","templated":true}]}}