{"id":20,"date":"2016-02-12T12:41:08","date_gmt":"2016-02-12T10:41:08","guid":{"rendered":"https:\/\/blog.edu.turku.fi\/lukupolku\/?page_id=20"},"modified":"2020-07-25T10:53:35","modified_gmt":"2020-07-25T07:53:35","slug":"7-9-lk","status":"publish","type":"page","link":"https:\/\/blog.edu.turku.fi\/lukupolku\/oppilas\/7-9-lk\/","title":{"rendered":"7. LK"},"content":{"rendered":"<p>OHJEET OPPILAALLE<\/p>\n<p>Suositus:<br \/>\n\u2022 Pikkudiplomi vastaa ylim\u00e4\u00e4r\u00e4ist\u00e4 koetta, josta on saatu arvosana 9.<br \/>\n\u2022 Iso diplomi vastaa ylim\u00e4\u00e4r\u00e4ist\u00e4 koetta, josta on saatu arvosana 10.<br \/>\n\u2022 Jokaisesta kirjasta tehd\u00e4\u00e4n lukudiplomiteht\u00e4v\u00e4. Sovi teht\u00e4v\u00e4st\u00e4 opettajasi kanssa.<br \/>\n\u2022 Itse\u00e4 kiinnostavan kirjan etsiminen tietyst\u00e4 kirjallisuudenlajista on t\u00e4rke\u00e4 osa hyv\u00e4ksi lukijaksi kasvamista ja lukudiplomin suorittamista. Luettavan kirjan etsimisess\u00e4 voi k\u00e4ytt\u00e4\u00e4 apuna luokkatasojen kohdalla lueteltuja verkkosivustoja.<\/p>\n<p>Pikkudiplomia varten lue 6 kirjaa v\u00e4hint\u00e4\u00e4n kahdesta eri kirjallisuudenlajista. Isoa diplomia varten lue 10 kirjaa v\u00e4hint\u00e4\u00e4n nelj\u00e4st\u00e4 eri kirjallisuudenlajista. Voit kysy\u00e4 kirjastosta tai opettajalta, mist\u00e4 l\u00f6yd\u00e4t ja tunnistat eri kirjallisuudenlajit. Voit lukea kirjoja esimerkiksi seuraavista kirjallisuudenlajeista:<br \/>\n\u2022 Nuortenkirjat<br \/>\n\u2022 Novellikokoelmat<br \/>\n\u2022 Runokirjat<br \/>\n\u2022 N\u00e4ytelm\u00e4t<br \/>\n\u2022 Sarjakuvat<br \/>\n\u2022 Tietokirjat<\/p>\n<p>Itse\u00e4si kiinnostavan kirjan etsiminen tietyst\u00e4 kirjallisuudenlajista on t\u00e4rke\u00e4 osa hyv\u00e4ksi lukijaksi kasvamista ja lukudiplomin suorittamista. Luettavan etsimisess\u00e4 voit k\u00e4ytt\u00e4\u00e4 apunasi seuraavia verkkosivustoja:<br \/>\n\u2022 <a href=\"https:\/\/www.vaskikirjastot.fi\/\" target=\"_blank\" rel=\"noopener noreferrer\">Vaski-verkkokirjasto<\/a> Hae esim. hakusanoilla \u201dnuortenkirjallisuus\u201d, \u201drunot\u201d, \u201dnovellit\u201d tai \u201dsarjakuvat\u201d kent\u00e4st\u00e4 \u201dAihe\u201d.<br \/>\n\u2022 <a href=\"https:\/\/kunnarilukudiplomi.fi\/termi\/kirjatarjottimet\/sinuhe\/\" target=\"_blank\" rel=\"noopener noreferrer\">Kunnari, erityisesti Sinuhe-kirjatarjotin<\/a><br \/>\n\u2022 <a href=\"http:\/\/www.kirjasampo.fi\/\" target=\"_blank\" rel=\"noopener noreferrer\">Kirjasampo.fi<\/a><\/p>\n<p>T\u00e4st\u00e4 p\u00e4\u00e4set <a href=\"https:\/\/blog.edu.turku.fi\/lukupolku\/ylakoulun-tehtavat\/\">teht\u00e4viin<\/a>.<\/p>\n","protected":false},"excerpt":{"rendered":"<p>OHJEET OPPILAALLE Suositus: \u2022 Pikkudiplomi vastaa ylim\u00e4\u00e4r\u00e4ist\u00e4 koetta, josta on saatu arvosana 9. \u2022 Iso diplomi vastaa ylim\u00e4\u00e4r\u00e4ist\u00e4 koetta, josta on saatu arvosana 10. \u2022 Jokaisesta kirjasta tehd\u00e4\u00e4n lukudiplomiteht\u00e4v\u00e4. Sovi teht\u00e4v\u00e4st\u00e4 opettajasi kanssa. \u2022 Itse\u00e4 kiinnostavan kirjan etsiminen tietyst\u00e4 kirjallisuudenlajista on t\u00e4rke\u00e4 osa hyv\u00e4ksi lukijaksi kasvamista ja lukudiplomin suorittamista. Luettavan kirjan etsimisess\u00e4 voi k\u00e4ytt\u00e4\u00e4 apuna &hellip; <a href=\"https:\/\/blog.edu.turku.fi\/lukupolku\/oppilas\/7-9-lk\/\" class=\"more-link\">Jatka artikkeliin <span class=\"screen-reader-text\">7. LK<\/span><\/a><\/p>\n","protected":false},"author":177,"featured_media":0,"parent":2,"menu_order":0,"comment_status":"closed","ping_status":"closed","template":"","meta":{"footnotes":""},"class_list":["post-20","page","type-page","status-publish","hentry"],"_links":{"self":[{"href":"https:\/\/blog.edu.turku.fi\/lukupolku\/wp-json\/wp\/v2\/pages\/20","targetHints":{"allow":["GET"]}}],"collection":[{"href":"https:\/\/blog.edu.turku.fi\/lukupolku\/wp-json\/wp\/v2\/pages"}],"about":[{"href":"https:\/\/blog.edu.turku.fi\/lukupolku\/wp-json\/wp\/v2\/types\/page"}],"author":[{"embeddable":true,"href":"https:\/\/blog.edu.turku.fi\/lukupolku\/wp-json\/wp\/v2\/users\/177"}],"replies":[{"embeddable":true,"href":"https:\/\/blog.edu.turku.fi\/lukupolku\/wp-json\/wp\/v2\/comments?post=20"}],"version-history":[{"count":28,"href":"https:\/\/blog.edu.turku.fi\/lukupolku\/wp-json\/wp\/v2\/pages\/20\/revisions"}],"predecessor-version":[{"id":309,"href":"https:\/\/blog.edu.turku.fi\/lukupolku\/wp-json\/wp\/v2\/pages\/20\/revisions\/309"}],"up":[{"embeddable":true,"href":"https:\/\/blog.edu.turku.fi\/lukupolku\/wp-json\/wp\/v2\/pages\/2"}],"wp:attachment":[{"href":"https:\/\/blog.edu.turku.fi\/lukupolku\/wp-json\/wp\/v2\/media?parent=20"}],"curies":[{"name":"wp","href":"https:\/\/api.w.org\/{rel}","templated":true}]}}