{"id":21,"date":"2020-10-25T19:30:25","date_gmt":"2020-10-25T17:30:25","guid":{"rendered":"https:\/\/blog.edu.turku.fi\/lukiontutoropettajat\/?page_id=21"},"modified":"2021-04-05T16:17:39","modified_gmt":"2021-04-05T13:17:39","slug":"korkeakouluyhteistyo","status":"publish","type":"page","link":"https:\/\/blog.edu.turku.fi\/lukiontutoropettajat\/aiheita\/korkeakouluyhteistyo\/","title":{"rendered":"Korkeakouluyhteisty\u00f6"},"content":{"rendered":"<p dir=\"ltr\"><strong>Yhteystiedot:<\/strong>\u00a0 Liisa Laukkanen,\u00a0 liisa.laukkanen(at)laitila.fi<\/p>\n<p><strong><br \/>\nEt\u00e4kahvila 11.3.21<br \/>\n<\/strong>Mari K\u00e4hk\u00f6nen, Turun Yliopisto<strong><br \/>\n<\/strong>Esityksen diat:<strong><a href=\"https:\/\/blog.edu.turku.fi\/lukiontutoropettajat\/files\/2021\/04\/Yhteistyo_110321.pdf\">Yhteisty\u00f6_110321<\/a><\/strong><\/p>\n","protected":false},"excerpt":{"rendered":"<p>Yhteystiedot:\u00a0 Liisa Laukkanen,\u00a0 liisa.laukkanen(at)laitila.fi Et\u00e4kahvila 11.3.21 Mari K\u00e4hk\u00f6nen, Turun Yliopisto Esityksen diat:Yhteisty\u00f6_110321<\/p>\n","protected":false},"author":307,"featured_media":0,"parent":17,"menu_order":3,"comment_status":"closed","ping_status":"closed","template":"","meta":{"footnotes":""},"class_list":["post-21","page","type-page","status-publish","hentry"],"_links":{"self":[{"href":"https:\/\/blog.edu.turku.fi\/lukiontutoropettajat\/wp-json\/wp\/v2\/pages\/21","targetHints":{"allow":["GET"]}}],"collection":[{"href":"https:\/\/blog.edu.turku.fi\/lukiontutoropettajat\/wp-json\/wp\/v2\/pages"}],"about":[{"href":"https:\/\/blog.edu.turku.fi\/lukiontutoropettajat\/wp-json\/wp\/v2\/types\/page"}],"author":[{"embeddable":true,"href":"https:\/\/blog.edu.turku.fi\/lukiontutoropettajat\/wp-json\/wp\/v2\/users\/307"}],"replies":[{"embeddable":true,"href":"https:\/\/blog.edu.turku.fi\/lukiontutoropettajat\/wp-json\/wp\/v2\/comments?post=21"}],"version-history":[{"count":5,"href":"https:\/\/blog.edu.turku.fi\/lukiontutoropettajat\/wp-json\/wp\/v2\/pages\/21\/revisions"}],"predecessor-version":[{"id":229,"href":"https:\/\/blog.edu.turku.fi\/lukiontutoropettajat\/wp-json\/wp\/v2\/pages\/21\/revisions\/229"}],"up":[{"embeddable":true,"href":"https:\/\/blog.edu.turku.fi\/lukiontutoropettajat\/wp-json\/wp\/v2\/pages\/17"}],"wp:attachment":[{"href":"https:\/\/blog.edu.turku.fi\/lukiontutoropettajat\/wp-json\/wp\/v2\/media?parent=21"}],"curies":[{"name":"wp","href":"https:\/\/api.w.org\/{rel}","templated":true}]}}