{"id":17,"date":"2020-10-25T19:27:55","date_gmt":"2020-10-25T17:27:55","guid":{"rendered":"https:\/\/blog.edu.turku.fi\/lukiontutoropettajat\/?page_id=17"},"modified":"2021-04-28T10:12:09","modified_gmt":"2021-04-28T07:12:09","slug":"aiheita","status":"publish","type":"page","link":"https:\/\/blog.edu.turku.fi\/lukiontutoropettajat\/aiheita\/","title":{"rendered":"Aiheita\/Teman"},"content":{"rendered":"<p dir=\"ltr\">Tutustu aiheisiin, joista tarjoamme tutorointeja. Ota yhteys suoraan tutoropettajaan (avaa aihe ja opettajat l\u00f6ytyv\u00e4t sielt\u00e4), oman koulusi <a href=\"https:\/\/blog.edu.turku.fi\/lukiontutoropettajat\/lukioiden-opelinkit\/\">yhteysopettajaan<\/a> tai verkoston koordinaattoriin Irma Piltoon, irma.pilto(at)turku.fi<\/p>\n<p dir=\"ltr\">L\u00f6yd\u00e4t my\u00f6s koosteet\/diat et\u00e4kahviloissa k\u00e4ydyist\u00e4 keskusteluista.<\/p>\n<p dir=\"ltr\">Bekanta dig med olika teman d\u00e4r vi erbjuder tutorering. (Genom att klicka p\u00e5 l\u00e4nkarna hittar du en beskrivning av \u00e4mnet och l\u00e4rarens kontakuppgifter.) Du kan kontakta tutorl\u00e4raren direkt eller din egen skolas <a href=\"https:\/\/blog.edu.turku.fi\/lukiontutoropettajat\/lukioiden-opelinkit\/\">l\u00e4rarl\u00e4nk<\/a>.<\/p>\n<p dir=\"ltr\">Du hittar \u00e4ven ev. material fr\u00e5n diskussionerna under distanscaf\u00e9erna.<\/p>\n<p dir=\"ltr\"><a href=\"https:\/\/blog.edu.turku.fi\/lukiontutoropettajat\/aiheita\/yhteisopettajuus\/\">Yhteisopettajuus \/ Kompanjonundervisning<\/a><\/p>\n<p dir=\"ltr\"><a href=\"https:\/\/blog.edu.turku.fi\/lukiontutoropettajat\/arviointi\/\">Kokemuksia arvioinnin toteutuksista \/ Erfarenheter av utv\u00e4rdering<\/a><\/p>\n<p dir=\"ltr\"><a href=\"https:\/\/blog.edu.turku.fi\/lukiontutoropettajat\/aiheita\/yrittajyyskasvatus\/\">Yritt\u00e4jyyskasvatus \/ Entrepren\u00f6rsfostran<\/a><\/p>\n<p dir=\"ltr\"><a href=\"https:\/\/blog.edu.turku.fi\/lukiontutoropettajat\/aiheita\/korkeakouluyhteistyo\/\">Korkeakouluyhteisty\u00f6 \/ H\u00f6gskolesamarbete<\/a><\/p>\n<p><a href=\"https:\/\/blog.edu.turku.fi\/lukiontutoropettajat\/aiheita\/oppimisen-tuki\/\">Oppimisen tuki \/ St\u00f6d f\u00f6r l\u00e4rande<\/a><\/p>\n<p dir=\"ltr\"><a href=\"https:\/\/blog.edu.turku.fi\/lukiontutoropettajat\/aiheita\/muita-aiheita\/\">Muita aiheita \/ \u00d6vriga teman<\/a><\/p>\n<p dir=\"ltr\">\n","protected":false},"excerpt":{"rendered":"<p>Tutustu aiheisiin, joista tarjoamme tutorointeja. Ota yhteys suoraan tutoropettajaan (avaa aihe ja opettajat l\u00f6ytyv\u00e4t sielt\u00e4), oman koulusi yhteysopettajaan tai verkoston koordinaattoriin Irma Piltoon, irma.pilto(at)turku.fi L\u00f6yd\u00e4t my\u00f6s koosteet\/diat et\u00e4kahviloissa k\u00e4ydyist\u00e4 keskusteluista. Bekanta dig med olika teman d\u00e4r vi erbjuder tutorering. (Genom att klicka p\u00e5 l\u00e4nkarna hittar du en beskrivning av \u00e4mnet och l\u00e4rarens kontakuppgifter.) Du kan &hellip; <a href=\"https:\/\/blog.edu.turku.fi\/lukiontutoropettajat\/aiheita\/\" class=\"more-link\">Jatka lukemista<span class=\"screen-reader-text\"> &#8221;Aiheita\/Teman&#8221;<\/span><\/a><\/p>\n","protected":false},"author":307,"featured_media":0,"parent":0,"menu_order":0,"comment_status":"closed","ping_status":"closed","template":"","meta":{"footnotes":""},"class_list":["post-17","page","type-page","status-publish","hentry"],"_links":{"self":[{"href":"https:\/\/blog.edu.turku.fi\/lukiontutoropettajat\/wp-json\/wp\/v2\/pages\/17","targetHints":{"allow":["GET"]}}],"collection":[{"href":"https:\/\/blog.edu.turku.fi\/lukiontutoropettajat\/wp-json\/wp\/v2\/pages"}],"about":[{"href":"https:\/\/blog.edu.turku.fi\/lukiontutoropettajat\/wp-json\/wp\/v2\/types\/page"}],"author":[{"embeddable":true,"href":"https:\/\/blog.edu.turku.fi\/lukiontutoropettajat\/wp-json\/wp\/v2\/users\/307"}],"replies":[{"embeddable":true,"href":"https:\/\/blog.edu.turku.fi\/lukiontutoropettajat\/wp-json\/wp\/v2\/comments?post=17"}],"version-history":[{"count":12,"href":"https:\/\/blog.edu.turku.fi\/lukiontutoropettajat\/wp-json\/wp\/v2\/pages\/17\/revisions"}],"predecessor-version":[{"id":256,"href":"https:\/\/blog.edu.turku.fi\/lukiontutoropettajat\/wp-json\/wp\/v2\/pages\/17\/revisions\/256"}],"wp:attachment":[{"href":"https:\/\/blog.edu.turku.fi\/lukiontutoropettajat\/wp-json\/wp\/v2\/media?parent=17"}],"curies":[{"name":"wp","href":"https:\/\/api.w.org\/{rel}","templated":true}]}}