{"id":11,"date":"2020-10-25T19:21:40","date_gmt":"2020-10-25T17:21:40","guid":{"rendered":"https:\/\/blog.edu.turku.fi\/lukiontutoropettajat\/?page_id=11"},"modified":"2022-04-13T15:26:12","modified_gmt":"2022-04-13T12:26:12","slug":"lukioiden-opelinkit","status":"publish","type":"page","link":"https:\/\/blog.edu.turku.fi\/lukiontutoropettajat\/lukioiden-opelinkit\/","title":{"rendered":"Lukioiden opelinkit \/ Gymnasiernas l\u00e4rarl\u00e4nkar"},"content":{"rendered":"<p>Pohditko itseksesi tai kollegoittesi kanssa, miten\u00a0 monipuolistaa arviointia tai\u00a0 rakentaa yhteiskursseja? Haluttaisiko kuulla kokemuksia muista pedagogisista kokeiluista? Kerro siit\u00e4 meille, ja tulemme avuksi! Koulusi yhteysopettajan yhteystiedot l\u00f6yd\u00e4t t\u00e4st\u00e4:<\/p>\n<p>Har du funderat f\u00f6r dig sj\u00e4lv eller tillsammans med dina kollegor hur man g\u00f6r utv\u00e4rderingen m\u00e5ngsidigare eller bygger upp gemensamma kurser? Skulle du vilja h\u00f6ra andras erfarenheter om pedagogiska utvecklingsf\u00f6rs\u00f6k? Ber\u00e4tta f\u00f6r oss, s\u00e5 hj\u00e4lper vi!<br \/>\nKontaktuppgifter till ditt gymnasiums l\u00e4rarl\u00e4nk hittar du h\u00e4r:<\/p>\n<p dir=\"ltr\"><strong>Kaarinan lukio<\/strong>: Kristian Lautkoski, kristian.lautkoski(at)edu.kaarina.fi<\/p>\n<p dir=\"ltr\"><strong>Kimito\u00f6ns gymnasium:<\/strong> Betina Iver betina.iver(at)kimitoon.fi<\/p>\n<p dir=\"ltr\"><strong>Laitilan lukio:<\/strong>\u00a0 Liisa Laukkanen, liisa.laukkanen(at)laitila.fi<\/p>\n<p dir=\"ltr\"><strong>Liedon lukio:<\/strong> Satu Musakka, satu.musakka(at)lieto.fi<\/p>\n<p dir=\"ltr\"><strong>Myn\u00e4m\u00e4en lukio:<\/strong> Paula Lehtim\u00e4ki, paula.lehtimaki(at)edu.mynamaki.fi<\/p>\n<p dir=\"ltr\"><strong>Naantalin lukio:<\/strong> Seija Ranta, seija.ranta(at)naantali.fi<\/p>\n<p dir=\"ltr\"><strong>Paimion lukio:<\/strong> Outi Mulari, outi.mulari(at)paimio.fi<\/p>\n<p dir=\"ltr\"><strong>Paraisten:<\/strong> Tommi Sundell, tommi.sundell@pargas.fi<\/p>\n<p dir=\"ltr\"><strong>Pargas svenska gymnasium:<\/strong> Maria Wetterstein, maria.wetterstein(at)pargas.fi<\/p>\n<p dir=\"ltr\"><strong>Raision lukio:<\/strong> Jussi Hietapakka, jussi.hietapakka(at)raisio.fi<\/p>\n<p dir=\"ltr\"><strong>Turun normaalikoulun lukio:<\/strong> Linda Raiko, linda.g.raiko(at)utu.fi<\/p>\n<p dir=\"ltr\"><strong>Uudenkaupungin lukio:<\/strong> Hanna-Leena Manderson, hanna-leena.manderson(at)uusikaupunki.fi; Kirsi Siivonen, kirsi.siivonen(at)uusikaupunki.fi<\/p>\n<h5><strong>Turku<\/strong><br \/>\netunimi.sukunimi(at)edu.turku.fi<\/h5>\n<p dir=\"ltr\"><strong>Katedralskolan i \u00c5bo:<\/strong> Benita Lindstr\u00f6m<\/p>\n<p dir=\"ltr\"><strong>Kerttulin lukio:<\/strong> Sini Taneli<\/p>\n<p dir=\"ltr\"><strong>Luostarivuoren Lyseon lukio:<\/strong> Marika Kumlander ja Irma Pilto<\/p>\n<p dir=\"ltr\"><strong>Puolalanm\u00e4en\u00a0 lukio:<\/strong> Sari Juvonen<\/p>\n<p><strong>Turun klassillinen lukio:<\/strong> Hanna Inkil\u00e4inen<\/p>\n<p dir=\"ltr\"><em><strong>Lukuvuonna 2021-2022 verkoston toimintaa kehitt\u00e4v\u00e4t<\/strong><\/em><br \/>\nPaula Lehtim\u00e4ki, Myn\u00e4m\u00e4ki<br \/>\nBenita Lindst\u00f6m, Turku<br \/>\nOuti Mulari, Paimio<br \/>\nSeija Ranta, Naantali<\/p>\n<p dir=\"ltr\">\n","protected":false},"excerpt":{"rendered":"<p>Pohditko itseksesi tai kollegoittesi kanssa, miten\u00a0 monipuolistaa arviointia tai\u00a0 rakentaa yhteiskursseja? Haluttaisiko kuulla kokemuksia muista pedagogisista kokeiluista? Kerro siit\u00e4 meille, ja tulemme avuksi! Koulusi yhteysopettajan yhteystiedot l\u00f6yd\u00e4t t\u00e4st\u00e4: Har du funderat f\u00f6r dig sj\u00e4lv eller tillsammans med dina kollegor hur man g\u00f6r utv\u00e4rderingen m\u00e5ngsidigare eller bygger upp gemensamma kurser? Skulle du vilja h\u00f6ra andras erfarenheter &hellip; <a href=\"https:\/\/blog.edu.turku.fi\/lukiontutoropettajat\/lukioiden-opelinkit\/\" class=\"more-link\">Jatka lukemista<span class=\"screen-reader-text\"> &#8221;Lukioiden opelinkit \/ Gymnasiernas l\u00e4rarl\u00e4nkar&#8221;<\/span><\/a><\/p>\n","protected":false},"author":307,"featured_media":0,"parent":0,"menu_order":0,"comment_status":"closed","ping_status":"closed","template":"","meta":{"footnotes":""},"class_list":["post-11","page","type-page","status-publish","hentry"],"_links":{"self":[{"href":"https:\/\/blog.edu.turku.fi\/lukiontutoropettajat\/wp-json\/wp\/v2\/pages\/11","targetHints":{"allow":["GET"]}}],"collection":[{"href":"https:\/\/blog.edu.turku.fi\/lukiontutoropettajat\/wp-json\/wp\/v2\/pages"}],"about":[{"href":"https:\/\/blog.edu.turku.fi\/lukiontutoropettajat\/wp-json\/wp\/v2\/types\/page"}],"author":[{"embeddable":true,"href":"https:\/\/blog.edu.turku.fi\/lukiontutoropettajat\/wp-json\/wp\/v2\/users\/307"}],"replies":[{"embeddable":true,"href":"https:\/\/blog.edu.turku.fi\/lukiontutoropettajat\/wp-json\/wp\/v2\/comments?post=11"}],"version-history":[{"count":23,"href":"https:\/\/blog.edu.turku.fi\/lukiontutoropettajat\/wp-json\/wp\/v2\/pages\/11\/revisions"}],"predecessor-version":[{"id":340,"href":"https:\/\/blog.edu.turku.fi\/lukiontutoropettajat\/wp-json\/wp\/v2\/pages\/11\/revisions\/340"}],"wp:attachment":[{"href":"https:\/\/blog.edu.turku.fi\/lukiontutoropettajat\/wp-json\/wp\/v2\/media?parent=11"}],"curies":[{"name":"wp","href":"https:\/\/api.w.org\/{rel}","templated":true}]}}