{"id":142,"date":"2023-04-28T08:59:17","date_gmt":"2023-04-28T05:59:17","guid":{"rendered":"https:\/\/blog.edu.turku.fi\/lukion-opoille\/?page_id=142"},"modified":"2023-04-28T11:48:20","modified_gmt":"2023-04-28T08:48:20","slug":"tuoreen-ylioppilaan-matkaevas-tiedote","status":"publish","type":"page","link":"https:\/\/blog.edu.turku.fi\/lukion-opoille\/lukio-opintojen-jalkeen\/tuoreen-ylioppilaan-matkaevas-tiedote\/","title":{"rendered":"Tuoreen ylioppilaan matkaev\u00e4s -tiedote"},"content":{"rendered":"<p>&#8221;Tuoreen ylioppilaan matkaev\u00e4s tulevaisuuden poluille&#8221;-tiedote jaetaan sek\u00e4 syksyll\u00e4 ett\u00e4 kev\u00e4\u00e4ll\u00e4 valmistuville ylioppilaille todistuskirjekuoreen lis\u00e4ttyn\u00e4. Tiedotteen p\u00e4ivityksest\u00e4 ja tilauksesta vastaa lukuvuosittain valittava opinto-ohjaajaty\u00f6pari yhteisty\u00f6ss\u00e4 lukioiden yhteisen koulusihteerin kanssa.<\/p>\n<p>Alla linkit tiedotteeseen ja tiedotteen muokkausversioon : TURKU<\/p>\n<p><a href=\"https:\/\/blog.edu.turku.fi\/lukion-opoille\/files\/2023\/04\/jalkiohjauksen_tiedote_ylioppilaalle_kevat2023_25042023-1.pdf\">jalkiohjauksen_tiedote_ylioppilaalle_kevat2023_25042023<\/a><\/p>\n<p><a href=\"https:\/\/blog.edu.turku.fi\/lukion-opoille\/files\/2023\/04\/turun_lukion_tiedotepohja_valmistuville_tulostettava.pdf\">turun_lukion_tiedotepohja_valmistuville_tulostettava<\/a><\/p>\n<p>Turun tiedotteen p\u00e4ivitys- ja tilausohje lis\u00e4tty opinto-ohjaajien yhteiseen tiimikansioon.<\/p>\n<p>&nbsp;<\/p>\n<p>Tiedotteen yleinen muokkausversio (Turun ulkopuoliset kunnat) sek\u00e4 p\u00e4ivitys- ja tilausohje:<\/p>\n<p><a href=\"https:\/\/blog.edu.turku.fi\/lukion-opoille\/files\/2023\/04\/yleinen_lukion_tiedotepohja_valmistuville_tulostettava.pdf\">yleinen_lukion_tiedotepohja_valmistuville_tulostettava<\/a><\/p>\n<p><a href=\"https:\/\/blog.edu.turku.fi\/lukion-opoille\/files\/2023\/04\/TIEDOTE-paivitys-ja-tilausohje-blogiin.pdf\">TIEDOTE, p\u00e4ivitys ja tilausohje blogiin<\/a><\/p>\n<p>&nbsp;<\/p>\n<p>&nbsp;<\/p>\n","protected":false},"excerpt":{"rendered":"<p>&#8221;Tuoreen ylioppilaan matkaev\u00e4s tulevaisuuden poluille&#8221;-tiedote jaetaan sek\u00e4 syksyll\u00e4 ett\u00e4 kev\u00e4\u00e4ll\u00e4 valmistuville ylioppilaille todistuskirjekuoreen lis\u00e4ttyn\u00e4. Tiedotteen p\u00e4ivityksest\u00e4 ja tilauksesta vastaa lukuvuosittain valittava opinto-ohjaajaty\u00f6pari yhteisty\u00f6ss\u00e4 lukioiden yhteisen koulusihteerin kanssa. Alla linkit tiedotteeseen ja tiedotteen muokkausversioon : TURKU jalkiohjauksen_tiedote_ylioppilaalle_kevat2023_25042023 turun_lukion_tiedotepohja_valmistuville_tulostettava Turun tiedotteen p\u00e4ivitys- ja tilausohje lis\u00e4tty opinto-ohjaajien yhteiseen tiimikansioon. &nbsp; Tiedotteen yleinen muokkausversio (Turun ulkopuoliset kunnat) sek\u00e4 p\u00e4ivitys- &hellip; <a href=\"https:\/\/blog.edu.turku.fi\/lukion-opoille\/lukio-opintojen-jalkeen\/tuoreen-ylioppilaan-matkaevas-tiedote\/\" class=\"more-link\">Jatka lukemista<span class=\"screen-reader-text\"> &#8221;Tuoreen ylioppilaan matkaev\u00e4s -tiedote&#8221;<\/span><\/a><\/p>\n","protected":false},"author":56,"featured_media":0,"parent":12,"menu_order":0,"comment_status":"closed","ping_status":"closed","template":"","meta":{"footnotes":""},"class_list":["post-142","page","type-page","status-publish","hentry"],"_links":{"self":[{"href":"https:\/\/blog.edu.turku.fi\/lukion-opoille\/wp-json\/wp\/v2\/pages\/142","targetHints":{"allow":["GET"]}}],"collection":[{"href":"https:\/\/blog.edu.turku.fi\/lukion-opoille\/wp-json\/wp\/v2\/pages"}],"about":[{"href":"https:\/\/blog.edu.turku.fi\/lukion-opoille\/wp-json\/wp\/v2\/types\/page"}],"author":[{"embeddable":true,"href":"https:\/\/blog.edu.turku.fi\/lukion-opoille\/wp-json\/wp\/v2\/users\/56"}],"replies":[{"embeddable":true,"href":"https:\/\/blog.edu.turku.fi\/lukion-opoille\/wp-json\/wp\/v2\/comments?post=142"}],"version-history":[{"count":10,"href":"https:\/\/blog.edu.turku.fi\/lukion-opoille\/wp-json\/wp\/v2\/pages\/142\/revisions"}],"predecessor-version":[{"id":189,"href":"https:\/\/blog.edu.turku.fi\/lukion-opoille\/wp-json\/wp\/v2\/pages\/142\/revisions\/189"}],"up":[{"embeddable":true,"href":"https:\/\/blog.edu.turku.fi\/lukion-opoille\/wp-json\/wp\/v2\/pages\/12"}],"wp:attachment":[{"href":"https:\/\/blog.edu.turku.fi\/lukion-opoille\/wp-json\/wp\/v2\/media?parent=142"}],"curies":[{"name":"wp","href":"https:\/\/api.w.org\/{rel}","templated":true}]}}