{"id":50,"date":"2016-11-29T16:22:57","date_gmt":"2016-11-29T14:22:57","guid":{"rendered":"https:\/\/blog.edu.turku.fi\/lauste\/?page_id=50"},"modified":"2022-10-06T15:39:27","modified_gmt":"2022-10-06T12:39:27","slug":"kerhotoiminta","status":"publish","type":"page","link":"https:\/\/blog.edu.turku.fi\/lauste\/kerhotoiminta\/","title":{"rendered":"Kerhotoiminta"},"content":{"rendered":"<div id=\"news-content\" class=\"margin-bottom\">\n<p>Lausteen koululla j\u00e4rjestet\u00e4\u00e4n useita erilaisia ilmaisia kerhoja koulup\u00e4iv\u00e4n j\u00e4lkeen.<\/p>\n<p>Kerhoaikataulut l\u00f6ytyv\u00e4t Turun kaupungin sivuilta harrastelukkarista.<\/p>\n<p><a href=\"https:\/\/www.turku.fi\/lausteen-koulun-harrastelukkari\">Harrastelukkari<\/a><\/p>\n<\/div>\n<p>&nbsp;<\/p>\n","protected":false},"excerpt":{"rendered":"<p>Lausteen koululla j\u00e4rjestet\u00e4\u00e4n useita erilaisia ilmaisia kerhoja koulup\u00e4iv\u00e4n j\u00e4lkeen. Kerhoaikataulut l\u00f6ytyv\u00e4t Turun kaupungin sivuilta harrastelukkarista. Harrastelukkari &nbsp;<\/p>\n","protected":false},"author":2095,"featured_media":0,"parent":0,"menu_order":0,"comment_status":"closed","ping_status":"closed","template":"","meta":{"footnotes":""},"class_list":["post-50","page","type-page","status-publish","hentry"],"_links":{"self":[{"href":"https:\/\/blog.edu.turku.fi\/lauste\/wp-json\/wp\/v2\/pages\/50","targetHints":{"allow":["GET"]}}],"collection":[{"href":"https:\/\/blog.edu.turku.fi\/lauste\/wp-json\/wp\/v2\/pages"}],"about":[{"href":"https:\/\/blog.edu.turku.fi\/lauste\/wp-json\/wp\/v2\/types\/page"}],"author":[{"embeddable":true,"href":"https:\/\/blog.edu.turku.fi\/lauste\/wp-json\/wp\/v2\/users\/2095"}],"replies":[{"embeddable":true,"href":"https:\/\/blog.edu.turku.fi\/lauste\/wp-json\/wp\/v2\/comments?post=50"}],"version-history":[{"count":15,"href":"https:\/\/blog.edu.turku.fi\/lauste\/wp-json\/wp\/v2\/pages\/50\/revisions"}],"predecessor-version":[{"id":999,"href":"https:\/\/blog.edu.turku.fi\/lauste\/wp-json\/wp\/v2\/pages\/50\/revisions\/999"}],"wp:attachment":[{"href":"https:\/\/blog.edu.turku.fi\/lauste\/wp-json\/wp\/v2\/media?parent=50"}],"curies":[{"name":"wp","href":"https:\/\/api.w.org\/{rel}","templated":true}]}}