{"id":48,"date":"2016-11-29T16:15:17","date_gmt":"2016-11-29T14:15:17","guid":{"rendered":"https:\/\/blog.edu.turku.fi\/lauste\/?page_id=48"},"modified":"2025-08-06T13:38:00","modified_gmt":"2025-08-06T10:38:00","slug":"tyo-ja-loma-ajat","status":"publish","type":"page","link":"https:\/\/blog.edu.turku.fi\/lauste\/tyo-ja-loma-ajat\/","title":{"rendered":"Ty\u00f6- ja loma-ajat"},"content":{"rendered":"<div class=\"field field--name-body field--type-text-with-summary field--label-hidden\">\n<div class=\"field__items\">\n<div class=\"field__item even\"><\/div>\n<\/div>\n<\/div>\n<div class=\"field field--name-body field--type-text-with-summary field--label-hidden\">\n<div class=\"field__items\">\n<div class=\"field__item even\">\n<h2>Esiopetus sek\u00e4 ala- ja yl\u00e4koulut<\/h2>\n<h3>Lukuvuonna 2025\u20132026<\/h3>\n<ul>\n<li>Syyslukukausi: to 7.8. &#8211; la 20.12.2025 (Esiopetus p\u00e4\u00e4ttyy pe 19.12.2025)\n<ul>\n<li>Syysloma: ma 13.10. &#8211; su 19.10.2025<\/li>\n<\/ul>\n<\/li>\n<li>Kev\u00e4tlukukausi: ke 7.1. &#8211; la 30.5.2026 (Esiopetus p\u00e4\u00e4ttyy pe 29.5.2026)\n<ul>\n<li>Talviloma: ma 16.2. &#8211; su 22.2.2026<\/li>\n<\/ul>\n<\/li>\n<\/ul>\n<\/div>\n<\/div>\n<\/div>\n<p>&nbsp;<\/p>\n<p>&nbsp;<\/p>\n<p>&nbsp;<\/p>\n<p>&nbsp;<\/p>\n<p>&nbsp;<\/p>\n<p>&nbsp;<\/p>\n<p>&nbsp;<\/p>\n<p>&nbsp;<\/p>\n<p>&nbsp;<\/p>\n<p>&nbsp;<\/p>\n<p>&nbsp;<\/p>\n<p>&nbsp;<\/p>\n<p>&nbsp;<\/p>\n<p>&nbsp;<\/p>\n<p>&nbsp;<\/p>\n<p>&nbsp;<\/p>\n<p>&nbsp;<\/p>\n<p>&nbsp;<\/p>\n<p>&nbsp;<\/p>\n<p>&nbsp;<\/p>\n<p>&nbsp;<\/p>\n<p>&nbsp;<\/p>\n<p>&nbsp;<\/p>\n<p>&nbsp;<\/p>\n<p>&nbsp;<\/p>\n<p>&nbsp;<\/p>\n","protected":false},"excerpt":{"rendered":"<p>Esiopetus sek\u00e4 ala- ja yl\u00e4koulut Lukuvuonna 2025\u20132026 Syyslukukausi: to 7.8. &#8211; la 20.12.2025 (Esiopetus p\u00e4\u00e4ttyy pe 19.12.2025) Syysloma: ma 13.10. &#8211; su 19.10.2025 Kev\u00e4tlukukausi: ke 7.1. &#8211; la 30.5.2026 (Esiopetus p\u00e4\u00e4ttyy pe 29.5.2026) Talviloma: ma 16.2. &#8211; su 22.2.2026 &nbsp; &nbsp; &nbsp; &nbsp; &nbsp; &nbsp; &nbsp; &nbsp; &nbsp; &nbsp; &nbsp; &nbsp; &nbsp; &nbsp; &nbsp; &nbsp; &hellip; <a href=\"https:\/\/blog.edu.turku.fi\/lauste\/tyo-ja-loma-ajat\/\" class=\"more-link\">Jatka lukemista<span class=\"screen-reader-text\"> &#8221;Ty\u00f6- ja loma-ajat&#8221;<\/span><\/a><\/p>\n","protected":false},"author":2297,"featured_media":0,"parent":0,"menu_order":0,"comment_status":"closed","ping_status":"closed","template":"","meta":{"footnotes":""},"class_list":["post-48","page","type-page","status-publish","hentry"],"_links":{"self":[{"href":"https:\/\/blog.edu.turku.fi\/lauste\/wp-json\/wp\/v2\/pages\/48","targetHints":{"allow":["GET"]}}],"collection":[{"href":"https:\/\/blog.edu.turku.fi\/lauste\/wp-json\/wp\/v2\/pages"}],"about":[{"href":"https:\/\/blog.edu.turku.fi\/lauste\/wp-json\/wp\/v2\/types\/page"}],"author":[{"embeddable":true,"href":"https:\/\/blog.edu.turku.fi\/lauste\/wp-json\/wp\/v2\/users\/2297"}],"replies":[{"embeddable":true,"href":"https:\/\/blog.edu.turku.fi\/lauste\/wp-json\/wp\/v2\/comments?post=48"}],"version-history":[{"count":26,"href":"https:\/\/blog.edu.turku.fi\/lauste\/wp-json\/wp\/v2\/pages\/48\/revisions"}],"predecessor-version":[{"id":1195,"href":"https:\/\/blog.edu.turku.fi\/lauste\/wp-json\/wp\/v2\/pages\/48\/revisions\/1195"}],"wp:attachment":[{"href":"https:\/\/blog.edu.turku.fi\/lauste\/wp-json\/wp\/v2\/media?parent=48"}],"curies":[{"name":"wp","href":"https:\/\/api.w.org\/{rel}","templated":true}]}}