{"id":294,"date":"2017-03-26T13:19:30","date_gmt":"2017-03-26T10:19:30","guid":{"rendered":"https:\/\/blog.edu.turku.fi\/lauste\/?page_id=294"},"modified":"2023-10-23T14:42:02","modified_gmt":"2023-10-23T11:42:02","slug":"sahkoposti-ym-2","status":"publish","type":"page","link":"https:\/\/blog.edu.turku.fi\/lauste\/sahkoposti-ym-2\/","title":{"rendered":"Hy\u00f6dylliset linkit"},"content":{"rendered":"<p><a href=\"https:\/\/www.youtube.com\/playlist?list=PLNZfcYaWFhFi55EvVrMxHytlAssSWN6d2\">Turun kaupunki: Koulujen palvelut<\/a> -videot Youtubessa (tekstityskielet: suomi, ruotsi, englanti, viro, ven\u00e4j\u00e4, arabia, somalia, kurdi ja farsi)<b>\u00a0<\/b><\/p>\n<p><a href=\"https:\/\/youtu.be\/4byNNmgQVls\">Turun kaupungin Mit\u00e4 on kielitietoisuus?<\/a> -video Youtubessa<\/p>\n<p><a href=\"https:\/\/blog.edu.turku.fi\/monikulttuurinenopetus\/\">Turun kaupungin Monikulttuurinen opetus<\/a> -sivusto<\/p>\n<p><a href=\"https:\/\/blog.edu.turku.fi\/monikulttuurinenopetus\/oppimaaran-valinta\/\">Lis\u00e4tietoa monikulttuurisesta opetuksesta huoltajille<\/a><\/p>\n<p><a href=\"https:\/\/www.outlook.com\/edu.turku.fi\" target=\"_blank\" rel=\"noopener\">Edu.turku.fi<\/a> -s\u00e4hk\u00f6posti<\/p>\n<p><a href=\"https:\/\/www.google.fi\/#spf=1\" target=\"_blank\" rel=\"noopener\">Google<\/a>-hakupalvelu<\/p>\n<p><a href=\"http:\/\/edu.turku.fi\" target=\"_blank\" rel=\"noopener\">TOP-keskus<\/a>, edu.turku.fi -sivusto<\/p>\n<p><a href=\"https:\/\/turku.inschool.fi\/\" target=\"_blank\" rel=\"noopener\">Wilma<\/a><\/p>\n<p>&nbsp;<\/p>\n","protected":false},"excerpt":{"rendered":"<p>Turun kaupunki: Koulujen palvelut -videot Youtubessa (tekstityskielet: suomi, ruotsi, englanti, viro, ven\u00e4j\u00e4, arabia, somalia, kurdi ja farsi)\u00a0 Turun kaupungin Mit\u00e4 on kielitietoisuus? -video Youtubessa Turun kaupungin Monikulttuurinen opetus -sivusto Lis\u00e4tietoa monikulttuurisesta opetuksesta huoltajille Edu.turku.fi -s\u00e4hk\u00f6posti Google-hakupalvelu TOP-keskus, edu.turku.fi -sivusto Wilma &nbsp;<\/p>\n","protected":false},"author":107,"featured_media":0,"parent":0,"menu_order":0,"comment_status":"closed","ping_status":"closed","template":"","meta":{"footnotes":""},"class_list":["post-294","page","type-page","status-publish","hentry"],"_links":{"self":[{"href":"https:\/\/blog.edu.turku.fi\/lauste\/wp-json\/wp\/v2\/pages\/294","targetHints":{"allow":["GET"]}}],"collection":[{"href":"https:\/\/blog.edu.turku.fi\/lauste\/wp-json\/wp\/v2\/pages"}],"about":[{"href":"https:\/\/blog.edu.turku.fi\/lauste\/wp-json\/wp\/v2\/types\/page"}],"author":[{"embeddable":true,"href":"https:\/\/blog.edu.turku.fi\/lauste\/wp-json\/wp\/v2\/users\/107"}],"replies":[{"embeddable":true,"href":"https:\/\/blog.edu.turku.fi\/lauste\/wp-json\/wp\/v2\/comments?post=294"}],"version-history":[{"count":9,"href":"https:\/\/blog.edu.turku.fi\/lauste\/wp-json\/wp\/v2\/pages\/294\/revisions"}],"predecessor-version":[{"id":1091,"href":"https:\/\/blog.edu.turku.fi\/lauste\/wp-json\/wp\/v2\/pages\/294\/revisions\/1091"}],"wp:attachment":[{"href":"https:\/\/blog.edu.turku.fi\/lauste\/wp-json\/wp\/v2\/media?parent=294"}],"curies":[{"name":"wp","href":"https:\/\/api.w.org\/{rel}","templated":true}]}}