{"id":138,"date":"2016-12-01T14:07:14","date_gmt":"2016-12-01T12:07:14","guid":{"rendered":"https:\/\/blog.edu.turku.fi\/lauste\/?page_id=138"},"modified":"2016-12-01T15:21:06","modified_gmt":"2016-12-01T13:21:06","slug":"aikakone-13-5","status":"publish","type":"page","link":"https:\/\/blog.edu.turku.fi\/lauste\/aikakone-13-5\/","title":{"rendered":"Aikakone: 13.5."},"content":{"rendered":"<p>Onko ilmastonmuutos tosiasia my\u00f6s Lausteen koulun pihamaalla? T\u00e4n\u00e4\u00e4n l\u00e4mp\u00f6tila oli kuvanottohetkell\u00e4 noin +17 astetta.<br \/>\nVertaile milt\u00e4 koulun piha n\u00e4ytti samoihin aikoihin vuosina 1998 &#8211; 2016.<\/p>\n<p><img loading=\"lazy\" decoding=\"async\" class=\"aligncenter size-large wp-image-139\" src=\"https:\/\/blog.edu.turku.fi\/lauste\/files\/2016\/12\/piha130516-700x422.jpg\" alt=\"piha130516\" width=\"700\" height=\"422\" srcset=\"https:\/\/blog.edu.turku.fi\/lauste\/files\/2016\/12\/piha130516.jpg 700w, https:\/\/blog.edu.turku.fi\/lauste\/files\/2016\/12\/piha130516-300x181.jpg 300w\" sizes=\"auto, (max-width: 700px) 85vw, 700px\" \/><\/p>\n<p style=\"text-align: center\"><strong>KOULUN PIHA VUONNA 2016<\/strong><\/p>\n<p style=\"text-align: center\"><img loading=\"lazy\" decoding=\"async\" class=\"aligncenter size-large wp-image-140\" src=\"https:\/\/blog.edu.turku.fi\/lauste\/files\/2016\/12\/piha150514-700x394.jpg\" alt=\"piha150514\" width=\"700\" height=\"394\" srcset=\"https:\/\/blog.edu.turku.fi\/lauste\/files\/2016\/12\/piha150514.jpg 700w, https:\/\/blog.edu.turku.fi\/lauste\/files\/2016\/12\/piha150514-300x169.jpg 300w\" sizes=\"auto, (max-width: 700px) 85vw, 700px\" \/><br \/>\n<strong> KOULUN PIHA VUONNA 2014<\/strong><br \/>\nPiha 15.5.2014<br \/>\nL\u00e4mp\u00f6tila n. +14 astetta<\/p>\n<p style=\"text-align: center\"><img loading=\"lazy\" decoding=\"async\" class=\"aligncenter size-large wp-image-141\" src=\"https:\/\/blog.edu.turku.fi\/lauste\/files\/2016\/12\/piha140512-700x525.jpg\" alt=\"piha140512\" width=\"700\" height=\"525\" srcset=\"https:\/\/blog.edu.turku.fi\/lauste\/files\/2016\/12\/piha140512.jpg 700w, https:\/\/blog.edu.turku.fi\/lauste\/files\/2016\/12\/piha140512-300x225.jpg 300w\" sizes=\"auto, (max-width: 700px) 85vw, 700px\" \/><br \/>\n<strong> KOULUN PIHA VUONNA 2012<\/strong><br \/>\nPiha 14.5.2012<br \/>\nL\u00e4mp\u00f6tila n. +13 astetta.<\/p>\n<p style=\"text-align: center\"><img loading=\"lazy\" decoding=\"async\" class=\"aligncenter size-large wp-image-142\" src=\"https:\/\/blog.edu.turku.fi\/lauste\/files\/2016\/12\/piha140510-600x450.jpg\" alt=\"piha140510\" width=\"600\" height=\"450\" srcset=\"https:\/\/blog.edu.turku.fi\/lauste\/files\/2016\/12\/piha140510.jpg 600w, https:\/\/blog.edu.turku.fi\/lauste\/files\/2016\/12\/piha140510-300x225.jpg 300w\" sizes=\"auto, (max-width: 600px) 85vw, 600px\" \/><br \/>\n<strong>KOULUN PIHA VUONNA 2010<\/strong><br \/>\nPiha 14.5.2010<br \/>\nL\u00e4mp\u00f6tila n. +22 astetta.<\/p>\n<p style=\"text-align: center\"><img loading=\"lazy\" decoding=\"async\" class=\"aligncenter size-large wp-image-143\" src=\"https:\/\/blog.edu.turku.fi\/lauste\/files\/2016\/12\/piha130508-600x450.jpg\" alt=\"\" width=\"600\" height=\"450\" srcset=\"https:\/\/blog.edu.turku.fi\/lauste\/files\/2016\/12\/piha130508.jpg 600w, https:\/\/blog.edu.turku.fi\/lauste\/files\/2016\/12\/piha130508-300x225.jpg 300w\" sizes=\"auto, (max-width: 600px) 85vw, 600px\" \/><br \/>\n<strong>KOULUN PIHA VUONNA 2008<\/strong><\/p>\n<p style=\"text-align: center\"><img loading=\"lazy\" decoding=\"async\" class=\"aligncenter size-large wp-image-144\" src=\"https:\/\/blog.edu.turku.fi\/lauste\/files\/2016\/12\/pihaa120506-400x300.jpg\" alt=\"pihaa120506\" width=\"400\" height=\"300\" srcset=\"https:\/\/blog.edu.turku.fi\/lauste\/files\/2016\/12\/pihaa120506.jpg 400w, https:\/\/blog.edu.turku.fi\/lauste\/files\/2016\/12\/pihaa120506-300x225.jpg 300w\" sizes=\"auto, (max-width: 400px) 85vw, 400px\" \/><br \/>\n<strong>KOULUN PIHA VUONNA 2006<\/strong><br \/>\nPiha 12.05.06 (l\u00e4mp\u00f6tila n. +17 astetta)<\/p>\n<p style=\"text-align: center\"><img loading=\"lazy\" decoding=\"async\" class=\"aligncenter size-large wp-image-145\" src=\"https:\/\/blog.edu.turku.fi\/lauste\/files\/2016\/12\/piha130504p-320x240.jpg\" alt=\"piha130504p\" width=\"320\" height=\"240\" srcset=\"https:\/\/blog.edu.turku.fi\/lauste\/files\/2016\/12\/piha130504p.jpg 320w, https:\/\/blog.edu.turku.fi\/lauste\/files\/2016\/12\/piha130504p-300x225.jpg 300w\" sizes=\"auto, (max-width: 320px) 85vw, 320px\" \/><br \/>\n<strong>KOULUN PIHA VUONNA 2004<\/strong><br \/>\nPiha 13.05.04 (l\u00e4mp\u00f6tila n. +17 astetta)<\/p>\n<p style=\"text-align: center\"><img loading=\"lazy\" decoding=\"async\" class=\"aligncenter size-large wp-image-146\" src=\"https:\/\/blog.edu.turku.fi\/lauste\/files\/2016\/12\/piha130502-320x240.jpg\" alt=\"piha130502\" width=\"320\" height=\"240\" srcset=\"https:\/\/blog.edu.turku.fi\/lauste\/files\/2016\/12\/piha130502.jpg 320w, https:\/\/blog.edu.turku.fi\/lauste\/files\/2016\/12\/piha130502-300x225.jpg 300w\" sizes=\"auto, (max-width: 320px) 85vw, 320px\" \/><br \/>\n<strong>KOULUN PIHA VUONNA 2002<\/strong><br \/>\nPiha 13.05.02 (l\u00e4mp\u00f6tila n. +20 astetta)<\/p>\n<p style=\"text-align: center\"><img loading=\"lazy\" decoding=\"async\" class=\"aligncenter size-large wp-image-147\" src=\"https:\/\/blog.edu.turku.fi\/lauste\/files\/2016\/12\/piha120500-320x240.jpg\" alt=\"piha120500\" width=\"320\" height=\"240\" srcset=\"https:\/\/blog.edu.turku.fi\/lauste\/files\/2016\/12\/piha120500.jpg 320w, https:\/\/blog.edu.turku.fi\/lauste\/files\/2016\/12\/piha120500-300x225.jpg 300w\" sizes=\"auto, (max-width: 320px) 85vw, 320px\" \/><br \/>\n<strong>KOULUN PIHA VUONNA 2000<\/strong><br \/>\nPiha 12 .05.00 (l\u00e4mp\u00f6tila n. +9 astetta)<\/p>\n<p style=\"text-align: center\"><img loading=\"lazy\" decoding=\"async\" class=\"aligncenter size-large wp-image-148\" src=\"https:\/\/blog.edu.turku.fi\/lauste\/files\/2016\/12\/piha130598-320x240.jpg\" alt=\"piha130598\" width=\"320\" height=\"240\" srcset=\"https:\/\/blog.edu.turku.fi\/lauste\/files\/2016\/12\/piha130598.jpg 320w, https:\/\/blog.edu.turku.fi\/lauste\/files\/2016\/12\/piha130598-300x225.jpg 300w\" sizes=\"auto, (max-width: 320px) 85vw, 320px\" \/><br \/>\n<strong>KOULUN PIHA VUONNA 1998<\/strong><br \/>\nPiha 13.05.98 (l\u00e4mp\u00f6tila n. +14 astetta)<\/p>\n","protected":false},"excerpt":{"rendered":"<p>Onko ilmastonmuutos tosiasia my\u00f6s Lausteen koulun pihamaalla? T\u00e4n\u00e4\u00e4n l\u00e4mp\u00f6tila oli kuvanottohetkell\u00e4 noin +17 astetta. Vertaile milt\u00e4 koulun piha n\u00e4ytti samoihin aikoihin vuosina 1998 &#8211; 2016. KOULUN PIHA VUONNA 2016 KOULUN PIHA VUONNA 2014 Piha 15.5.2014 L\u00e4mp\u00f6tila n. +14 astetta KOULUN PIHA VUONNA 2012 Piha 14.5.2012 L\u00e4mp\u00f6tila n. +13 astetta. KOULUN PIHA VUONNA 2010 Piha 14.5.2010 &hellip; <a href=\"https:\/\/blog.edu.turku.fi\/lauste\/aikakone-13-5\/\" class=\"more-link\">Jatka lukemista<span class=\"screen-reader-text\"> &#8221;Aikakone: 13.5.&#8221;<\/span><\/a><\/p>\n","protected":false},"author":2095,"featured_media":0,"parent":0,"menu_order":0,"comment_status":"closed","ping_status":"closed","template":"","meta":{"footnotes":""},"class_list":["post-138","page","type-page","status-publish","hentry"],"_links":{"self":[{"href":"https:\/\/blog.edu.turku.fi\/lauste\/wp-json\/wp\/v2\/pages\/138","targetHints":{"allow":["GET"]}}],"collection":[{"href":"https:\/\/blog.edu.turku.fi\/lauste\/wp-json\/wp\/v2\/pages"}],"about":[{"href":"https:\/\/blog.edu.turku.fi\/lauste\/wp-json\/wp\/v2\/types\/page"}],"author":[{"embeddable":true,"href":"https:\/\/blog.edu.turku.fi\/lauste\/wp-json\/wp\/v2\/users\/2095"}],"replies":[{"embeddable":true,"href":"https:\/\/blog.edu.turku.fi\/lauste\/wp-json\/wp\/v2\/comments?post=138"}],"version-history":[{"count":2,"href":"https:\/\/blog.edu.turku.fi\/lauste\/wp-json\/wp\/v2\/pages\/138\/revisions"}],"predecessor-version":[{"id":239,"href":"https:\/\/blog.edu.turku.fi\/lauste\/wp-json\/wp\/v2\/pages\/138\/revisions\/239"}],"wp:attachment":[{"href":"https:\/\/blog.edu.turku.fi\/lauste\/wp-json\/wp\/v2\/media?parent=138"}],"curies":[{"name":"wp","href":"https:\/\/api.w.org\/{rel}","templated":true}]}}