{"id":23,"date":"2012-03-12T12:51:18","date_gmt":"2012-03-12T12:51:18","guid":{"rendered":"https:\/\/blog.edu.turku.fi\/lastenparlamentti\/?page_id=23"},"modified":"2026-01-16T08:49:27","modified_gmt":"2026-01-16T08:49:27","slug":"kokouspoytakirjat","status":"publish","type":"page","link":"https:\/\/blog.edu.turku.fi\/lastenparlamentti\/kokouspoytakirjat\/","title":{"rendered":"Suurkokousten p\u00f6yt\u00e4kirjat"},"content":{"rendered":"<p><strong>Turun lasten parlamentin suurkokous 18.11.2025<\/strong><\/p>\n<p><a href=\"https:\/\/blog.edu.turku.fi\/lastenparlamentti\/files\/2026\/01\/poytakirja_suurkokous18.11.2025.docx\">18.11. p\u00f6yt\u00e4kirja<\/a><\/p>\n<p>Katso my\u00f6s suurkoukoukseen liittyv\u00e4 uutinen Turun raitiohankkeen sivuilla:<br \/>\n<a href=\"https:\/\/turunraitiotie.fi\/lasten-aani-kuuluviin-raitiotien-kummioppilastoiminnassa-ja-lasten-parlamentissa\/\">Uutinen &#8221;Lasten \u00e4\u00e4ni kuuluviin raitiotien kummioppilastoiminnassa ja Lasten parlamentissa&#8221;<\/a><\/p>\n<p>&nbsp;<\/p>\n<p><strong>Turun lasten parlamentin j\u00e4rjest\u00e4ytymiskokous 9.4.2025<\/strong><\/p>\n<p><a href=\"https:\/\/blog.edu.turku.fi\/lastenparlamentti\/files\/2025\/05\/9.4-poytakirja.pdf\">9.4 p\u00f6yt\u00e4kirja<\/a><\/p>\n<p>&nbsp;<\/p>\n<p><strong>Turun lasten parlamentin suurkokous 27.11.2024<br \/>\n<\/strong><\/p>\n<p><a href=\"https:\/\/blog.edu.turku.fi\/lastenparlamentti\/files\/2025\/02\/poytakirja-Suurkokous-27.11.2024.docx\">p\u00f6yt\u00e4kirja Suurkokous 27.11.2024<\/a><\/p>\n<p>&nbsp;<\/p>\n<p><strong>Turun lasten parlamentin j\u00e4rjest\u00e4ytymiskokous 11.4.2024<\/strong><\/p>\n<p><a href=\"https:\/\/blog.edu.turku.fi\/lastenparlamentti\/files\/2024\/04\/Poytakirja-Jarjestaytymiskokous-11.4.2024.pdf\">P\u00f6yt\u00e4kirja J\u00e4rjest\u00e4ytymiskokous 11.4.2024<\/a><\/p>\n<p>&nbsp;<\/p>\n<p><strong>Juhlaseminaarin ohjelma 22.11.2020<\/strong><\/p>\n<p><a href=\"https:\/\/blog.edu.turku.fi\/lastenparlamentti\/files\/2020\/05\/Juhlaseminaarin-ohjelma.docx\">Juhlaseminaarin-ohjelma<\/a> 22.11.2020<\/p>\n<p><b>\u00a0<\/b><\/p>\n<p><b>Turun Lasten Parlamentin\u00a0 valtuustosalikokous 19.4.2019<\/b><\/p>\n<p><a href=\"https:\/\/blog.edu.turku.fi\/lastenparlamentti\/files\/2019\/04\/P\u00f6yt\u00e4kirja_25.4.2019-Valtuustosalikokous.pdf\">Valtuustosalikokouksen p\u00f6yt\u00e4kirja 25.4.2019<\/a><\/p>\n<p>&nbsp;<\/p>\n<p><b>Turun Lasten Parlamentin\u00a0 j\u00e4rjest\u00e4ytymiskokous 27.3.2019<\/b><\/p>\n<p><a href=\"https:\/\/blog.edu.turku.fi\/lastenparlamentti\/files\/2019\/03\/P\u00f6yt\u00e4kirja_Suurkokous_27.3.2019.pdf\">Suurkokouksen p\u00f6yt\u00e4kirja 27.3.2019<\/a><\/p>\n<p>&nbsp;<\/p>\n<p><b>Turun Lasten Parlamentin\u00a0 valtuustosalikokous 19.4.2018<\/b><\/p>\n<p><a href=\"https:\/\/blog.edu.turku.fi\/lastenparlamentti\/kokouspoytakirjat\/poytakirja-19-4-2018-valtuustosali\/\" rel=\"attachment wp-att-1989\">Valtuustosalikokouksen p\u00f6yt\u00e4kirja 19.4.2018 <\/a><\/p>\n<p>&nbsp;<\/p>\n<p><b>Turun Lasten Parlamentin valtuustosalikokous 27.4.2017<\/b><\/p>\n<p><a href=\"https:\/\/blog.edu.turku.fi\/lastenparlamentti\/kokouspoytakirjat\/valtuustosalikokouksen-poytakirja-27-4-2017\/\" rel=\"attachment wp-att-1713\">Valtuustosalikokouksen p\u00f6yt\u00e4kirja 27.4.2017<\/a><\/p>\n<p><a href=\"http:\/\/www.turku.fi\/uutinen\/2017-04-27_laput-liehuivat-turun-lasten-parlamentin-kokouksessa\">Lis\u00e4tietoa kokouksesta<\/a><\/p>\n<p>&nbsp;<\/p>\n<p><strong>Turun Lasten Parlamentin\u00a0 j\u00e4rjest\u00e4ytymiskokous 30.3.2017<\/strong><\/p>\n<p>Puutarhakadun auditoriossa pidetyn suurkokouksen p\u00f6yt\u00e4kirjan l\u00f6yd\u00e4 t\u00e4\u00e4lt\u00e4:<\/p>\n<p><a href=\"https:\/\/blog.edu.turku.fi\/lastenparlamentti\/2017\/03\/26\/jarjestaytymiskokous-30-3-2017\/turun-lasten-parlamentti-poytakirja\/\" rel=\"attachment wp-att-1664\">J\u00e4rjest\u00e4ytymiskokouksen p\u00f6yt\u00e4kirja 30.3.2017<\/a><\/p>\n<p>&nbsp;<\/p>\n<p><strong>Turun Lasten Parlamentin\u00a0\u00a0suurkokous 14.4.2016<\/strong><\/p>\n<p>Turun kaupungintalon valtuustosalissa\u00a0pidetyn suurkokouksen p\u00f6yt\u00e4kirjan l\u00f6yd\u00e4 t\u00e4\u00e4lt\u00e4:<\/p>\n<p><a href=\"https:\/\/blog.edu.turku.fi\/lastenparlamentti\/kokouspoytakirjat\/valtuustosalikokouksen-poytakirja-14-4-2016\/\" rel=\"attachment wp-att-1467\">Valtuustosalikokouksen p\u00f6yt\u00e4kirja 14.4.2016<\/a><\/p>\n<p>&nbsp;<\/p>\n<p><strong>Turun Lasten Parlamentin\u00a0 j\u00e4rjest\u00e4ytymiskokous 15.3.2016<\/strong><\/p>\n<p>Puutarhakadun auditoriossa pidetyn suurkokouksen p\u00f6yt\u00e4kirjan l\u00f6yd\u00e4 t\u00e4\u00e4lt\u00e4:<\/p>\n<p><a href=\"https:\/\/blog.edu.turku.fi\/lastenparlamentti\/kokouspoytakirjat\/poytakirja-15032016\/\" rel=\"attachment wp-att-1397\">P\u00f6yt\u00e4kirja 15032016<\/a><\/p>\n<p>&nbsp;<\/p>\n<p><strong>Turun Lasten Parlamentin\u00a0 valtuustosalikokous 23.4.2015<\/strong><\/p>\n<p><a href=\"https:\/\/blog.edu.turku.fi\/lastenparlamentti\/files\/2012\/03\/Valtuustosalikokouksen-p\u00f6yt\u00e4kirja-23.4.2015.pdf\">Valtuustosalikokouksen p\u00f6yt\u00e4kirja 23.4.2015<\/a><\/p>\n<p>&nbsp;<\/p>\n<p><strong>Turun Lasten Parlamentin\u00a0 suurkokous Puutarhakadun auditoriossa 11.3.2015<\/strong><\/p>\n<p><a href=\"https:\/\/blog.edu.turku.fi\/lastenparlamentti\/files\/2012\/03\/Suurkokouksen-p\u00f6yt\u00e4kirja-11.3.20151.pdf\">Suurkokouksen p\u00f6yt\u00e4kirja 11.3.2015<\/a><\/p>\n<p>&nbsp;<\/p>\n<p><strong>Turun Lasten Parlamentin\u00a0 Lapset n\u00e4kyviksi -seminaari 11.11.2014<\/strong><\/p>\n<p><a href=\"https:\/\/blog.edu.turku.fi\/lastenparlamentti\/files\/2012\/03\/Lapset-n\u00e4kyviksi-seminaarin-muistio-11.11.2014.docx\">Lapset n\u00e4kyviksi -seminaarin muistio 11.11.2014<\/a><\/p>\n<p>&nbsp;<\/p>\n<p><strong>Turun Lasten Parlamentin\u00a0 suurkokous Turun kaupungintalon valtuustosalissa 23.4.2014<\/strong><\/p>\n<p>&nbsp;<\/p>\n<p><a href=\"https:\/\/blog.edu.turku.fi\/lastenparlamentti\/files\/2012\/03\/\u00c4\u00e4nestyskortit.jpg\"><img loading=\"lazy\" decoding=\"async\" class=\"aligncenter size-medium wp-image-947\" src=\"https:\/\/blog.edu.turku.fi\/lastenparlamentti\/files\/2012\/03\/\u00c4\u00e4nestyskortit-300x205.jpg\" alt=\"\u00c4\u00e4nestyskortit\" width=\"300\" height=\"205\" \/><\/a><\/p>\n<p><strong><a href=\"https:\/\/blog.edu.turku.fi\/lastenparlamentti\/files\/2012\/03\/Valtuustosalikokouksen-po\u0308yta\u0308kirja-23.4.2014.docx\">Valtuustosalikokouksen po\u0308yta\u0308kirja 23.4.2014<\/a><\/strong><\/p>\n<p>T\u00e4ss\u00e4 kokouksessa olivat\u00a0juhlapuhujina mm. Turun kaupunginjohtaja Aleksi Randell, Turun kaupunginhallituksen puheenjohtaja Minna Arve sek\u00e4 Turun kaupunginvaltuuston puheenjohtaja Seppo Lehtinen.<\/p>\n<p>T\u00e4rkein\u00e4 keskusteltavina asioina olivat liikunnan lis\u00e4\u00e4minen koulup\u00e4iv\u00e4\u00e4n sek\u00e4 taloudellisten s\u00e4\u00e4st\u00f6jen n\u00e4kyminen koulun arjessa.<\/p>\n<p>&nbsp;<\/p>\n<p>&nbsp;<\/p>\n<p>&nbsp;<\/p>\n<p>&nbsp;<\/p>\n<p><strong>Turun Lasten Parlamentin\u00a0 j\u00e4rjest\u00e4ytymiskokous Turun Ty\u00f6v\u00e4enopistolla 4.3.2014 klo 9.00<\/strong><\/p>\n<p><a href=\"https:\/\/blog.edu.turku.fi\/lastenparlamentti\/files\/2012\/03\/J\u00e4rjest\u00e4ytymiskokouksen-p\u00f6yt\u00e4kirja-04032014.docx\">J\u00e4rjest\u00e4ytymiskokouksen p\u00f6yt\u00e4kirja 04032014<\/a><\/p>\n<p>T\u00e4ss\u00e4 kokouksessa valittiin ensi lukuvuodeksi 2014 -2015 uusi Turun Lasten Parlamentin hallitus.<\/p>\n<p>Oheisessa liitteess\u00e4 nimilista uusista hallituksen j\u00e4senist\u00e4. Onnittelut!<\/p>\n<p>&nbsp;<\/p>\n<p><a href=\"https:\/\/blog.edu.turku.fi\/lastenparlamentti\/files\/2012\/03\/Turun-Lasten-Parlamentin-uusi-hallitus-lukuvuodelle-2014-2015.docx\">Turun Lasten Parlamentin uusi hallitus lukuvuodelle 2014 &#8211; 2015<\/a><\/p>\n<p>&nbsp;<\/p>\n<p>&nbsp;<\/p>\n<p><strong>Turun Lasten Parlamentin\u00a0 Lasten oikeuksien p\u00e4iv\u00e4n juhlaseminaari Vimmassa 20.11.2013<\/strong><\/p>\n<p>&nbsp;<\/p>\n<p><a href=\"https:\/\/blog.edu.turku.fi\/lastenparlamentti\/files\/2013\/10\/Juhlaseminaarin-ohjelma.docx\">Juhlaseminaarin ohjelma<\/a><\/p>\n<p><a href=\"https:\/\/blog.edu.turku.fi\/lastenparlamentti\/files\/2012\/03\/L1000194pieni.jpg\"><img loading=\"lazy\" decoding=\"async\" class=\"aligncenter size-medium wp-image-760\" src=\"https:\/\/blog.edu.turku.fi\/lastenparlamentti\/files\/2012\/03\/L1000194pieni-300x200.jpg\" alt=\"L1000194pieni\" width=\"300\" height=\"200\" \/><\/a><\/p>\n<p>&nbsp;<\/p>\n<p>&nbsp;<\/p>\n<p><strong>Turun Lasten Parlamentin suurkokoukset Turun kaupungintalon valtuustosalissa<\/strong><\/p>\n<p>&nbsp;<\/p>\n<p><strong>2013<\/strong><\/p>\n<p>&nbsp;<\/p>\n<p><a href=\"https:\/\/blog.edu.turku.fi\/lastenparlamentti\/kokouspoytakirjat\/poytakirja-24-4-2013-suurkokous-turun-lasten-parlamentti\/\" rel=\"attachment wp-att-602\">P\u00f6yt\u00e4kirja 24.4.2013 suurkokous Turun Lasten Parlamentti<\/a><\/p>\n<p style=\"text-align: center\"><a href=\"https:\/\/blog.edu.turku.fi\/lastenparlamentti\/kokouspoytakirjat\/parlamenttikuva-7\/\" rel=\"attachment wp-att-605\"><img loading=\"lazy\" decoding=\"async\" class=\"aligncenter wp-image-605\" src=\"https:\/\/blog.edu.turku.fi\/lastenparlamentti\/files\/2012\/03\/Parlamenttikuva-7.jpg\" alt=\"Parlamenttikuva 7\" width=\"593\" height=\"344\" \/><\/a><\/p>\n<p>&nbsp;<\/p>\n<p><strong>\u00a0<\/strong><\/p>\n<p><strong>2012<\/strong><\/p>\n<p>&nbsp;<\/p>\n<p><a href=\"https:\/\/blog.edu.turku.fi\/lastenparlamentti\/files\/2012\/03\/P\u00f6yt\u00e4kirja-25.4.2012-suurkokous-Turun-Lasten-Parlamentti2.doc\">P\u00f6yt\u00e4kirja 25.4.2012 suurkokous Turun Lasten Parlamentti<\/a><\/p>\n<p><a href=\"https:\/\/blog.edu.turku.fi\/lastenparlamentti\/kokouspoytakirjat\/turunlastenparlamentti\/\" rel=\"attachment wp-att-603\"><img loading=\"lazy\" decoding=\"async\" class=\"aligncenter size-full wp-image-603\" src=\"https:\/\/blog.edu.turku.fi\/lastenparlamentti\/files\/2012\/03\/turunlastenparlamentti.jpg\" alt=\"turunlastenparlamentti\" width=\"480\" height=\"319\" \/><\/a><\/p>\n<p>&nbsp;<\/p>\n<p>&nbsp;<\/p>\n<p>&nbsp;<\/p>\n<p><strong>Turun Lasten Parlamentin &#8221;Osallistuva oppilas&#8221; -seminaarit Turun Ty\u00f6v\u00e4enopistolla<\/strong><\/p>\n<p>&nbsp;<\/p>\n<p><strong>2013<\/strong><\/p>\n<p>&nbsp;<\/p>\n<p><a href=\"https:\/\/blog.edu.turku.fi\/lastenparlamentti\/kokouspoytakirjat\/muistio-turun-lasten-parlamentin-seminaarista-11-3-2013\/\" rel=\"attachment wp-att-616\">Muistio Turun Lasten Parlamentin seminaarista 11.3.2013<\/a><\/p>\n<p style=\"text-align: center\"><a href=\"https:\/\/blog.edu.turku.fi\/lastenparlamentti\/kokouspoytakirjat\/kokous-tlp\/\" rel=\"attachment wp-att-620\"><img loading=\"lazy\" decoding=\"async\" class=\"aligncenter wp-image-620\" style=\"width: 955px;height: 446px\" src=\"https:\/\/blog.edu.turku.fi\/lastenparlamentti\/files\/2012\/03\/Kokous-tlp.jpg\" alt=\"Kokous tlp\" width=\"955\" height=\"490\" \/><\/a><\/p>\n<p>&nbsp;<\/p>\n<p><strong>\u00a02012<\/strong><\/p>\n<p>&nbsp;<\/p>\n<p><a href=\"https:\/\/blog.edu.turku.fi\/lastenparlamentti\/files\/2012\/03\/Muistio-Turun-Lasten-Parlamentin-seminaarista-5.11.2012.doc\">Muistio Turun Lasten Parlamentin seminaarista 5.11.2012<\/a><\/p>\n<p style=\"text-align: center\"><a href=\"https:\/\/blog.edu.turku.fi\/lastenparlamentti\/kokouspoytakirjat\/img_0166\/\" rel=\"attachment wp-att-608\"><img loading=\"lazy\" decoding=\"async\" class=\"aligncenter wp-image-608\" style=\"width: 721px;height: 418px\" src=\"https:\/\/blog.edu.turku.fi\/lastenparlamentti\/files\/2012\/03\/IMG_0166.jpg\" alt=\"IMG_0166\" width=\"721\" height=\"436\" \/><\/a><\/p>\n<p>&nbsp;<\/p>\n<p><a href=\"https:\/\/blog.edu.turku.fi\/lastenparlamentti\/kokouspoytakirjat\/muistio-turun-lasten-parlamentin-seminaarista-5-3-2012\/\" rel=\"attachment wp-att-639\">Muistio Turun Lasten Parlamentin seminaarista 5.3.2012<\/a><\/p>\n<p>&nbsp;<\/p>\n<p><a href=\"https:\/\/blog.edu.turku.fi\/lastenparlamentti\/kokouspoytakirjat\/maaliskuun-kokous-2012\/\" rel=\"attachment wp-att-640\"><img loading=\"lazy\" decoding=\"async\" class=\"aligncenter size-full wp-image-640\" style=\"width: 1014px;height: 402px\" src=\"https:\/\/blog.edu.turku.fi\/lastenparlamentti\/files\/2012\/03\/Maaliskuun-kokous-2012.jpg\" alt=\"Maaliskuun kokous 2012\" width=\"1069\" height=\"458\" \/><\/a><\/p>\n<p>&nbsp;<\/p>\n<p>&nbsp;<\/p>\n<p>&nbsp;<\/p>\n<p>&nbsp;<\/p>\n","protected":false},"excerpt":{"rendered":"<p>Turun lasten parlamentin suurkokous 18.11.2025 18.11. p\u00f6yt\u00e4kirja Katso my\u00f6s suurkoukoukseen liittyv\u00e4 uutinen Turun raitiohankkeen sivuilla: Uutinen &#8221;Lasten \u00e4\u00e4ni kuuluviin raitiotien kummioppilastoiminnassa ja Lasten parlamentissa&#8221; &nbsp; Turun lasten parlamentin j\u00e4rjest\u00e4ytymiskokous 9.4.2025 9.4 p\u00f6yt\u00e4kirja &nbsp; Turun lasten parlamentin suurkokous 27.11.2024 p\u00f6yt\u00e4kirja Suurkokous 27.11.2024 &nbsp; Turun lasten parlamentin j\u00e4rjest\u00e4ytymiskokous 11.4.2024 P\u00f6yt\u00e4kirja J\u00e4rjest\u00e4ytymiskokous 11.4.2024 &nbsp; Juhlaseminaarin ohjelma 22.11.2020 Juhlaseminaarin-ohjelma &hellip; <a href=\"https:\/\/blog.edu.turku.fi\/lastenparlamentti\/kokouspoytakirjat\/\" class=\"more-link\">Jatka lukemista<span class=\"screen-reader-text\"> &#8221;Suurkokousten p\u00f6yt\u00e4kirjat&#8221;<\/span><\/a><\/p>\n","protected":false},"author":3215,"featured_media":0,"parent":0,"menu_order":3,"comment_status":"closed","ping_status":"closed","template":"","meta":{"footnotes":""},"class_list":["post-23","page","type-page","status-publish","hentry"],"_links":{"self":[{"href":"https:\/\/blog.edu.turku.fi\/lastenparlamentti\/wp-json\/wp\/v2\/pages\/23","targetHints":{"allow":["GET"]}}],"collection":[{"href":"https:\/\/blog.edu.turku.fi\/lastenparlamentti\/wp-json\/wp\/v2\/pages"}],"about":[{"href":"https:\/\/blog.edu.turku.fi\/lastenparlamentti\/wp-json\/wp\/v2\/types\/page"}],"author":[{"embeddable":true,"href":"https:\/\/blog.edu.turku.fi\/lastenparlamentti\/wp-json\/wp\/v2\/users\/3215"}],"replies":[{"embeddable":true,"href":"https:\/\/blog.edu.turku.fi\/lastenparlamentti\/wp-json\/wp\/v2\/comments?post=23"}],"version-history":[{"count":84,"href":"https:\/\/blog.edu.turku.fi\/lastenparlamentti\/wp-json\/wp\/v2\/pages\/23\/revisions"}],"predecessor-version":[{"id":2680,"href":"https:\/\/blog.edu.turku.fi\/lastenparlamentti\/wp-json\/wp\/v2\/pages\/23\/revisions\/2680"}],"wp:attachment":[{"href":"https:\/\/blog.edu.turku.fi\/lastenparlamentti\/wp-json\/wp\/v2\/media?parent=23"}],"curies":[{"name":"wp","href":"https:\/\/api.w.org\/{rel}","templated":true}]}}