{"id":907,"date":"2021-03-02T23:26:48","date_gmt":"2021-03-02T21:26:48","guid":{"rendered":"https:\/\/blog.edu.turku.fi\/laskunnighet\/?page_id=907"},"modified":"2022-06-06T10:38:34","modified_gmt":"2022-06-06T07:38:34","slug":"ordkonstverkstader","status":"publish","type":"page","link":"https:\/\/blog.edu.turku.fi\/laskunnighet\/material\/for-personal\/ordkonstverkstader\/","title":{"rendered":"Ordkonstverkst\u00e4der 2021"},"content":{"rendered":"<h1>\u00c4r du redan bekant med ordkonstens ABC? Vet du redan hur man l\u00e4ser kreativt?<\/h1>\n<p>Rikta dig till l\u00e4sning! ordnade en serie ordkonstverkst\u00e4der (12-29.4) p\u00e5 distans via Teams under v\u00e5ren 2021 i samarbete med Kirjan talo &#8211; Bokens hus ry. Det ordnades verkst\u00e4der b\u00e5de p\u00e5 finska och svenska. Deltagandet var gratis. Det var tv\u00e5 olika verkst\u00e4der som ordnades under v\u00e5ren. Beskrivningar av verkst\u00e4derna finns nedan.<\/p>\n<hr \/>\n<h2>Beskrivning av verkst\u00e4derna<\/h2>\n<h3>Kreativ l\u00e4sning, 45 min<\/h3>\n<p>I en v\u00e4rld full av stimuli, impulser och st\u00e4ndiga f\u00f6r\u00e4ndringar, stiger l\u00e4sningens v\u00e4rde till oanade h\u00f6jder. Men hur klarar sig den l\u00e5ngsamma l\u00e4sningen i en hektisk v\u00e4rld? Hur kan b\u00f6cker och l\u00e4sning bli relevanta f\u00f6r barn via medietexter om barnens egna intressen?<\/p>\n<h3>Ordkonstens ABC, 45 min<\/h3>\n<p>Ordkonst kan vara det spr\u00e5k, som i gruppen skapar en positiv och uppbyggande st\u00e4mning. Ordkonst kan vara en nystart och en handlingssp\u00e4ckad v\u00e4g in i individuell inl\u00e4rning och i att agera tillsammans. Under f\u00f6rel\u00e4sningen definieras ordkonst som begrepp och konstart samt hur man kan dra nytta av ordkonst till exempel inom undervisningen i svenska och litteratur.<\/p>\n<hr \/>\n<p><a href=\"https:\/\/blog.edu.turku.fi\/laskunnighet\/files\/2021\/09\/Bokens-hus-logo-black.png\"><img loading=\"lazy\" decoding=\"async\" class=\"wp-image-1558 size-medium aligncenter\" src=\"https:\/\/blog.edu.turku.fi\/laskunnighet\/files\/2021\/09\/Bokens-hus-logo-black-300x187.png\" alt=\"\" width=\"300\" height=\"187\" srcset=\"https:\/\/blog.edu.turku.fi\/laskunnighet\/files\/2021\/09\/Bokens-hus-logo-black-300x187.png 300w, https:\/\/blog.edu.turku.fi\/laskunnighet\/files\/2021\/09\/Bokens-hus-logo-black.png 717w\" sizes=\"auto, (max-width: 300px) 85vw, 300px\" \/><\/a><\/p>\n<p>&nbsp;<\/p>\n","protected":false},"excerpt":{"rendered":"<p>\u00c4r du redan bekant med ordkonstens ABC? Vet du redan hur man l\u00e4ser kreativt? Rikta dig till l\u00e4sning! ordnade en serie ordkonstverkst\u00e4der (12-29.4) p\u00e5 distans via Teams under v\u00e5ren 2021 i samarbete med Kirjan talo &#8211; Bokens hus ry. Det ordnades verkst\u00e4der b\u00e5de p\u00e5 finska och svenska. Deltagandet var gratis. Det var tv\u00e5 olika verkst\u00e4der &hellip; <a href=\"https:\/\/blog.edu.turku.fi\/laskunnighet\/material\/for-personal\/ordkonstverkstader\/\" class=\"more-link\">Forts\u00e4tt l\u00e4sa<span class=\"screen-reader-text\"> \u201dOrdkonstverkst\u00e4der 2021\u201d<\/span><\/a><\/p>\n","protected":false},"author":2465,"featured_media":1146,"parent":26,"menu_order":0,"comment_status":"closed","ping_status":"closed","template":"","meta":{"footnotes":""},"class_list":["post-907","page","type-page","status-publish","has-post-thumbnail","hentry"],"_links":{"self":[{"href":"https:\/\/blog.edu.turku.fi\/laskunnighet\/wp-json\/wp\/v2\/pages\/907","targetHints":{"allow":["GET"]}}],"collection":[{"href":"https:\/\/blog.edu.turku.fi\/laskunnighet\/wp-json\/wp\/v2\/pages"}],"about":[{"href":"https:\/\/blog.edu.turku.fi\/laskunnighet\/wp-json\/wp\/v2\/types\/page"}],"author":[{"embeddable":true,"href":"https:\/\/blog.edu.turku.fi\/laskunnighet\/wp-json\/wp\/v2\/users\/2465"}],"replies":[{"embeddable":true,"href":"https:\/\/blog.edu.turku.fi\/laskunnighet\/wp-json\/wp\/v2\/comments?post=907"}],"version-history":[{"count":41,"href":"https:\/\/blog.edu.turku.fi\/laskunnighet\/wp-json\/wp\/v2\/pages\/907\/revisions"}],"predecessor-version":[{"id":1874,"href":"https:\/\/blog.edu.turku.fi\/laskunnighet\/wp-json\/wp\/v2\/pages\/907\/revisions\/1874"}],"up":[{"embeddable":true,"href":"https:\/\/blog.edu.turku.fi\/laskunnighet\/wp-json\/wp\/v2\/pages\/26"}],"wp:featuredmedia":[{"embeddable":true,"href":"https:\/\/blog.edu.turku.fi\/laskunnighet\/wp-json\/wp\/v2\/media\/1146"}],"wp:attachment":[{"href":"https:\/\/blog.edu.turku.fi\/laskunnighet\/wp-json\/wp\/v2\/media?parent=907"}],"curies":[{"name":"wp","href":"https:\/\/api.w.org\/{rel}","templated":true}]}}