{"id":8,"date":"2020-09-07T15:12:10","date_gmt":"2020-09-07T12:12:10","guid":{"rendered":"https:\/\/blog.edu.turku.fi\/laskunnighet\/?page_id=8"},"modified":"2022-05-30T09:05:23","modified_gmt":"2022-05-30T06:05:23","slug":"material","status":"publish","type":"page","link":"https:\/\/blog.edu.turku.fi\/laskunnighet\/material\/","title":{"rendered":"Material som st\u00f6d f\u00f6r l\u00e4sning"},"content":{"rendered":"<blockquote class=\"wp-embedded-content\" data-secret=\"J69XQGYIet\"><p><a href=\"https:\/\/blog.edu.turku.fi\/laskunnighet\/material\/barn-och-barnfamiljer\/\">Barn och barnfamiljer<\/a><\/p><\/blockquote>\n<p><iframe loading=\"lazy\" class=\"wp-embedded-content\" sandbox=\"allow-scripts\" security=\"restricted\" style=\"position: absolute; clip: rect(1px, 1px, 1px, 1px);\" title=\"&#8221;Barn och barnfamiljer&#8221; &#8212; Rikta dig till l\u00e4sning!\" src=\"https:\/\/blog.edu.turku.fi\/laskunnighet\/material\/barn-och-barnfamiljer\/embed\/#?secret=J69XQGYIet\" data-secret=\"J69XQGYIet\" width=\"600\" height=\"338\" frameborder=\"0\" marginwidth=\"0\" marginheight=\"0\" scrolling=\"no\"><\/iframe><\/p>\n<blockquote class=\"wp-embedded-content\" data-secret=\"VN5KEmk5Bm\"><p><a href=\"https:\/\/blog.edu.turku.fi\/laskunnighet\/material\/for-personal\/\">F\u00f6r personal<\/a><\/p><\/blockquote>\n<p><iframe loading=\"lazy\" class=\"wp-embedded-content\" sandbox=\"allow-scripts\" security=\"restricted\" style=\"position: absolute; clip: rect(1px, 1px, 1px, 1px);\" title=\"&#8221;F\u00f6r personal&#8221; &#8212; Rikta dig till l\u00e4sning!\" src=\"https:\/\/blog.edu.turku.fi\/laskunnighet\/material\/for-personal\/embed\/#?secret=VN5KEmk5Bm\" data-secret=\"VN5KEmk5Bm\" width=\"600\" height=\"338\" frameborder=\"0\" marginwidth=\"0\" marginheight=\"0\" scrolling=\"no\"><\/iframe><\/p>\n","protected":false},"excerpt":{"rendered":"<p>Barn och barnfamiljer F\u00f6r personal<\/p>\n","protected":false},"author":2465,"featured_media":0,"parent":0,"menu_order":0,"comment_status":"closed","ping_status":"closed","template":"","meta":{"footnotes":""},"class_list":["post-8","page","type-page","status-publish","hentry"],"_links":{"self":[{"href":"https:\/\/blog.edu.turku.fi\/laskunnighet\/wp-json\/wp\/v2\/pages\/8","targetHints":{"allow":["GET"]}}],"collection":[{"href":"https:\/\/blog.edu.turku.fi\/laskunnighet\/wp-json\/wp\/v2\/pages"}],"about":[{"href":"https:\/\/blog.edu.turku.fi\/laskunnighet\/wp-json\/wp\/v2\/types\/page"}],"author":[{"embeddable":true,"href":"https:\/\/blog.edu.turku.fi\/laskunnighet\/wp-json\/wp\/v2\/users\/2465"}],"replies":[{"embeddable":true,"href":"https:\/\/blog.edu.turku.fi\/laskunnighet\/wp-json\/wp\/v2\/comments?post=8"}],"version-history":[{"count":6,"href":"https:\/\/blog.edu.turku.fi\/laskunnighet\/wp-json\/wp\/v2\/pages\/8\/revisions"}],"predecessor-version":[{"id":1842,"href":"https:\/\/blog.edu.turku.fi\/laskunnighet\/wp-json\/wp\/v2\/pages\/8\/revisions\/1842"}],"wp:attachment":[{"href":"https:\/\/blog.edu.turku.fi\/laskunnighet\/wp-json\/wp\/v2\/media?parent=8"}],"curies":[{"name":"wp","href":"https:\/\/api.w.org\/{rel}","templated":true}]}}