{"id":312,"date":"2020-11-12T08:15:08","date_gmt":"2020-11-12T06:15:08","guid":{"rendered":"https:\/\/blog.edu.turku.fi\/laskunnighet\/?page_id=312"},"modified":"2022-05-30T08:58:31","modified_gmt":"2022-05-30T05:58:31","slug":"runosbacken","status":"publish","type":"page","link":"https:\/\/blog.edu.turku.fi\/laskunnighet\/material\/barn-och-barnfamiljer\/barnboksorientering\/runosbacken\/","title":{"rendered":"Runosbacken"},"content":{"rendered":"<h1>Tema i Runosbacken: ACTION<\/h1>\n<p>B\u00f6ckerna \u00e4r listade enligt genre i slumpm\u00e4ssig ordning.<\/p>\n<h2>Bilderbok<\/h2>\n<ul>\n<li>Daniel Napp, Ylva Kempe (\u00f6vers.): Herr Brum \u00e4r klar f\u00f6r match (2020)\n<ul>\n<li><a href=\"https:\/\/vaski.finna.fi\/Record\/vaski.4095005\">L\u00e4nken till bokens sida i Vaski-databas<\/a><\/li>\n<\/ul>\n<\/li>\n<li>Daniel Napp, Mirka Lahti (\u00f6vers.): Mikko Murina, kenttien kuningas (2020)\n<ul>\n<li><a href=\"https:\/\/vaski.finna.fi\/Record\/vaski.4064641\">L\u00e4nken till bokens sida i Vaski-databas<\/a><\/li>\n<\/ul>\n<\/li>\n<\/ul>\n<h2>Deckare<\/h2>\n<ul>\n<li>Claire Freedman, Kate Hindley (ill.), Malte Persson (\u00f6vers.): Den stora sn\u00f6rveljakten (2013)\n<ul>\n<li><a href=\"https:\/\/vaski.finna.fi\/Record\/vaski.2887455\">L\u00e4nken till bokens sida i Vaski-databas<\/a><\/li>\n<\/ul>\n<\/li>\n<li>Claire Freedman, Mike Byrne (ill.), Sinikka Sajama (\u00f6vers.): Komisario Ankka ja kauhea kakkuvarkaus (2020)\n<ul>\n<li><a href=\"https:\/\/vaski.finna.fi\/Record\/vaski.4006945\">L\u00e4nken till bokens sida i Vaski-databas<\/a><\/li>\n<\/ul>\n<\/li>\n<\/ul>\n<h2>K\u00e4nslobok<\/h2>\n<ul>\n<li>Christina Lindstr\u00f6m, Kajsa Lind (ill.): Leo och datorspel (2016)\n<ul>\n<li><a href=\"https:\/\/vaski.finna.fi\/Record\/vaski.3506616\">L\u00e4nken till bokens sida i Vaski-databas<\/a><\/li>\n<\/ul>\n<\/li>\n<li>Sanna Pelliccioni: Onni-poika tykk\u00e4\u00e4 pelata (2015)\n<ul>\n<li><a href=\"https:\/\/vaski.finna.fi\/Record\/vaski.3115066?lng=fi\">L\u00e4nken till bokens sida i Vaski-databas<\/a><\/li>\n<\/ul>\n<\/li>\n<\/ul>\n<h2>Klassiker<\/h2>\n<ul>\n<li>\u00c5sa R\u00f6nn, Michael R\u00f6nn, Ingrid Flygare (ill.): Heja Pelle Svansl\u00f6s (2016)\n<ul>\n<li><a href=\"https:\/\/vaski.finna.fi\/Record\/vaski.3448081\">L\u00e4nken till bokens sida i Vaski-databas<\/a><\/li>\n<\/ul>\n<\/li>\n<li>\u00c5sa R\u00f6nn, Michael R\u00f6nn, Ingrid Flygare (ill.), Sirkka-Liisa Sj\u00f6blom (\u00f6vers.): Hurraa Pekka T\u00f6p\u00f6h\u00e4nt\u00e4 (2017)\n<ul>\n<li><a href=\"https:\/\/vaski.finna.fi\/Record\/vaski.3583672\">L\u00e4nken till bokens sida i Vaski-databas<\/a><\/li>\n<\/ul>\n<\/li>\n<\/ul>\n<h2>Faktabok<\/h2>\n<ul>\n<li>Martin Widmark, Helena Willis (ill.): LasseMajas deckarhandbok (2018)\n<ul>\n<li><a href=\"https:\/\/vaski.finna.fi\/Record\/vaski.3796013\">L\u00e4nken till bokens sida i Vaski-databas<\/a><\/li>\n<\/ul>\n<\/li>\n<li>J\u00f8rn Lier Horst, Hans J\u00f8rgen Sandnes (ill.), Sanna Manninen (\u00f6vers.): Etsiv\u00e4n k\u00e4sikirja (2020)\n<ul>\n<li><a href=\"https:\/\/vaski.finna.fi\/Record\/vaski.4054894\">L\u00e4nken till bokens sida i Vaski-databas<\/a><\/li>\n<\/ul>\n<\/li>\n<\/ul>\n<h2>Serie<\/h2>\n<ul>\n<li>Joe Todd-Stanton, Gustaf Gustafsson (\u00f6vers.): Arthur och det gyllene repet (2020)\n<ul>\n<li><a href=\"https:\/\/vaski.finna.fi\/Record\/vaski.4038588\">L\u00e4nken till bokens sida i Vaski-databas<\/a><\/li>\n<\/ul>\n<\/li>\n<li>Pauli Kallio, Juliana Hyrri: Kalle, pallo ja sello (2019)\n<ul>\n<li><a href=\"https:\/\/vaski.finna.fi\/Record\/vaski.3958803\">L\u00e4nken till bokens sida i Vaski-databas<\/a><\/li>\n<\/ul>\n<\/li>\n<\/ul>\n<h2>Dikter och ramsor<\/h2>\n<ul>\n<li>\u00c5sa Sandell, Malin Norlander (ill.): Sportig ABC-bok (2020)\n<ul>\n<li><a href=\"https:\/\/vaski.finna.fi\/Record\/vaski.4101637\">L\u00e4nken till bokens sida i Vaski-databas<\/a><\/li>\n<\/ul>\n<\/li>\n<li>Jukka Itkonen, Matti Pikkuj\u00e4msa (ill.): Laulavat lenkkitossut: urheilullisia liikuntarunoja (2015)\n<ul>\n<li><a href=\"https:\/\/vaski.finna.fi\/Record\/vaski.3116678\">L\u00e4nken till bokens sida i Vaski-databas<\/a><\/li>\n<\/ul>\n<\/li>\n<\/ul>\n<h2>Godnattsagor<\/h2>\n<ul>\n<li>Martin Widmark, Helena Willis (ill.): Fotbollsmysteriet (2018)\n<ul>\n<li><a href=\"https:\/\/vaski.finna.fi\/Record\/vaski.3708498\">L\u00e4nken till bokens sida i Vaski-databas<\/a><\/li>\n<\/ul>\n<\/li>\n<li>Martin Widmark, Helena Willis (ill.), Outi Menna (\u00f6vers.): Jalkapallon arvoitus (2018)\n<ul>\n<li><a href=\"https:\/\/vaski.finna.fi\/Record\/vaski.3655086\">L\u00e4nken till bokens sida i Vaski-databas<\/a><\/li>\n<\/ul>\n<\/li>\n<\/ul>\n<h2>En p\u00e4rla som bok<\/h2>\n<ul>\n<li>James Maclaine, Sarah Hull, Lara Bryan, Jacob Souva (ill.), Ellia O\u2019Shea (ill.), Kyle Reed (ill.), Briony Mary Smith (ill.), Carola R\u00e4\u00e4f (\u00f6vers.): Aldrig mer tr\u00e5kigt-boken (2018)\n<ul>\n<li><a href=\"https:\/\/vaski.finna.fi\/Record\/vaski.3812689\">L\u00e4nken till bokens sida i Vaski-databas<\/a><\/li>\n<\/ul>\n<\/li>\n<li>Maria Kangaskorte, Tiia Javanainen (ill.): Ruutuvapaata koululaisille (2020)\n<ul>\n<li><a href=\"https:\/\/vaski.finna.fi\/Record\/vaski.3997306\">L\u00e4nken till bokens sida i Vaski-databas<\/a><\/li>\n<\/ul>\n<\/li>\n<\/ul>\n<h2>S\u00f6k och hitta<\/h2>\n<ul>\n<li>Grethe Rottb\u00f6ll, Anna-Karin Garhamn (ill.): Kryp som \u00e4r sm\u00e5: var d\u00e5? (2013)\n<ul>\n<li><a href=\"https:\/\/vaski.finna.fi\/Record\/vaski.2838402\">L\u00e4nken till bokens sida i Vaski-databas<\/a><\/li>\n<\/ul>\n<\/li>\n<li>Joseph Stewart, Tapani Lahtinen (\u00f6vers.): Lasten ideakirja (2020)\n<ul>\n<li><a href=\"https:\/\/vaski.finna.fi\/Record\/vaski.3993461\">L\u00e4nken till bokens sida i Vaski-databas<\/a><\/li>\n<\/ul>\n<\/li>\n<\/ul>\n","protected":false},"excerpt":{"rendered":"<p>Tema i Runosbacken: ACTION B\u00f6ckerna \u00e4r listade enligt genre i slumpm\u00e4ssig ordning. Bilderbok Daniel Napp, Ylva Kempe (\u00f6vers.): Herr Brum \u00e4r klar f\u00f6r match (2020) L\u00e4nken till bokens sida i Vaski-databas Daniel Napp, Mirka Lahti (\u00f6vers.): Mikko Murina, kenttien kuningas (2020) L\u00e4nken till bokens sida i Vaski-databas Deckare Claire Freedman, Kate Hindley (ill.), Malte Persson &hellip; <a href=\"https:\/\/blog.edu.turku.fi\/laskunnighet\/material\/barn-och-barnfamiljer\/barnboksorientering\/runosbacken\/\" class=\"more-link\">Forts\u00e4tt l\u00e4sa<span class=\"screen-reader-text\"> \u201dRunosbacken\u201d<\/span><\/a><\/p>\n","protected":false},"author":2465,"featured_media":0,"parent":245,"menu_order":0,"comment_status":"closed","ping_status":"closed","template":"","meta":{"footnotes":""},"class_list":["post-312","page","type-page","status-publish","hentry"],"_links":{"self":[{"href":"https:\/\/blog.edu.turku.fi\/laskunnighet\/wp-json\/wp\/v2\/pages\/312","targetHints":{"allow":["GET"]}}],"collection":[{"href":"https:\/\/blog.edu.turku.fi\/laskunnighet\/wp-json\/wp\/v2\/pages"}],"about":[{"href":"https:\/\/blog.edu.turku.fi\/laskunnighet\/wp-json\/wp\/v2\/types\/page"}],"author":[{"embeddable":true,"href":"https:\/\/blog.edu.turku.fi\/laskunnighet\/wp-json\/wp\/v2\/users\/2465"}],"replies":[{"embeddable":true,"href":"https:\/\/blog.edu.turku.fi\/laskunnighet\/wp-json\/wp\/v2\/comments?post=312"}],"version-history":[{"count":5,"href":"https:\/\/blog.edu.turku.fi\/laskunnighet\/wp-json\/wp\/v2\/pages\/312\/revisions"}],"predecessor-version":[{"id":348,"href":"https:\/\/blog.edu.turku.fi\/laskunnighet\/wp-json\/wp\/v2\/pages\/312\/revisions\/348"}],"up":[{"embeddable":true,"href":"https:\/\/blog.edu.turku.fi\/laskunnighet\/wp-json\/wp\/v2\/pages\/245"}],"wp:attachment":[{"href":"https:\/\/blog.edu.turku.fi\/laskunnighet\/wp-json\/wp\/v2\/media?parent=312"}],"curies":[{"name":"wp","href":"https:\/\/api.w.org\/{rel}","templated":true}]}}