{"id":159,"date":"2024-08-14T11:06:42","date_gmt":"2024-08-14T08:06:42","guid":{"rendered":"https:\/\/blog.edu.turku.fi\/laadukkaasti-turun-lukioissa\/?page_id=159"},"modified":"2025-01-17T15:41:55","modified_gmt":"2025-01-17T13:41:55","slug":"lukioiden-laatutyota-ohjaavat-arvot-ja-periaatteet","status":"publish","type":"page","link":"https:\/\/blog.edu.turku.fi\/laadukkaasti-turun-lukioissa\/laatukasikirja\/lukioiden-laatutyota-ohjaavat-arvot-ja-periaatteet\/","title":{"rendered":"Lukioiden laatuty\u00f6t\u00e4 ohjaavat arvot ja periaatteet"},"content":{"rendered":"\n<p class=\"has-medium-font-size\"><\/p>\n\n\n\n<p>Lukioiden laatuty\u00f6 on avointa ja jatkuvaa vuorovaikutusta henkil\u00f6st\u00f6n, opiskelijoiden ja sidosryhmien kanssa. Lukioiden henkil\u00f6st\u00f6 on sitoutettu ja sitoutunut yhteisiin arvoihin, periaatteisiin ja toimintatapoihin kaikessa toiminnassaan.\u00a0Laatuty\u00f6ss\u00e4 vahvistetaan ja kehitet\u00e4\u00e4n edellytyksi\u00e4 toteuttaa lukiokoulutuksen yleissivist\u00e4v\u00e4\u00e4 teht\u00e4v\u00e4\u00e4. Lukiokoulutuksen laatuj\u00e4rjestelm\u00e4 tukee toiminnan jatkuvaa kehitt\u00e4mist\u00e4.\u00a0\u00a0Laatuty\u00f6h\u00f6n vaikuttavat  my\u00f6s Turun kaupungin vuosien 2021\u20132025 toimintalupaukset, joita ovat asukas- ja asiakasl\u00e4ht\u00f6isyys, vastuullisuus ja suvaitsevaisuus sek\u00e4 uudistuminen ja yhteisty\u00f6.\u00a0\u00a0\u00a0\u00a0<\/p>\n\n\n\n<p>Turun lukiokoulutuksen arvoperusta muodostuu valtakunnallisen opetussuunnitelman arvol\u00e4ht\u00f6kohdista. Lukioiden toimintaa ohjaavat arvot ovat: sivistys, laadukas koulutus ja hyv\u00e4t oppimistulokset, opiskelija- ja oppimiskeskeisyys, hyvinvoiva ja osallistava lukioyhteis\u00f6, hyv\u00e4n huomaaminen ja kyky ja halu uudistua (kuva 2).\u00a0<\/p>\n\n\n\n<p>Kuva 2. Turun lukiokoulutuksen toimintaa ohjaavat arvot<\/p>\n\n\n\n<figure class=\"wp-block-image size-large\"><img loading=\"lazy\" decoding=\"async\" width=\"1024\" height=\"203\" src=\"https:\/\/blog.edu.turku.fi\/laadukkaasti-turun-lukioissa\/files\/2025\/01\/Kuusi-lukiokoulutuksen-arvoa-1-1024x203.jpg\" alt=\"\" class=\"wp-image-912\" srcset=\"https:\/\/blog.edu.turku.fi\/laadukkaasti-turun-lukioissa\/files\/2025\/01\/Kuusi-lukiokoulutuksen-arvoa-1-1024x203.jpg 1024w, https:\/\/blog.edu.turku.fi\/laadukkaasti-turun-lukioissa\/files\/2025\/01\/Kuusi-lukiokoulutuksen-arvoa-1-300x59.jpg 300w, https:\/\/blog.edu.turku.fi\/laadukkaasti-turun-lukioissa\/files\/2025\/01\/Kuusi-lukiokoulutuksen-arvoa-1.jpg 2048w\" sizes=\"auto, (max-width: 709px) 85vw, (max-width: 909px) 67vw, (max-width: 1362px) 62vw, 840px\" \/><\/figure>\n\n\n\n<p><\/p>\n\n\n\n<p class=\"has-medium-font-size\"><a href=\"https:\/\/blog.edu.turku.fi\/laadukkaasti-turun-lukioissa\/laatukasikirja\/lukiokoulutuksen-laadunhallinta-ja-sen-prosessit\/\" data-type=\"page\" data-id=\"168\">Seuraava sivu: Lukioiden laadunhallinta ja sen prosessit<\/a><\/p>\n","protected":false},"excerpt":{"rendered":"<p>Lukioiden laatuty\u00f6 on avointa ja jatkuvaa vuorovaikutusta henkil\u00f6st\u00f6n, opiskelijoiden ja sidosryhmien kanssa. Lukioiden henkil\u00f6st\u00f6 on sitoutettu ja sitoutunut yhteisiin arvoihin, periaatteisiin ja toimintatapoihin kaikessa toiminnassaan.\u00a0Laatuty\u00f6ss\u00e4 vahvistetaan ja kehitet\u00e4\u00e4n edellytyksi\u00e4 toteuttaa lukiokoulutuksen yleissivist\u00e4v\u00e4\u00e4 teht\u00e4v\u00e4\u00e4. Lukiokoulutuksen laatuj\u00e4rjestelm\u00e4 tukee toiminnan jatkuvaa kehitt\u00e4mist\u00e4.\u00a0\u00a0Laatuty\u00f6h\u00f6n vaikuttavat my\u00f6s Turun kaupungin vuosien 2021\u20132025 toimintalupaukset, joita ovat asukas- ja asiakasl\u00e4ht\u00f6isyys, vastuullisuus ja suvaitsevaisuus sek\u00e4 &hellip; <a href=\"https:\/\/blog.edu.turku.fi\/laadukkaasti-turun-lukioissa\/laatukasikirja\/lukioiden-laatutyota-ohjaavat-arvot-ja-periaatteet\/\" class=\"more-link\">Jatka lukemista<span class=\"screen-reader-text\"> &#8221;Lukioiden laatuty\u00f6t\u00e4 ohjaavat arvot ja periaatteet&#8221;<\/span><\/a><\/p>\n","protected":false},"author":56,"featured_media":0,"parent":13,"menu_order":0,"comment_status":"closed","ping_status":"closed","template":"","meta":{"footnotes":""},"class_list":["post-159","page","type-page","status-publish","hentry"],"_links":{"self":[{"href":"https:\/\/blog.edu.turku.fi\/laadukkaasti-turun-lukioissa\/wp-json\/wp\/v2\/pages\/159","targetHints":{"allow":["GET"]}}],"collection":[{"href":"https:\/\/blog.edu.turku.fi\/laadukkaasti-turun-lukioissa\/wp-json\/wp\/v2\/pages"}],"about":[{"href":"https:\/\/blog.edu.turku.fi\/laadukkaasti-turun-lukioissa\/wp-json\/wp\/v2\/types\/page"}],"author":[{"embeddable":true,"href":"https:\/\/blog.edu.turku.fi\/laadukkaasti-turun-lukioissa\/wp-json\/wp\/v2\/users\/56"}],"replies":[{"embeddable":true,"href":"https:\/\/blog.edu.turku.fi\/laadukkaasti-turun-lukioissa\/wp-json\/wp\/v2\/comments?post=159"}],"version-history":[{"count":27,"href":"https:\/\/blog.edu.turku.fi\/laadukkaasti-turun-lukioissa\/wp-json\/wp\/v2\/pages\/159\/revisions"}],"predecessor-version":[{"id":1027,"href":"https:\/\/blog.edu.turku.fi\/laadukkaasti-turun-lukioissa\/wp-json\/wp\/v2\/pages\/159\/revisions\/1027"}],"up":[{"embeddable":true,"href":"https:\/\/blog.edu.turku.fi\/laadukkaasti-turun-lukioissa\/wp-json\/wp\/v2\/pages\/13"}],"wp:attachment":[{"href":"https:\/\/blog.edu.turku.fi\/laadukkaasti-turun-lukioissa\/wp-json\/wp\/v2\/media?parent=159"}],"curies":[{"name":"wp","href":"https:\/\/api.w.org\/{rel}","templated":true}]}}