{"id":13,"date":"2023-12-12T10:08:45","date_gmt":"2023-12-12T08:08:45","guid":{"rendered":"https:\/\/blog.edu.turku.fi\/laadukkaasti-turun-lukioissa\/?page_id=13"},"modified":"2025-05-07T15:52:28","modified_gmt":"2025-05-07T12:52:28","slug":"laatukasikirja","status":"publish","type":"page","link":"https:\/\/blog.edu.turku.fi\/laadukkaasti-turun-lukioissa\/laatukasikirja\/","title":{"rendered":"Turun lukiokoulutuksen laatuk\u00e4sikirja"},"content":{"rendered":"\n<p>Tervetuloa tutustumaan Turun lukiokoulutuksen laadunhallintaan. Laatuk\u00e4sikirja&nbsp; on lukiokoulutuksen henkil\u00f6kunnan, opiskelijoiden ja johdon ty\u00f6v\u00e4line ja se tukee lukiokoulutuksen laadun kehitt\u00e4misty\u00f6t\u00e4. K\u00e4sikirja antaa my\u00f6s lukiokoulutuksen sidosryhmille kuvan lukiokoulutuksen laadunhallinnasta. <\/p>\n\n\n\n<div id='laatukasikirjalinkit'>\n<a href='https:\/\/blog.edu.turku.fi\/laadukkaasti-turun-lukioissa\/laatukasikirja\/johdanto\/'><img src='https:\/\/blog.edu.turku.fi\/laadukkaasti-turun-lukioissa\/files\/2024\/11\/Luku1ikoni.png' alt=''><span>Johdanto<\/span><\/a>\n\n<a href='https:\/\/blog.edu.turku.fi\/laadukkaasti-turun-lukioissa\/laatukasikirja\/turun-suomenkielinen-lukiokoulutus\/'><img src='https:\/\/blog.edu.turku.fi\/laadukkaasti-turun-lukioissa\/files\/2024\/11\/Luku2ikoni.png' alt=''><span>Turun suomenkielinen lukiokoulutus<\/span><\/a>\n\n<a href='https:\/\/blog.edu.turku.fi\/laadukkaasti-turun-lukioissa\/laatukasikirja\/lukiokoulutuksen-tehtavat\/'><img src='https:\/\/blog.edu.turku.fi\/laadukkaasti-turun-lukioissa\/files\/2024\/11\/Luku3ikoni.png' alt=''><span>Lukiokoulutuksen teht\u00e4v\u00e4t<\/span><\/a>\n\n<a href='https:\/\/blog.edu.turku.fi\/laadukkaasti-turun-lukioissa\/laatukasikirja\/lukioiden-laatutyota-ohjaavat-arvot-ja-periaatteet\/'><img src='https:\/\/blog.edu.turku.fi\/laadukkaasti-turun-lukioissa\/files\/2024\/11\/Luku4ikoni.png' alt=''><span>Lukioiden laatuty\u00f6t\u00e4 ohjaavat arvot ja periaatteet<\/span><\/a>\n\n<a href='https:\/\/blog.edu.turku.fi\/laadukkaasti-turun-lukioissa\/laatukasikirja\/lukiokoulutuksen-laadunhallinta-ja-sen-prosessit\/'><img src='https:\/\/blog.edu.turku.fi\/laadukkaasti-turun-lukioissa\/files\/2024\/11\/Luku5ikoni.png' alt=''><span>Lukiokoulutuksen laadunhallinta ja sen prosessit<\/span><\/a>\n\n<a href='https:\/\/blog.edu.turku.fi\/laadukkaasti-turun-lukioissa\/laatukasikirja\/lukuvuosittainen-laatutyon-toimintamalli-lukioissa\/'><img src='https:\/\/blog.edu.turku.fi\/laadukkaasti-turun-lukioissa\/files\/2024\/11\/Luku6ikoni.png' alt=''><span>Lukuvuosittainen laatuty\u00f6n toimintamalli lukioissa<\/span><\/a>\n\n<a href='https:\/\/blog.edu.turku.fi\/laadukkaasti-turun-lukioissa\/laatukasikirja\/lukiokoulutuksen-laadunhallinnan-toimijat-tehtavat-ja-vastuut\/'><img src='https:\/\/blog.edu.turku.fi\/laadukkaasti-turun-lukioissa\/files\/2024\/11\/Luku7ikoni.png' alt=''><span>Lukiokoulutuksen laadunhallinnan toimijat, teht\u00e4v\u00e4t ja vastuut<\/span><\/a>\n\n<a href='https:\/\/blog.edu.turku.fi\/laadukkaasti-turun-lukioissa\/laatukasikirja\/laadun-arviointi-laatukriteerit-ja-laadunhallinnan-vuosikello\/'><img src='https:\/\/blog.edu.turku.fi\/laadukkaasti-turun-lukioissa\/files\/2024\/11\/Luku8ikoni.png' alt=''><span>Laadun arviointi, laatukriteerit ja laadunhallinnan vuosikello<\/span><\/a>\n\n<a href='https:\/\/blog.edu.turku.fi\/laadukkaasti-turun-lukioissa\/laatukasikirja\/lahdeaineistoa\/'><img src='https:\/\/blog.edu.turku.fi\/laadukkaasti-turun-lukioissa\/files\/2024\/11\/Luku9ikoni.png' alt=''><span>L\u00e4hdeaineistoa<\/span><\/a>\n\n<\/div>\n\n\n\n<div class=\"wp-block-columns is-layout-flex wp-container-core-columns-is-layout-9d6595d7 wp-block-columns-is-layout-flex\">\n<div class=\"wp-block-column is-layout-flow wp-block-column-is-layout-flow\"><\/div>\n\n\n\n<div class=\"wp-block-column is-layout-flow wp-block-column-is-layout-flow\"><\/div>\n\n\n\n<div class=\"wp-block-column is-layout-flow wp-block-column-is-layout-flow\"><\/div>\n<\/div>\n\n\n\n<ul class=\"wp-block-list\">\n<li><a href=\"https:\/\/blog.edu.turku.fi\/laadukkaasti-turun-lukioissa\/files\/2025\/05\/Turun-lukiokoulutuksen-laatukasikirjan-tulostettava-versio-06052025.pdf\">Tulosta laatuk\u00e4sikirja<\/a><\/li>\n<\/ul>\n\n\n\n<ul class=\"wp-block-list\">\n<li><a href=\"https:\/\/blog.edu.turku.fi\/laadukkaasti-turun-lukioissa\/files\/2025\/05\/Laatukasikirjan-tulostettava-sv-kaannos-06052025.pdf\">Trycka\u00a0ut kvalitetshandboken<\/a><\/li>\n<\/ul>\n\n\n\n<div class=\"wp-block-group\"><div class=\"wp-block-group__inner-container is-layout-constrained wp-block-group-is-layout-constrained\">\n<div class=\"wp-block-columns is-layout-flex wp-container-core-columns-is-layout-9d6595d7 wp-block-columns-is-layout-flex\">\n<div class=\"wp-block-column is-layout-flow wp-block-column-is-layout-flow\" style=\"flex-basis:100%\"><\/div>\n<\/div>\n<\/div><\/div>\n\n\n\n<p><strong>Laatuk\u00e4sikirjan ovat koonneet hankkeen projektiryhm\u00e4n j\u00e4senet<\/strong>: <\/p>\n\n\n\n<p>Janiina Dahlbom, Julian Lindberg, Milla M\u00e4ntt\u00e4ri ja Jatta Paakkinen<\/p>\n\n\n\n<p><\/p>\n","protected":false},"excerpt":{"rendered":"<p>Tervetuloa tutustumaan Turun lukiokoulutuksen laadunhallintaan. Laatuk\u00e4sikirja&nbsp; on lukiokoulutuksen henkil\u00f6kunnan, opiskelijoiden ja johdon ty\u00f6v\u00e4line ja se tukee lukiokoulutuksen laadun kehitt\u00e4misty\u00f6t\u00e4. K\u00e4sikirja antaa my\u00f6s lukiokoulutuksen sidosryhmille kuvan lukiokoulutuksen laadunhallinnasta. Johdanto Turun suomenkielinen lukiokoulutus Lukiokoulutuksen teht\u00e4v\u00e4t Lukioiden laatuty\u00f6t\u00e4 ohjaavat arvot ja periaatteet Lukiokoulutuksen laadunhallinta ja sen prosessit Lukuvuosittainen laatuty\u00f6n toimintamalli lukioissa Lukiokoulutuksen laadunhallinnan toimijat, teht\u00e4v\u00e4t ja vastuut Laadun &hellip; <a href=\"https:\/\/blog.edu.turku.fi\/laadukkaasti-turun-lukioissa\/laatukasikirja\/\" class=\"more-link\">Jatka lukemista<span class=\"screen-reader-text\"> &#8221;Turun lukiokoulutuksen laatuk\u00e4sikirja&#8221;<\/span><\/a><\/p>\n","protected":false},"author":1160,"featured_media":0,"parent":0,"menu_order":0,"comment_status":"closed","ping_status":"closed","template":"","meta":{"footnotes":""},"class_list":["post-13","page","type-page","status-publish","hentry"],"_links":{"self":[{"href":"https:\/\/blog.edu.turku.fi\/laadukkaasti-turun-lukioissa\/wp-json\/wp\/v2\/pages\/13","targetHints":{"allow":["GET"]}}],"collection":[{"href":"https:\/\/blog.edu.turku.fi\/laadukkaasti-turun-lukioissa\/wp-json\/wp\/v2\/pages"}],"about":[{"href":"https:\/\/blog.edu.turku.fi\/laadukkaasti-turun-lukioissa\/wp-json\/wp\/v2\/types\/page"}],"author":[{"embeddable":true,"href":"https:\/\/blog.edu.turku.fi\/laadukkaasti-turun-lukioissa\/wp-json\/wp\/v2\/users\/1160"}],"replies":[{"embeddable":true,"href":"https:\/\/blog.edu.turku.fi\/laadukkaasti-turun-lukioissa\/wp-json\/wp\/v2\/comments?post=13"}],"version-history":[{"count":76,"href":"https:\/\/blog.edu.turku.fi\/laadukkaasti-turun-lukioissa\/wp-json\/wp\/v2\/pages\/13\/revisions"}],"predecessor-version":[{"id":1740,"href":"https:\/\/blog.edu.turku.fi\/laadukkaasti-turun-lukioissa\/wp-json\/wp\/v2\/pages\/13\/revisions\/1740"}],"wp:attachment":[{"href":"https:\/\/blog.edu.turku.fi\/laadukkaasti-turun-lukioissa\/wp-json\/wp\/v2\/media?parent=13"}],"curies":[{"name":"wp","href":"https:\/\/api.w.org\/{rel}","templated":true}]}}