{"id":26,"date":"2024-10-18T09:08:41","date_gmt":"2024-10-18T06:08:41","guid":{"rendered":"https:\/\/blog.edu.turku.fi\/koululiikunta\/?page_id=26"},"modified":"2026-04-01T16:25:20","modified_gmt":"2026-04-01T13:25:20","slug":"liikuntapaikkojen-kayttoohjeet","status":"publish","type":"page","link":"https:\/\/blog.edu.turku.fi\/koululiikunta\/liikuntapaikkojen-kayttoohjeet\/","title":{"rendered":"Liikuntapaikkojen k\u00e4ytt\u00f6ohjeet"},"content":{"rendered":"\n<p><a href=\"https:\/\/blog.edu.turku.fi\/koululiikunta\/files\/2025\/11\/Kupittaa-3-tekojaaradan_kayttoohjeet_oppituntien_aikana-1.docx\">Kupittaa 3 tekoj\u00e4\u00e4rata<\/a><\/p>\n\n\n\n<p><a href=\"https:\/\/blog.edu.turku.fi\/koululiikunta\/files\/2024\/12\/ulkotenniskentat-ohjeet.pdf\">Ulkotenniskent\u00e4t ohjeet<\/a><\/p>\n\n\n\n<p><a href=\"https:\/\/blog.edu.turku.fi\/koululiikunta\/files\/2024\/12\/suksilainaamon_kaytto_oppituntien_aikana_syksy2022.pdf\">Suksilainaamo ohjeet<\/a><\/p>\n\n\n\n<p><a href=\"https:\/\/blog.edu.turku.fi\/koululiikunta\/files\/2024\/12\/parkin_tekojaaradan_kayttoohjeet_oppituntien_aikana.pdf\">Parkin tekoj\u00e4\u00e4radan k\u00e4ytt\u00f6ohjeet<\/a><\/p>\n\n\n\n<p><a href=\"https:\/\/blog.edu.turku.fi\/koululiikunta\/files\/2024\/12\/kupittaan_urheiluhallin_ja_kuntosalin_kaytto_oppituntien_aikana.pdf\">Kupittaan urheiluhallin ja kuntosalin ohjeet<\/a><\/p>\n\n\n\n<p><a href=\"https:\/\/blog.edu.turku.fi\/koululiikunta\/files\/2024\/12\/kupittaan_luistinlainaamo-ohjeet.pdf\">Kupittaan luistinlainaamo ohjeet<\/a><\/p>\n\n\n\n<p><a href=\"https:\/\/blog.edu.turku.fi\/koululiikunta\/files\/2024\/12\/jarkko_nieminen_areenan_ulkotenniskenttien_kaytto_oppituntien_aikana.pdf\">Jarkko nieminen areenan ulkotenniskenttien kaytt\u00f6 oppituntien aikana<\/a><\/p>\n\n\n\n<p><a href=\"https:\/\/blog.edu.turku.fi\/koululiikunta\/files\/2024\/12\/artukaisten_voimisteluhallin_kaytto_oppituntien_aikana_1.pdf\">Artukaisten voimisteluhallin k\u00e4ytt\u00f6 oppituntien aikana<\/a><\/p>\n\n\n\n<p><a href=\"https:\/\/blog.edu.turku.fi\/koululiikunta\/files\/2024\/12\/impivaaran_uimahallin_kaytto_oppituntien_aikana_kevat2023_2_0.pdf\">Impivaaran uimahallin k\u00e4ytt\u00f6ohjeet<\/a><\/p>\n\n\n\n<p><a href=\"https:\/\/blog.edu.turku.fi\/move\/files\/2026\/04\/samppalinnan_maauimalan_kaytto_oppituntien_aikana_2026.pdf\">Samppalinnan maauimala ohjeet p\u00e4ivitetty 1.4.2026<\/a><\/p>\n\n\n\n<p><a href=\"https:\/\/blog.edu.turku.fi\/koululiikunta\/files\/2024\/12\/liikuntakeskus_alfan_kaytto_oppituntien_aikana_syksy2022.pdf\">Liikuntakeskus alfan k\u00e4ytt\u00f6 oppituntien aikana<\/a><\/p>\n\n\n\n<p><a href=\"https:\/\/blog.edu.turku.fi\/koululiikunta\/files\/2024\/12\/kupittaan_ja_urheilupuiston_ulkokenttien_kaytto.pdf\">Kupittaan ja urheilupuiston ulkokenttien k\u00e4ytt\u00f6ohjeet<\/a><\/p>\n\n\n\n<p><a href=\"https:\/\/blog.edu.turku.fi\/koululiikunta\/files\/2024\/12\/kupittaan_palloiluhallin_kaytto_oppituntien_aikana-1.pdf\">Kupittaan palloiluhallin k\u00e4ytt\u00f6 oppituntien aikana<\/a><\/p>\n\n\n\n<p><a href=\"https:\/\/blog.edu.turku.fi\/koululiikunta\/files\/2024\/12\/lainattavat_valineet_tiedote.pdf\">Lainattavat v\u00e4lineet<\/a><\/p>\n\n\n\n<p><\/p>\n","protected":false},"excerpt":{"rendered":"<p>Kupittaa 3 tekoj\u00e4\u00e4rata Ulkotenniskent\u00e4t ohjeet Suksilainaamo ohjeet Parkin tekoj\u00e4\u00e4radan k\u00e4ytt\u00f6ohjeet Kupittaan urheiluhallin ja kuntosalin ohjeet Kupittaan luistinlainaamo ohjeet Jarkko nieminen areenan ulkotenniskenttien kaytt\u00f6 oppituntien aikana Artukaisten voimisteluhallin k\u00e4ytt\u00f6 oppituntien aikana Impivaaran uimahallin k\u00e4ytt\u00f6ohjeet Samppalinnan maauimala ohjeet p\u00e4ivitetty 1.4.2026 Liikuntakeskus alfan k\u00e4ytt\u00f6 oppituntien aikana Kupittaan ja urheilupuiston ulkokenttien k\u00e4ytt\u00f6ohjeet Kupittaan palloiluhallin k\u00e4ytt\u00f6 oppituntien aikana Lainattavat v\u00e4lineet<\/p>\n","protected":false},"author":3349,"featured_media":0,"parent":0,"menu_order":0,"comment_status":"closed","ping_status":"closed","template":"","meta":{"footnotes":""},"class_list":["post-26","page","type-page","status-publish","hentry"],"_links":{"self":[{"href":"https:\/\/blog.edu.turku.fi\/koululiikunta\/wp-json\/wp\/v2\/pages\/26","targetHints":{"allow":["GET"]}}],"collection":[{"href":"https:\/\/blog.edu.turku.fi\/koululiikunta\/wp-json\/wp\/v2\/pages"}],"about":[{"href":"https:\/\/blog.edu.turku.fi\/koululiikunta\/wp-json\/wp\/v2\/types\/page"}],"author":[{"embeddable":true,"href":"https:\/\/blog.edu.turku.fi\/koululiikunta\/wp-json\/wp\/v2\/users\/3349"}],"replies":[{"embeddable":true,"href":"https:\/\/blog.edu.turku.fi\/koululiikunta\/wp-json\/wp\/v2\/comments?post=26"}],"version-history":[{"count":16,"href":"https:\/\/blog.edu.turku.fi\/koululiikunta\/wp-json\/wp\/v2\/pages\/26\/revisions"}],"predecessor-version":[{"id":754,"href":"https:\/\/blog.edu.turku.fi\/koululiikunta\/wp-json\/wp\/v2\/pages\/26\/revisions\/754"}],"wp:attachment":[{"href":"https:\/\/blog.edu.turku.fi\/koululiikunta\/wp-json\/wp\/v2\/media?parent=26"}],"curies":[{"name":"wp","href":"https:\/\/api.w.org\/{rel}","templated":true}]}}