{"id":24,"date":"2024-10-18T09:08:40","date_gmt":"2024-10-18T06:08:40","guid":{"rendered":"https:\/\/blog.edu.turku.fi\/koululiikunta\/?page_id=24"},"modified":"2024-12-20T12:09:58","modified_gmt":"2024-12-20T10:09:58","slug":"valituntiliikunta","status":"publish","type":"page","link":"https:\/\/blog.edu.turku.fi\/koululiikunta\/valituntiliikunta\/","title":{"rendered":"V\u00e4lituntiliikunta"},"content":{"rendered":"\n<h2 class=\"wp-block-heading\">V\u00c4LKKIS -v\u00e4lituntiliikuttajat alakouluissa<\/h2>\n\n\n\n<ul class=\"wp-block-list\">\n<li>syksyisin toteutetaan halukkailla kouluilla v\u00e4lituntiliikuttajakoulutukset yhteisty\u00f6ss\u00e4 Turun OKL:n kanssa<\/li>\n\n\n\n<li>kohderyhm\u00e4n\u00e4 koulujen&nbsp; 5. ja 6. luokkien oppilaat<\/li>\n\n\n\n<li>tavoitteena \u201dvertaisohjaaja periaatteella\u201d k\u00e4ynnist\u00e4\u00e4\/toteuttaa kouluilla v\u00e4lituntiliikuntaa<\/li>\n\n\n\n<li>koulutuksessa V\u00c4LKKIS -oppilaat ideoivat keinoja koulup\u00e4iv\u00e4n aikaisen aktiivisuuden lis\u00e4\u00e4miseksi mm. v\u00e4lituntitoiminnan, taukoliikunnan ja tapahtumien avulla sek\u00e4 etsiv\u00e4t ratkaisuja miten oppilaita saadaan innostettua mukaan.<\/li>\n\n\n\n<li>Ilmoittautuminen V\u00c4LKKIS-toimintaan: Harri Karjalainen, harri.karjalainen@turku.fi<\/li>\n<\/ul>\n\n\n\n<h2 class=\"wp-block-heading\">SPIN -toiminta yl\u00e4kouluissa<\/h2>\n\n\n\n<ul class=\"wp-block-list\">\n<li>SPIN tulee sanoista &#8221;sportin innoittamat&#8221;.<\/li>\n\n\n\n<li>Koululiikuntaliiton (KLL) v. 2005 k\u00e4ynnist\u00e4m\u00e4 hanke, jossa yl\u00e4koulujen oppilaita koulutetaan koulunsa liikuntavastaaviksi.<\/li>\n\n\n\n<li>tavoitteena lis\u00e4t\u00e4 koulup\u00e4iv\u00e4n oppituntien ulkopuolista liikunnan m\u00e4\u00e4r\u00e4\u00e4, lis\u00e4t\u00e4 koulujen v\u00e4list\u00e4 yhteisty\u00f6t\u00e4 liikunnan avulla ja tuoda koululiikuntaan nuorten n\u00e4k\u00f6kulmaa (nuorten osallisuus suunnittelussa ja toteutuksessa)<\/li>\n\n\n\n<li>SPIN-starttikoulutukset j\u00e4rjestet\u00e4\u00e4n syksyisin yhteisty\u00f6ss\u00e4 Turun OKL:n kanssa.<\/li>\n\n\n\n<li><a href=\"https:\/\/blog.edu.turku.fi\/koululiikunta\/files\/2024\/12\/SPIN-starttikoulutus-2024.pdf\">SPIN-starttikoulutus-2024 tiedote ja ilmoittautuminen<\/a><\/li>\n\n\n\n<li>Lis\u00e4tietoja SPIN-toiminnasta: Aino Turtiainen, aino.turtiainen@turku.fi<\/li>\n<\/ul>\n\n\n\n<h2 class=\"wp-block-heading\">Vinkkej\u00e4 v\u00e4lkille <\/h2>\n\n\n\n<ul class=\"wp-block-list\">\n<li>Alapuolella listattuna vinkkej\u00e4, joilla voisi lis\u00e4t\u00e4 liikett\u00e4 v\u00e4lituntien aikana. Kokeilkaa rohkeasti uusia keinoja.<\/li>\n<\/ul>\n\n\n\n<h6 class=\"wp-block-heading\"><strong>Alakoululaiset<\/strong><\/h6>\n\n\n\n<p><\/p>\n\n\n\n<h6 class=\"wp-block-heading\">Yl\u00e4koululaiset<\/h6>\n","protected":false},"excerpt":{"rendered":"<p>V\u00c4LKKIS -v\u00e4lituntiliikuttajat alakouluissa SPIN -toiminta yl\u00e4kouluissa Vinkkej\u00e4 v\u00e4lkille Alakoululaiset Yl\u00e4koululaiset<\/p>\n","protected":false},"author":3349,"featured_media":0,"parent":0,"menu_order":0,"comment_status":"closed","ping_status":"closed","template":"","meta":{"footnotes":""},"class_list":["post-24","page","type-page","status-publish","hentry"],"_links":{"self":[{"href":"https:\/\/blog.edu.turku.fi\/koululiikunta\/wp-json\/wp\/v2\/pages\/24","targetHints":{"allow":["GET"]}}],"collection":[{"href":"https:\/\/blog.edu.turku.fi\/koululiikunta\/wp-json\/wp\/v2\/pages"}],"about":[{"href":"https:\/\/blog.edu.turku.fi\/koululiikunta\/wp-json\/wp\/v2\/types\/page"}],"author":[{"embeddable":true,"href":"https:\/\/blog.edu.turku.fi\/koululiikunta\/wp-json\/wp\/v2\/users\/3349"}],"replies":[{"embeddable":true,"href":"https:\/\/blog.edu.turku.fi\/koululiikunta\/wp-json\/wp\/v2\/comments?post=24"}],"version-history":[{"count":9,"href":"https:\/\/blog.edu.turku.fi\/koululiikunta\/wp-json\/wp\/v2\/pages\/24\/revisions"}],"predecessor-version":[{"id":308,"href":"https:\/\/blog.edu.turku.fi\/koululiikunta\/wp-json\/wp\/v2\/pages\/24\/revisions\/308"}],"wp:attachment":[{"href":"https:\/\/blog.edu.turku.fi\/koululiikunta\/wp-json\/wp\/v2\/media?parent=24"}],"curies":[{"name":"wp","href":"https:\/\/api.w.org\/{rel}","templated":true}]}}