{"id":22,"date":"2024-10-18T09:08:40","date_gmt":"2024-10-18T06:08:40","guid":{"rendered":"https:\/\/blog.edu.turku.fi\/koululiikunta\/?page_id=22"},"modified":"2025-10-16T12:58:07","modified_gmt":"2025-10-16T09:58:07","slug":"koulujen-pihakartat","status":"publish","type":"page","link":"https:\/\/blog.edu.turku.fi\/koululiikunta\/koulujen-pihakartat\/","title":{"rendered":"Koulujen pihakartat"},"content":{"rendered":"\n<div class=\"wp-block-columns is-layout-flex wp-container-core-columns-is-layout-9d6595d7 wp-block-columns-is-layout-flex\">\n<div class=\"wp-block-column is-layout-flow wp-block-column-is-layout-flow\" style=\"flex-basis:100%\"><\/div>\n<\/div>\n\n\n\n<p><a href=\"https:\/\/blog.edu.turku.fi\/koululiikunta\/files\/2024\/12\/aunela_syksy2021.pdf\">Aunelan koulu <\/a><\/p>\n\n\n\n<p><a href=\"https:\/\/blog.edu.turku.fi\/koululiikunta\/files\/2024\/10\/puola-cygnaeus_puolalanmaki_2020-3.pdf\">Puolala-Cygnaeus (puolalanpuisto)<\/a><\/p>\n\n\n\n<p><a href=\"https:\/\/blog.edu.turku.fi\/koululiikunta\/files\/2024\/10\/16_luolavuoren_koulun_pihakartta.pdf\">Luolavuoren koulu<\/a><\/p>\n\n\n\n<p><a href=\"https:\/\/blog.edu.turku.fi\/move\/files\/2025\/09\/Nummenpakankoulupihakartta2025.pdf\">Nummenpakka ja Katariina (p\u00e4ivitetty 2025)<\/a><\/p>\n\n\n\n<p><a href=\"https:\/\/blog.edu.turku.fi\/koululiikunta\/files\/2024\/12\/pihakarttamoisionkoulu2023.pdf\">Moision koulu 2023<\/a><\/p>\n\n\n\n<p><a href=\"https:\/\/blog.edu.turku.fi\/koululiikunta\/files\/2024\/12\/pihakarttahalistenkoulu2023_0.pdf\">Halisten koulu 2023<\/a><\/p>\n\n\n\n<p><a href=\"https:\/\/blog.edu.turku.fi\/koululiikunta\/files\/2024\/12\/hannunniitun_koulun_pihakartta_2020.pdf\">Hannunniitun koulu 2020<\/a><\/p>\n\n\n\n<p><a href=\"https:\/\/blog.edu.turku.fi\/koululiikunta\/files\/2024\/12\/hannunniitun_koulun_kohmon_yksikon_pihakartta.pdf\">Hannunniitun koulu kohmon yksikk\u00f6<\/a><\/p>\n\n\n\n<p><a href=\"https:\/\/blog.edu.turku.fi\/koululiikunta\/files\/2024\/12\/haarla_pihakartta_2017.pdf\">Haarlan koulu 2017<\/a><\/p>\n\n\n\n<p><a href=\"https:\/\/blog.edu.turku.fi\/koululiikunta\/files\/2024\/12\/pihakarttahepokullankoulu2023.pdf\">Hepokullan koulu 2023<\/a><\/p>\n\n\n\n<p><a href=\"https:\/\/blog.edu.turku.fi\/koululiikunta\/files\/2024\/12\/ilpoisten_koulu_pihakartta.pdf\">Ilpoisten koulu<\/a><\/p>\n\n\n\n<p><a href=\"https:\/\/blog.edu.turku.fi\/koululiikunta\/files\/2024\/12\/karsamaen_yksikko_sykys_2021.pdf\">K\u00e4rs\u00e4m\u00e4en yksikk\u00f6 2021<\/a><\/p>\n\n\n\n<p><a href=\"https:\/\/blog.edu.turku.fi\/koululiikunta\/files\/2024\/12\/pihakartta_kaharin_koulu_2012.pdf\">K\u00e4h\u00e4rin koulu 2021<\/a><\/p>\n\n\n\n<p><a href=\"https:\/\/blog.edu.turku.fi\/koululiikunta\/files\/2024\/11\/Sirkkala2024.pdf\">Sirkkala Skola<\/a><\/p>\n\n\n\n<p><a href=\"https:\/\/blog.edu.turku.fi\/koululiikunta\/files\/2024\/11\/Tahkapuisto2024.pdf\">T\u00e4hk\u00e4puiston alue (Luolavuoren koulu)<\/a><\/p>\n\n\n\n<p><a href=\"https:\/\/blog.edu.turku.fi\/koululiikunta\/files\/2024\/11\/JakarlaKarsamaentie2024.pdf\">J\u00e4k\u00e4rl\u00e4n koulu (K\u00e4rs\u00e4m\u00e4entie)<\/a><\/p>\n\n\n\n<p><a href=\"https:\/\/blog.edu.turku.fi\/koululiikunta\/files\/2024\/12\/pihakartta_jakarlan_koulu_2019_paivitetty.pdf\">J\u00e4k\u00e4rl\u00e4n koulu 2019<\/a><\/p>\n\n\n\n<p><a href=\"https:\/\/blog.edu.turku.fi\/koululiikunta\/files\/2024\/11\/Lauste2024.pdf\">Lausteen koulu<\/a><\/p>\n\n\n\n<p><a href=\"https:\/\/blog.edu.turku.fi\/koululiikunta\/files\/2024\/12\/lyseon_koulu_2020.pdf\">Lyseon koulu 2020<\/a><\/p>\n\n\n\n<p><a href=\"https:\/\/blog.edu.turku.fi\/koululiikunta\/files\/2024\/12\/pihakartta_normaalikoulu_2019.pdf\">Normaali koulu 2019<\/a><\/p>\n\n\n\n<p><a href=\"https:\/\/blog.edu.turku.fi\/koululiikunta\/files\/2024\/12\/martin_koulu_2020.pdf\">Martin koulu 2020<\/a><\/p>\n\n\n\n<p><a href=\"https:\/\/blog.edu.turku.fi\/koululiikunta\/files\/2024\/12\/pihakartta_pallivahan_koulu_2019.pdf\">Pallivahan koulu 2019<\/a><\/p>\n\n\n\n<p><a href=\"https:\/\/blog.edu.turku.fi\/koululiikunta\/files\/2024\/12\/pihakarttapansionkoulu2023.pdf\">Pansion koulu 2023<\/a><\/p>\n\n\n\n<p><a href=\"https:\/\/blog.edu.turku.fi\/koululiikunta\/files\/2024\/12\/pihakartta_paattisten_koulu_2013.pdf\">Paattisten koulu 2013<\/a><\/p>\n\n\n\n<p><a href=\"https:\/\/blog.edu.turku.fi\/move\/files\/2025\/10\/PihakarttaPaaskyvuorenkoulu2025.pdf\">P\u00e4\u00e4skyvuoren koulu uusi 2025<\/a><\/p>\n\n\n\n<p><a href=\"https:\/\/blog.edu.turku.fi\/koululiikunta\/files\/2024\/12\/pihakartta_paaskyvuoren_koulu.pdf\">P\u00e4\u00e4skyvuoren koulu<\/a><\/p>\n\n\n\n<p><a href=\"https:\/\/blog.edu.turku.fi\/koululiikunta\/files\/2024\/12\/pihakarttaraunistulankoulu2023.pdf\">Raunistulan koulu 2023<\/a><\/p>\n\n\n\n<p><a href=\"https:\/\/blog.edu.turku.fi\/koululiikunta\/files\/2024\/11\/Suikkila2024.pdf\">Suikkilan koulu<\/a><\/p>\n\n\n\n<p><a href=\"https:\/\/blog.edu.turku.fi\/koululiikunta\/files\/2024\/12\/syvalahden_koulun_pihakartta.pdf\">Syv\u00e4lahden koulu<\/a><\/p>\n\n\n\n<p><a href=\"https:\/\/blog.edu.turku.fi\/koululiikunta\/files\/2024\/12\/pihakarttatopelius_korjattu_versio.pdf\">Topeliuksen koulu<\/a><\/p>\n\n\n\n<p><a href=\"https:\/\/blog.edu.turku.fi\/koululiikunta\/files\/2024\/12\/terasrautelan_koulun_pihakartta_2017.pdf\">Ter\u00e4srautelan koulu 2017<\/a><\/p>\n\n\n\n<p><a href=\"https:\/\/blog.edu.turku.fi\/koululiikunta\/files\/2024\/12\/uittamon_koulun_pihakartta_2016.pdf\">Uittamon koulu 2016<\/a><\/p>\n\n\n\n<p><a href=\"https:\/\/blog.edu.turku.fi\/koululiikunta\/files\/2024\/12\/vasaramaen_koulun_pihakartta.pdf\">Vasaram\u00e4en koulu<\/a><\/p>\n\n\n\n<p><a href=\"https:\/\/blog.edu.turku.fi\/koululiikunta\/files\/2024\/12\/pihakarttavarissuonkoulu2021.pdf\">Varissuon koulu 2021<\/a><\/p>\n\n\n\n<p><a href=\"https:\/\/blog.edu.turku.fi\/koululiikunta\/files\/2024\/12\/16_vaha-heikkilan_koulun_pihakartta.pdf\">V\u00e4h\u00e4-Heikkil\u00e4n koulu<\/a><\/p>\n\n\n\n<p><a href=\"https:\/\/blog.edu.turku.fi\/koululiikunta\/files\/2024\/12\/yli-maarian_koulun_pihakartta_2019_0.pdf\">Yli-Maarian koulu 2019<\/a><\/p>\n\n\n\n<p><a href=\"https:\/\/blog.edu.turku.fi\/koululiikunta\/files\/2024\/12\/WainoAaltonenPihakartta1500.pdf\">W\u00e4in\u00f6 Aaltosen koulu,1500, 2024<\/a><\/p>\n\n\n\n<p><a href=\"https:\/\/blog.edu.turku.fi\/koululiikunta\/files\/2024\/12\/WainoAaltonenPihakartta2000.pdf\">W\u00e4in\u00f6 Aaltosen koulu, 2000, 2024<\/a><\/p>\n\n\n\n<p><\/p>\n","protected":false},"excerpt":{"rendered":"<p>Aunelan koulu Puolala-Cygnaeus (puolalanpuisto) Luolavuoren koulu Nummenpakka ja Katariina (p\u00e4ivitetty 2025) Moision koulu 2023 Halisten koulu 2023 Hannunniitun koulu 2020 Hannunniitun koulu kohmon yksikk\u00f6 Haarlan koulu 2017 Hepokullan koulu 2023 Ilpoisten koulu K\u00e4rs\u00e4m\u00e4en yksikk\u00f6 2021 K\u00e4h\u00e4rin koulu 2021 Sirkkala Skola T\u00e4hk\u00e4puiston alue (Luolavuoren koulu) J\u00e4k\u00e4rl\u00e4n koulu (K\u00e4rs\u00e4m\u00e4entie) J\u00e4k\u00e4rl\u00e4n koulu 2019 Lausteen koulu Lyseon koulu 2020 &hellip; <a href=\"https:\/\/blog.edu.turku.fi\/koululiikunta\/koulujen-pihakartat\/\" class=\"more-link\">Jatka lukemista<span class=\"screen-reader-text\"> &#8221;Koulujen pihakartat&#8221;<\/span><\/a><\/p>\n","protected":false},"author":3349,"featured_media":0,"parent":0,"menu_order":0,"comment_status":"closed","ping_status":"closed","template":"","meta":{"footnotes":""},"class_list":["post-22","page","type-page","status-publish","hentry"],"_links":{"self":[{"href":"https:\/\/blog.edu.turku.fi\/koululiikunta\/wp-json\/wp\/v2\/pages\/22","targetHints":{"allow":["GET"]}}],"collection":[{"href":"https:\/\/blog.edu.turku.fi\/koululiikunta\/wp-json\/wp\/v2\/pages"}],"about":[{"href":"https:\/\/blog.edu.turku.fi\/koululiikunta\/wp-json\/wp\/v2\/types\/page"}],"author":[{"embeddable":true,"href":"https:\/\/blog.edu.turku.fi\/koululiikunta\/wp-json\/wp\/v2\/users\/3349"}],"replies":[{"embeddable":true,"href":"https:\/\/blog.edu.turku.fi\/koululiikunta\/wp-json\/wp\/v2\/comments?post=22"}],"version-history":[{"count":40,"href":"https:\/\/blog.edu.turku.fi\/koululiikunta\/wp-json\/wp\/v2\/pages\/22\/revisions"}],"predecessor-version":[{"id":646,"href":"https:\/\/blog.edu.turku.fi\/koululiikunta\/wp-json\/wp\/v2\/pages\/22\/revisions\/646"}],"wp:attachment":[{"href":"https:\/\/blog.edu.turku.fi\/koululiikunta\/wp-json\/wp\/v2\/media?parent=22"}],"curies":[{"name":"wp","href":"https:\/\/api.w.org\/{rel}","templated":true}]}}