{"id":87,"date":"2025-01-04T15:14:18","date_gmt":"2025-01-04T13:14:18","guid":{"rendered":"https:\/\/blog.edu.turku.fi\/klassillinen\/?page_id=87"},"modified":"2025-01-16T10:57:46","modified_gmt":"2025-01-16T08:57:46","slug":"opiskelun-tuki","status":"publish","type":"page","link":"https:\/\/blog.edu.turku.fi\/klassillinen\/opiskelijalle\/opiskelun-tuki\/","title":{"rendered":"Opiskelun tuki"},"content":{"rendered":"<p><a href=\"https:\/\/blog.edu.turku.fi\/ohjaus-ja-tuki-lukioissa\/fi\/\">Opiskelun tuki<\/a><\/p>\n<p>Lukiossa opiskelija vastaa itse opiskelustaan ja sen etenemisest\u00e4. Ongelmia ei kuitenkaan tarvitse kantaa yksin vaan asiasta kannattaa mahdollisimman aikaisessa vaiheessa keskustella ryhm\u00e4nohjaajan, opinto-ohjaajan, terveydenhoitajan, kuraattorin, opintopsykologin, erityisopettajan tai rehtoreiden kanssa.<\/p>\n<p>Lukion opiskelijahuollon tarkoituksena on luoda turvallinen ja terve opiskeluymp\u00e4rist\u00f6 sek\u00e4 edist\u00e4\u00e4 opiskelijoiden hyvinvointia ja opintojen sujuvaa etenemist\u00e4. Tavoitteena on puuttua opiskelijoiden opiskeluvaikeuksiin, poissaoloihin ja muihin opintoja hankaloittaviin ongelmiin mahdollisimman varhaisessa vaiheessa.<\/p>\n<p>Ennaltaehk\u00e4isev\u00e4\u00e4n opiskelijahuoltoty\u00f6h\u00f6n osallistuvat kaikki opiskeluyhteis\u00f6ss\u00e4 ty\u00f6skentelev\u00e4t ja sit\u00e4 koordinoi lukion opiskelijahuoltoryhm\u00e4. Turun klassillisen lukion opiskelijahuoltoryhm\u00e4\u00e4n kuuluvat lukion apulaisrehtori, opinto-ohjaajat, terveydenhoitaja, kuraattori, opintopsykologi, erityisopettaja sek\u00e4 opettaja-, opiskelija- ja huoltajaj\u00e4sen. Lis\u00e4\u00e4 tietoa l\u00f6yd\u00e4t mm. Turun kaupungin <a href=\"http:\/\/www.turku.fi\/paivahoito-ja-koulutus\/lukiokoulutus\/opiskelijan-terveys-ja-hyvinvointi\">opiskeluhuollon k\u00e4sikirjasta<\/a>.<\/p>\n<p>Yksitt\u00e4isen opiskelijan asioita k\u00e4sitell\u00e4\u00e4n pedagogisen tuen kokouksessa, johon opiskelija itse ja h\u00e4nen huoltajansa on kutsuttu.<\/p>\n","protected":false},"excerpt":{"rendered":"<p>Opiskelun tuki Lukiossa opiskelija vastaa itse opiskelustaan ja sen etenemisest\u00e4. Ongelmia ei kuitenkaan tarvitse kantaa yksin vaan asiasta kannattaa mahdollisimman &hellip; <\/p>\n","protected":false},"author":1368,"featured_media":0,"parent":11,"menu_order":1,"comment_status":"closed","ping_status":"closed","template":"","meta":{"footnotes":""},"class_list":["post-87","page","type-page","status-publish","hentry"],"_links":{"self":[{"href":"https:\/\/blog.edu.turku.fi\/klassillinen\/wp-json\/wp\/v2\/pages\/87","targetHints":{"allow":["GET"]}}],"collection":[{"href":"https:\/\/blog.edu.turku.fi\/klassillinen\/wp-json\/wp\/v2\/pages"}],"about":[{"href":"https:\/\/blog.edu.turku.fi\/klassillinen\/wp-json\/wp\/v2\/types\/page"}],"author":[{"embeddable":true,"href":"https:\/\/blog.edu.turku.fi\/klassillinen\/wp-json\/wp\/v2\/users\/1368"}],"replies":[{"embeddable":true,"href":"https:\/\/blog.edu.turku.fi\/klassillinen\/wp-json\/wp\/v2\/comments?post=87"}],"version-history":[{"count":7,"href":"https:\/\/blog.edu.turku.fi\/klassillinen\/wp-json\/wp\/v2\/pages\/87\/revisions"}],"predecessor-version":[{"id":1809,"href":"https:\/\/blog.edu.turku.fi\/klassillinen\/wp-json\/wp\/v2\/pages\/87\/revisions\/1809"}],"up":[{"embeddable":true,"href":"https:\/\/blog.edu.turku.fi\/klassillinen\/wp-json\/wp\/v2\/pages\/11"}],"wp:attachment":[{"href":"https:\/\/blog.edu.turku.fi\/klassillinen\/wp-json\/wp\/v2\/media?parent=87"}],"curies":[{"name":"wp","href":"https:\/\/api.w.org\/{rel}","templated":true}]}}