{"id":620,"date":"2023-05-25T11:44:22","date_gmt":"2023-05-25T08:44:22","guid":{"rendered":"https:\/\/blog.edu.turku.fi\/kiinamylly\/?page_id=620"},"modified":"2023-05-25T11:44:22","modified_gmt":"2023-05-25T08:44:22","slug":"oppilaaksiottoprosessi","status":"publish","type":"page","link":"https:\/\/blog.edu.turku.fi\/kiinamylly\/oppilaaksiottoprosessi\/","title":{"rendered":"Oppilaaksiottoprosessi"},"content":{"rendered":"<p>Kiinamyllyn koulun avo-oppilaspaikan hakeminen tapahtuu konsultaation kautta. Avo-oppilaspaikka jaksolle kiinamyllyn kouluun edellytt\u00e4\u00e4 erikoissairaanhoidon kontaktia.<\/p>\n<p>Yhteydenoton Kiinamyllyn koulun konsultoiviin opettajiin voi tehd\u00e4 huoltaja, koulu, hoidon edustaja.<\/p>\n<p>&nbsp;<\/p>\n<p><a href=\"https:\/\/blog.edu.turku.fi\/kiinamylly\/files\/2023\/05\/oppilaaksiottoprosessi.jpg\"><img loading=\"lazy\" decoding=\"async\" class=\"alignnone size-full wp-image-623\" src=\"https:\/\/blog.edu.turku.fi\/kiinamylly\/files\/2023\/05\/oppilaaksiottoprosessi.jpg\" alt=\"\" width=\"1024\" height=\"504\" srcset=\"https:\/\/blog.edu.turku.fi\/kiinamylly\/files\/2023\/05\/oppilaaksiottoprosessi.jpg 1024w, https:\/\/blog.edu.turku.fi\/kiinamylly\/files\/2023\/05\/oppilaaksiottoprosessi-300x148.jpg 300w\" sizes=\"auto, (max-width: 709px) 85vw, (max-width: 909px) 67vw, (max-width: 1362px) 62vw, 840px\" \/><\/a><\/p>\n","protected":false},"excerpt":{"rendered":"<p>Kiinamyllyn koulun avo-oppilaspaikan hakeminen tapahtuu konsultaation kautta. Avo-oppilaspaikka jaksolle kiinamyllyn kouluun edellytt\u00e4\u00e4 erikoissairaanhoidon kontaktia. Yhteydenoton Kiinamyllyn koulun konsultoiviin opettajiin voi tehd\u00e4 huoltaja, koulu, hoidon edustaja. &nbsp;<\/p>\n","protected":false},"author":1671,"featured_media":0,"parent":0,"menu_order":0,"comment_status":"closed","ping_status":"closed","template":"","meta":{"footnotes":""},"class_list":["post-620","page","type-page","status-publish","hentry"],"_links":{"self":[{"href":"https:\/\/blog.edu.turku.fi\/kiinamylly\/wp-json\/wp\/v2\/pages\/620","targetHints":{"allow":["GET"]}}],"collection":[{"href":"https:\/\/blog.edu.turku.fi\/kiinamylly\/wp-json\/wp\/v2\/pages"}],"about":[{"href":"https:\/\/blog.edu.turku.fi\/kiinamylly\/wp-json\/wp\/v2\/types\/page"}],"author":[{"embeddable":true,"href":"https:\/\/blog.edu.turku.fi\/kiinamylly\/wp-json\/wp\/v2\/users\/1671"}],"replies":[{"embeddable":true,"href":"https:\/\/blog.edu.turku.fi\/kiinamylly\/wp-json\/wp\/v2\/comments?post=620"}],"version-history":[{"count":3,"href":"https:\/\/blog.edu.turku.fi\/kiinamylly\/wp-json\/wp\/v2\/pages\/620\/revisions"}],"predecessor-version":[{"id":626,"href":"https:\/\/blog.edu.turku.fi\/kiinamylly\/wp-json\/wp\/v2\/pages\/620\/revisions\/626"}],"wp:attachment":[{"href":"https:\/\/blog.edu.turku.fi\/kiinamylly\/wp-json\/wp\/v2\/media?parent=620"}],"curies":[{"name":"wp","href":"https:\/\/api.w.org\/{rel}","templated":true}]}}