{"id":788,"date":"2018-06-06T11:07:17","date_gmt":"2018-06-06T08:07:17","guid":{"rendered":"https:\/\/blog.edu.turku.fi\/kielivirta\/?page_id=788"},"modified":"2023-01-18T11:16:46","modified_gmt":"2023-01-18T09:16:46","slug":"tapahtumia","status":"publish","type":"page","link":"https:\/\/blog.edu.turku.fi\/kielivirta\/?page_id=788","title":{"rendered":"Tapahtumat ja koulutukset"},"content":{"rendered":"<p><strong>Syksy 2022<\/strong><\/p>\n<p><strong>26.9.2022\u00a0 klo 8-16 Verkostoitumisp\u00e4iv\u00e4 ja koulutus\u00a0<\/strong>ilmoittautumistiedot s-postissa<\/p>\n<ul>\n<li><strong><b>Digitaaliset oppimispelit kielten opetuksessa<\/b><\/strong> kouluttajana Elina Luoma (enkku-Elina)<\/li>\n<li><strong>Ajankohtaiset KV-asiat\u00a0<\/strong>Helena Mikkola<\/li>\n<li>\u00a0<b>Kieliluokkien nykytilanne ja jatkumo, erikoisluokkaselvitys Turussa\u00a0<\/b><\/li>\n<li><b>Kielellisesti vastuullinen kielten opetus<\/b>\u00a0Jenni Alisaari (erikoistutkija, PhD)<\/li>\n<\/ul>\n<p><strong>26.9.2022\u00a0 klo 14-16 Kieliluokkaopettajien ja kielten opettajien yhteinen iltap\u00e4iv\u00e4 <\/strong>ilmoittautumistiedot s-postissa<\/p>\n<p><strong>3.11. 2022\u00a0 Loppubuuttaus, Kielivirta-hankkeen loppuarviointi ja tulevan suunnittelu <\/strong>ilmoittautumistiedot s-postissa<\/p>\n<p><strong>Hanke p\u00e4\u00e4ttyy<\/strong><\/p>\n<p><strong>Kev\u00e4t 2022\u00a0<\/strong><\/p>\n<p><strong>Loppubuuttaus 9.5.2022 Kielivirta-hankkeen loppuarviointi Boressa (PERUUTETTU lakon vuoksi)<\/strong><\/p>\n<p><strong>14.3.2022 klo 9-14 Oppilasopas-koulutus Boressa<\/strong><\/p>\n<p>koulutus kieliluokkien opettajille ja oppilaille<\/p>\n<p>ilmoittautuminen s-postissa<\/p>\n<p>&nbsp;<\/p>\n<p><strong>Kev\u00e4t 2021<\/strong><\/p>\n<p><b><span lang=\"FI\">3.3. klo 13.15-15<\/span><\/b> Oppilasopas (Kieliagentti) koulutus\u00a0 (Teams) Ilmoittautuminen SAP:ssa 28.2. menness\u00e4.<\/p>\n<figure id=\"attachment_1101\" aria-describedby=\"caption-attachment-1101\" style=\"width: 300px\" class=\"wp-caption alignnone\"><img loading=\"lazy\" decoding=\"async\" class=\"size-medium wp-image-1101\" src=\"https:\/\/blog.edu.turku.fi\/kielivirta\/files\/2021\/04\/oppilasopas_ranska_logo_300dpi-300x96.png\" alt=\"\" width=\"300\" height=\"96\" srcset=\"https:\/\/blog.edu.turku.fi\/kielivirta\/files\/2021\/04\/oppilasopas_ranska_logo_300dpi-300x96.png 300w, https:\/\/blog.edu.turku.fi\/kielivirta\/files\/2021\/04\/oppilasopas_ranska_logo_300dpi-200x64.png 200w, https:\/\/blog.edu.turku.fi\/kielivirta\/files\/2021\/04\/oppilasopas_ranska_logo_300dpi-1024x327.png 1024w, https:\/\/blog.edu.turku.fi\/kielivirta\/files\/2021\/04\/oppilasopas_ranska_logo_300dpi.png 1120w\" sizes=\"auto, (max-width: 300px) 100vw, 300px\" \/><figcaption id=\"caption-attachment-1101\" class=\"wp-caption-text\">logo ranskaksi<\/figcaption><\/figure>\n<p><strong>9.4. klo 13-16 STEPS-seminaari verkossa <\/strong>ilmoittautuminen tullut s-postissa.<\/p>\n<p><strong>21.4.2021 klo 13.15<\/strong> oppilasopas kokous teamsissa. Laitan linkin s-postissa.<\/p>\n<p><strong>9.5. Eurooppa-p\u00e4iv\u00e4 <\/strong>ohjelmaa suunniteltu kouluissa ja Seppo-peli yl\u00e4koululaisille.<\/p>\n<p><b><span lang=\"FI\">24.5. klo 14-16 <\/span><\/b><span lang=\"FI\">Afrikan t\u00e4hti opetuksessa. Ulkona pelattava pedagoginen peli on hieno muunnos peliklassikosta. Ilmoittautuminen SAP:ssa 17.5.. menness\u00e4, Naantali ja Raisio ilmoittautuvat Pikelle. <a href=\"https:\/\/forms.office.com\/Pages\/ResponsePage.aspx?id=A3yf5VlXsEavJ3rc4HcBgRPWnnwO3T1DiZcHQ21QN21UMU1USlJFWDI0MDQ0RkxTMUxZOUpTN0I1Qy4u\">V\u00e4lipalatarjoilu (ilmoittaudu)<\/a>. Kokoontuminen Kupittaan Paviljongin vieress\u00e4. S\u00e4\u00e4n mukainen pukeutuminen.<\/span><\/p>\n<p><strong>Linjakohtaiset kokoukset Koronan takia omissa yksik\u00f6iss\u00e4<\/strong><\/p>\n<p><strong>Syksy 2020<\/strong><\/p>\n<p><strong>1.10. Verkostoitumisp\u00e4iv\u00e4 TEAMS:s\u00e4 klo 9-14, koulutus: Nina Maunu Toiminnallinen kielenoppiminen<\/strong><\/p>\n<p>Turku: ilmoittautuminen SAP:ssa 28.9. menness\u00e4<\/p>\n<p>Naantali ja Raisio 28.9. menness\u00e4 t\u00e4st\u00e4<\/p>\n<p><strong>Kieliagentit koulutus 18.11. 2020 klo 14.15-15.45 TEAMS:ssa <\/strong><\/p>\n<p>kouluttaja <strong>Anita Zenger<\/strong>.\u00a0 Ilmoittautuminen SAP:ssa 16.11. menness\u00e4, Naantali ja Raisio ilmoittautuvat koordinaattorille<strong><br \/>\n<\/strong><\/p>\n<p><strong>Kev\u00e4t 2020<\/strong><\/p>\n<p><strong>4.2. Arviointiryhm\u00e4 Bore klo 14.30-16<\/strong><\/p>\n<p><strong>6.2. Kielikarnevaali 3. luokkien oppilaille Kupittaan Urheiluhallissa<\/strong><\/p>\n<p><strong>26.-27.3. STEPS-p\u00e4iv\u00e4t Lahdessa, peruutettu<\/strong><\/p>\n<p>&nbsp;<\/p>\n<p><strong>2.4.2020 verkostoitumisp\u00e4iv\u00e4 yhdysopettajille klo 8.30-14 PERUUTETTU<br \/>\n<\/strong><\/p>\n<p><strong>Datacity: Kippo-Piletti<\/strong><\/p>\n<p>Aiheena\u00a0 digivinkit, toiminnan koonti, arviointi ym.<\/p>\n<p>Turku: Ilmoittaudu SAP:ssa,<\/p>\n<p>Naantali&amp; Raisio:<\/p>\n<p>Toiminnan loppukoonti verkostoitumisp\u00e4iv\u00e4ss\u00e4 tai t\u00e4h\u00e4n p\u00e4iv\u00e4\u00e4n menness\u00e4.<\/p>\n<p>&nbsp;<\/p>\n<p><strong>8.4.2020 Hehkua hankkeisiin \u2013 kaksikielisen opetuksen kehitt\u00e4misen verkostoseminaari Porvoossa PERUUTETTU<br \/>\n<\/strong><\/p>\n<p><strong>7.5. 2020 Toiminnallinen arviointi klo 13-16 <\/strong><strong>kouluttaja Nina Maunu PERUUTETTU<\/strong><\/p>\n<p><strong>paikka: Turun Normaalikoulu, <\/strong><strong>mahdollisuus tutustumiskierrokseen Turun Normaalikoulussa. Ilmoittautuminen 27.4. menness\u00e4<br \/>\n<\/strong><\/p>\n<p><strong>\u00a014.5. klo 14.30-17 Kielivirran loppubuuttaus Mex-Mex:ss\u00e4. Pukeutuminen Fiesta-henkisesti (maan\/kulttuurin saat valita itse) Ilmoittautuminen 6.5. menness\u00e4 t\u00e4st\u00e4 PERUUTETTU <\/strong><\/p>\n<p><strong>Syksy 2019<\/strong><\/p>\n<p><strong>5.9. 2019 syksyn tapaaminen klo 14-16 Martin koulussa.<\/strong><\/p>\n<p><strong>7.10.2019 Verkostoitumisp\u00e4iv\u00e4 ja ty\u00f6paja klo 8.30-15.00<\/strong> Villa Marjaniemi<\/p>\n<p><strong>10.10.2019 yl\u00e4koulun aineenopettajien opettajien pedagoginen iltap\u00e4iv\u00e4 klo 13-15.30<\/strong> <strong>Laivahostel Boressa<\/strong> (Linnankatu 72, Turku).<\/p>\n<p><strong>12.11.2019 Kieliluokkien yhteinen arviointity\u00f6paja Boressa, klo 14.30-16.30 <\/strong><\/p>\n<p><strong>4.12. 2019 Christmas Afternoon tea-party <\/strong>Cafe Qwenseliss\u00e4 (L\u00e4ntinen Rantakatu 13 B). Jouluiset vinkit ja lukuvuoden kuulumiset.<\/p>\n<div id=\"ilwpyrw4\" class=\"txtNew\" data-packed=\"true\"><\/div>\n<div id=\"comp-jhkf1jjb\" class=\"txtNew\" data-packed=\"true\">\n<p class=\"font_8\">\n<\/div>\n<p>&nbsp;<\/p>\n<p><strong>Kev\u00e4t 2019<\/strong><\/p>\n<p><strong>Ty\u00f6paja toiminnan suunnitteluun 17.1.2019<\/strong><\/p>\n<p>Ruissalon kylpyl\u00e4 klo 9-15.<\/p>\n<p><strong>6.2.2019 klo 8.30-15 Verkostotapaaminen Data City Auditorio.<\/strong><\/p>\n<p><strong>Katso my\u00f6s\u00a0 pedagogiset iltap\u00e4iv\u00e4t ja koulutukset <a href=\"https:\/\/blog.edu.turku.fi\/kieko\/taydennyskoulutukset\/\">Kieko<\/a>:n blogista <\/strong><\/p>\n<p>&nbsp;<\/p>\n<p><strong>Kielivirta vie -Erasmushankkeen infotilaisuus ti 12.3.2019<br \/>\n<\/strong><\/p>\n<p>klo 15.15. Puolalan koulun Torninkadun koulurakennus (Torninkatu 4).<\/p>\n<p>Kielivirta vie-koulutuksessa mukana olevat opettajat, jotka l\u00e4htev\u00e4t Erasmus-vaihtoon. Kysymykset Annille (anni.lintuaho (at) turku.fi)<\/p>\n<p>&nbsp;<\/p>\n<p><strong>Kielikarnevaalisuunnittelu<\/strong><\/p>\n<p>to 14.3.2019 klo 14.30-15.30 alakoulun karnevaalitiimi Boressa, Regina-kabinetti<\/p>\n<p>to 4.4.2019\u00a0 (Datacity Lemmink\u00e4isenkatu) klo 8-14\u00a0 alakoulun karnevaalitiimi; klo 14.30- 16 yl\u00e4koulun tiimi, klo 16-17.30 yliopisto-opiskelijat<\/p>\n<p><strong>\u00a0<\/strong><\/p>\n<p><strong>Peppu irti penkist\u00e4-menetelm\u00e4ll\u00e4 iloa kielen oppimiseen\u00a0 koulutus 13.3.2019 KOULUTUS ON T\u00c4YNN\u00c4<br \/>\n<\/strong><\/p>\n<p>kouluttajana Digihiki ja Peppu irti penkist\u00e4 kirjojen kirjoittaja Sari Salo.<\/p>\n<p>13.3.2019 klo 12.30-15.30 Bore, Baltic sali, ilmoittautuminen SAPhr (turku), muut Pikelle. Kahvitarjoilua varten ilmoittaudu viel\u00e4<a href=\"https:\/\/forms.office.com\/Pages\/ResponsePage.aspx?id=A3yf5VlXsEavJ3rc4HcBgRPWnnwO3T1DiZcHQ21QN21UOFdMRktaUlE2SDdDTkxaUzhTM0Y5UDE1NC4u\"> t\u00e4st\u00e4.<\/a><\/p>\n<p>&nbsp;<\/p>\n<p>&nbsp;<\/p>\n<p>&nbsp;<\/p>\n<p>&#8230;&#8230;&#8230;&#8230;&#8230;&#8230;&#8230;&#8230;&#8230;&#8230;&#8230;&#8230;&#8230;&#8230;&#8230;&#8230;&#8230;&#8230;&#8230;&#8230;&#8230;&#8230;&#8230;&#8230;&#8230;&#8230;&#8230;&#8230;&#8230;&#8230;&#8230;&#8230;&#8230;&#8230;&#8230;&#8230;&#8230;&#8230;&#8230;&#8230;&#8230;&#8230;&#8230;&#8230;&#8230;&#8230;&#8230;&#8230;&#8230;&#8230;&#8230;&#8230;&#8230;&#8230;&#8230;&#8230;&#8230;<\/p>\n<p><strong>Syksy 2018<\/strong><\/p>\n<p>&nbsp;<\/p>\n<p>Vastuuopettajien syksyn tapaaminen <strong>23.8. 18 klo 14.30-16<\/strong> Bore-laivassa (Linnankatu 72).<\/p>\n<p><strong>Verkostoitumistapaaminen<\/strong> <strong>27.9.2018 klo 8.30-15<\/strong> Bore-laivassa. Jokaisesta koulusta toivotaan osallistuvan kielilinjoittain 2 ala- ja 2 yl\u00e4koulun opettajaa. Ilmoittautuminen SAP:n kautta, Naantali ja Raisio s\u00e4hk\u00f6postilla pikke.syrja-vaisanen (at) turku.fi<\/p>\n<p><strong>Ideanyytt\u00e4rit 8.10.2018 klo 14.15-16<\/strong> TOP-keskuksessa (Lemmink\u00e4isenkatu 32, 20520 TurkuTriviumCity, 7. kerros) <strong>Ilmoittautuminen\u00a0 (4.10. menness\u00e4)<br \/>\n<\/strong><\/p>\n<p><em>Digi-ideoita, k\u00e4yt\u00e4nteit\u00e4 ja sovelluksia (mm. Seppo, Flipgrid)<br \/>\n<\/em><\/p>\n<p><strong>Ideanyytt\u00e4rit 3.12.2018\u00a0<\/strong> Kahvila Fika\u00a0 klo 15.30-17 (Piispankatu 14, Turku) Kahvila on poikkeuksellisesti auki maanantaina meit\u00e4 varten.<\/p>\n<p>Ota osaa kilpailuun: Jaa jouluinen vinkkisi kielen ja kulttuurin opetukseen. Vinkki kirjoitetaan ilmoittautumisen yhteydess\u00e4.<\/p>\n<p>&nbsp;<\/p>\n<p><strong>\u00a0<\/strong><\/p>\n<p>&nbsp;<\/p>\n<p>&nbsp;<\/p>\n<p>&nbsp;<\/p>\n<p>&nbsp;<\/p>\n","protected":false},"excerpt":{"rendered":"<p>Syksy 2022 26.9.2022\u00a0 klo 8-16 Verkostoitumisp\u00e4iv\u00e4 ja koulutus\u00a0ilmoittautumistiedot s-postissa Digitaaliset oppimispelit kielten opetuksessa kouluttajana Elina Luoma (enkku-Elina) Ajankohtaiset KV-asiat\u00a0Helena Mikkola \u00a0Kieliluokkien nykytilanne ja jatkumo, erikoisluokkaselvitys Turussa\u00a0 Kielellisesti vastuullinen kielten opetus\u00a0Jenni Alisaari (erikoistutkija, PhD) 26.9.2022\u00a0 klo 14-16 Kieliluokkaopettajien ja kielten opettajien yhteinen iltap\u00e4iv\u00e4 ilmoittautumistiedot s-postissa 3.11. 2022\u00a0 Loppubuuttaus, Kielivirta-hankkeen loppuarviointi ja tulevan suunnittelu ilmoittautumistiedot s-postissa Hanke &hellip; <\/p>\n<p class=\"link-more\"><a href=\"https:\/\/blog.edu.turku.fi\/kielivirta\/?page_id=788\" class=\"more-link\">Jatka lukemista<span class=\"screen-reader-text\"> &#8221;Tapahtumat ja koulutukset&#8221;<\/span><\/a><\/p>\n","protected":false},"author":103,"featured_media":0,"parent":55,"menu_order":1,"comment_status":"closed","ping_status":"closed","template":"","meta":{"footnotes":""},"class_list":["post-788","page","type-page","status-publish","hentry"],"_links":{"self":[{"href":"https:\/\/blog.edu.turku.fi\/kielivirta\/index.php?rest_route=\/wp\/v2\/pages\/788","targetHints":{"allow":["GET"]}}],"collection":[{"href":"https:\/\/blog.edu.turku.fi\/kielivirta\/index.php?rest_route=\/wp\/v2\/pages"}],"about":[{"href":"https:\/\/blog.edu.turku.fi\/kielivirta\/index.php?rest_route=\/wp\/v2\/types\/page"}],"author":[{"embeddable":true,"href":"https:\/\/blog.edu.turku.fi\/kielivirta\/index.php?rest_route=\/wp\/v2\/users\/103"}],"replies":[{"embeddable":true,"href":"https:\/\/blog.edu.turku.fi\/kielivirta\/index.php?rest_route=%2Fwp%2Fv2%2Fcomments&post=788"}],"version-history":[{"count":53,"href":"https:\/\/blog.edu.turku.fi\/kielivirta\/index.php?rest_route=\/wp\/v2\/pages\/788\/revisions"}],"predecessor-version":[{"id":1124,"href":"https:\/\/blog.edu.turku.fi\/kielivirta\/index.php?rest_route=\/wp\/v2\/pages\/788\/revisions\/1124"}],"up":[{"embeddable":true,"href":"https:\/\/blog.edu.turku.fi\/kielivirta\/index.php?rest_route=\/wp\/v2\/pages\/55"}],"wp:attachment":[{"href":"https:\/\/blog.edu.turku.fi\/kielivirta\/index.php?rest_route=%2Fwp%2Fv2%2Fmedia&parent=788"}],"curies":[{"name":"wp","href":"https:\/\/api.w.org\/{rel}","templated":true}]}}