{"id":67,"date":"2016-10-10T09:04:01","date_gmt":"2016-10-10T06:04:01","guid":{"rendered":"https:\/\/blog.edu.turku.fi\/kielivirta\/?page_id=67"},"modified":"2023-01-18T13:13:54","modified_gmt":"2023-01-18T11:13:54","slug":"turun-kielivirta","status":"publish","type":"page","link":"https:\/\/blog.edu.turku.fi\/kielivirta\/","title":{"rendered":""},"content":{"rendered":"<p>&nbsp;<\/p>\n<p><iframe loading=\"lazy\" title=\"Kieliluokka, sijoitus lapsen tulevaisuuteen\" width=\"525\" height=\"295\" src=\"https:\/\/www.youtube.com\/embed\/ShJZMy6vbvE?feature=oembed\" frameborder=\"0\" allow=\"accelerometer; autoplay; clipboard-write; encrypted-media; gyroscope; picture-in-picture; web-share\" referrerpolicy=\"strict-origin-when-cross-origin\" allowfullscreen><\/iframe><\/p>\n<p><strong>Turun Kielivirta<\/strong> on Turun kieliluokkien toiminnan ja opetuksen kehitt\u00e4mishanke, jossa pyrit\u00e4\u00e4n parantamaan oppilaiden kohdekielist\u00e4 toimintaa, kielenopiskelumuotoja sek\u00e4 tarjoamaan opettajille t\u00e4ydennyskoulutusta ja mahdollisuus verkostoitua muiden kieliluokkien opettajien kanssa. J\u00e4rjestelm\u00e4llinen kieliluokkien kehitt\u00e4minen alkoi syksyst\u00e4 2016. Elokuusta 2018 toiminnassa mukana ovat Naantalin ja Raision kieliluokat. Kielivirta 4 hanke on toiminnassa vuoden 2022 loppuun.<\/p>\n<p><iframe loading=\"lazy\" title=\"Turun kaksikielinen opetus : kieliluokat\" width=\"525\" height=\"295\" src=\"https:\/\/www.youtube.com\/embed\/Zm2rQ9f8WRg?feature=oembed\" frameborder=\"0\" allow=\"accelerometer; autoplay; clipboard-write; encrypted-media; gyroscope; picture-in-picture; web-share\" referrerpolicy=\"strict-origin-when-cross-origin\" allowfullscreen><\/iframe><\/p>\n<h2>Turun kielivirtakoulut<\/h2>\n<ul>\n<li><a href=\"https:\/\/blog.edu.turku.fi\/wa\/\">W\u00e4in\u00f6 Aaltonen<\/a> &amp; <a href=\"https:\/\/blog.edu.turku.fi\/syvalahtiprojekti\/category\/koulu\/\">Syv\u00e4lahti<\/a>,\u00a0 englannin kieliluokat (Vastuuopettajat: Pia Juhola &amp; Satu K\u00e4hk\u00f6l\u00e4)<\/li>\n<li><a href=\"https:\/\/blog.edu.turku.fi\/vahaheikkila\/\">V\u00e4h\u00e4-Heikkil\u00e4<\/a> &amp;\u00a0<a href=\"https:\/\/blog.edu.turku.fi\/topelius\/\">Topelius<\/a>, ranskan kieliluokat (Vastuuopettajat: Hanna Julin &amp; Anniina Kapanen)<\/li>\n<li><a href=\"https:\/\/blog.edu.turku.fi\/martti\/\">Martti<\/a> &amp; <a href=\"https:\/\/blog.edu.turku.fi\/luostarivuori\/\">Luostarivuori<\/a>, ruotsin kielikylpyluokat (Vastuuopettajat: Petra Salminen &amp; Teija Jalanne)<\/li>\n<li><a href=\"https:\/\/blog.edu.turku.fi\/puolala\/\">Puolalan ala- ja yl\u00e4koulu<\/a>, englannin kieliluokat (Vastuuopettaja:\u00a0 Anne Lindholm)<\/li>\n<li><a href=\"https:\/\/blog.edu.turku.fi\/puolala\/\">Puolalan ala- ja yl\u00e4koulu<\/a>, ven\u00e4j\u00e4n kieliluokat (Vastuuopettaja: Galina Laakso)<\/li>\n<li><a href=\"https:\/\/blog.edu.turku.fi\/puolala\/\">Puolalan ala- ja yl\u00e4koulu<\/a>, saksan kieliluokat (Vastuuopettaja: Anke Michler-Janhunen)<\/li>\n<\/ul>\n<h2>Naantalin kielivirtakoulut<\/h2>\n<ul>\n<li><a href=\"http:\/\/www.naantali.fi\/opetus_ja_koulutus\/koulut\/kuparivuori\/\">Kuparivuori<\/a> ja <a href=\"http:\/\/www.naantali.fi\/opetus_ja_koulutus\/koulut\/maijamaki\/fi_FI\/etusivu\/\">Maijam\u00e4ki<\/a>, englannin kieliluokat (vastuuopettaja: Kristiina Bj\u00f6rkl\u00f6f)<\/li>\n<\/ul>\n<h2>Raision kielivirtakoulut<\/h2>\n<ul>\n<li><a href=\"http:\/\/www.raisio.fi\/palvelut-a-o\/opetus-ja-kasvatus\/koulut\/Ihalan-koulu\/fi_FI\/ihalan-koulu\/\">Ihala<\/a> ja <a href=\"http:\/\/www.raisio.fi\/palvelut-a-o\/opetus-ja-kasvatus\/koulut\/vaisaaren-koulu\/fi_FI\/vaisaaren-koulu\/\">Vaisaari<\/a>,\u00a0 englannin kieliluokat (vastuuopettaja: Pirjo Rajam\u00e4ki)<\/li>\n<\/ul>\n<p>&nbsp;<\/p>\n<p><iframe loading=\"lazy\" title=\"Kaksikielinen opetus Turussa\" width=\"525\" height=\"295\" src=\"https:\/\/www.youtube.com\/embed\/JqKozluAkVI?feature=oembed\" frameborder=\"0\" allow=\"accelerometer; autoplay; clipboard-write; encrypted-media; gyroscope; picture-in-picture; web-share\" referrerpolicy=\"strict-origin-when-cross-origin\" allowfullscreen><\/iframe><\/p>\n<p>&nbsp;<\/p>\n<div>\n<h2>Hankesuunnitelman mukaiset tavoitteet<\/h2>\n<ol>\n<li>Kieliluokkalaisten kielitaidon parantaminen sek\u00e4 kieliluokkaidentiteetin tukeminen<\/li>\n<li>Oppivan opettajaverkoston toiminnan jatkaminen ja kohdekielisten toimijoiden verkoston laajentaminen<\/li>\n<li>Kieliluokkaopetuksen k\u00e4yt\u00e4nteiden kehitt\u00e4minen ja jakaminen<\/li>\n<\/ol>\n<h2>Yhteystiedot<\/h2>\n<p>Pikke Syrj\u00e4-V\u00e4is\u00e4nen, hankekoordinaattori<\/p>\n<p>(etunimi.sukunimi@edu.turku.fi), p. 044 907 43 82<\/p>\n<p>Lis\u00e4tietoja Turun kaksikielisest\u00e4 opetuksesta l\u00f6yd\u00e4t <a href=\"http:\/\/www.turku.fi\/paivahoito-ja-koulutus\/perusopetus\/erikoisluokat\/kieliluokat\">Turun kaupungin<\/a>\u00a0kaksikielisen opetuksen sivuilta.<\/p>\n<\/div>\n","protected":false},"excerpt":{"rendered":"<p>&nbsp; Turun Kielivirta on Turun kieliluokkien toiminnan ja opetuksen kehitt\u00e4mishanke, jossa pyrit\u00e4\u00e4n parantamaan oppilaiden kohdekielist\u00e4 toimintaa, kielenopiskelumuotoja sek\u00e4 tarjoamaan opettajille t\u00e4ydennyskoulutusta ja mahdollisuus verkostoitua muiden kieliluokkien opettajien kanssa. J\u00e4rjestelm\u00e4llinen kieliluokkien kehitt\u00e4minen alkoi syksyst\u00e4 2016. Elokuusta 2018 toiminnassa mukana ovat Naantalin ja Raision kieliluokat. Kielivirta 4 hanke on toiminnassa vuoden 2022 loppuun. Turun kielivirtakoulut W\u00e4in\u00f6 Aaltonen &hellip; <\/p>\n<p class=\"link-more\"><a href=\"https:\/\/blog.edu.turku.fi\/kielivirta\/\" class=\"more-link\">Jatka lukemista<span class=\"screen-reader-text\"> &#8221;&#8221;<\/span><\/a><\/p>\n","protected":false},"author":161,"featured_media":0,"parent":0,"menu_order":0,"comment_status":"closed","ping_status":"closed","template":"","meta":{"footnotes":""},"class_list":["post-67","page","type-page","status-publish","hentry"],"_links":{"self":[{"href":"https:\/\/blog.edu.turku.fi\/kielivirta\/index.php?rest_route=\/wp\/v2\/pages\/67","targetHints":{"allow":["GET"]}}],"collection":[{"href":"https:\/\/blog.edu.turku.fi\/kielivirta\/index.php?rest_route=\/wp\/v2\/pages"}],"about":[{"href":"https:\/\/blog.edu.turku.fi\/kielivirta\/index.php?rest_route=\/wp\/v2\/types\/page"}],"author":[{"embeddable":true,"href":"https:\/\/blog.edu.turku.fi\/kielivirta\/index.php?rest_route=\/wp\/v2\/users\/161"}],"replies":[{"embeddable":true,"href":"https:\/\/blog.edu.turku.fi\/kielivirta\/index.php?rest_route=%2Fwp%2Fv2%2Fcomments&post=67"}],"version-history":[{"count":38,"href":"https:\/\/blog.edu.turku.fi\/kielivirta\/index.php?rest_route=\/wp\/v2\/pages\/67\/revisions"}],"predecessor-version":[{"id":1129,"href":"https:\/\/blog.edu.turku.fi\/kielivirta\/index.php?rest_route=\/wp\/v2\/pages\/67\/revisions\/1129"}],"wp:attachment":[{"href":"https:\/\/blog.edu.turku.fi\/kielivirta\/index.php?rest_route=%2Fwp%2Fv2%2Fmedia&parent=67"}],"curies":[{"name":"wp","href":"https:\/\/api.w.org\/{rel}","templated":true}]}}